{"id":1787,"date":"2013-03-19T15:58:22","date_gmt":"2013-03-19T18:58:22","guid":{"rendered":"https:\/\/www.infraestruturameioambiente.sp.gov.br\/institutoflorestal\/?page_id=1787"},"modified":"2015-01-29T15:42:44","modified_gmt":"2015-01-29T17:42:44","slug":"areas-protegidas","status":"publish","type":"page","link":"https:\/\/www.infraestruturameioambiente.sp.gov.br\/institutoflorestal\/areas-protegidas\/","title":{"rendered":"\u00c1reas Protegidas"},"content":{"rendered":"<p>O Instituto Florestal administra 10 Esta\u00e7\u00f5es Ecol\u00f3gicas, 1 Parque Estadual, 18 Esta\u00e7\u00f5es Experimentais, 2 Viveiros Florestais, 2 Hortos Florestais e 14 Florestas Estaduais (mais de 53 mil ha), al\u00e9m de apoiar a gest\u00e3o da Reserva da Biosfera do Cintur\u00e3o Verde da Cidade de S\u00e3o Paulo (Programa MaB-UNESCO).<\/p>\n<p>Est\u00e3o dispon\u00edveis, para download, o <a href=\"https:\/\/www.infraestruturameioambiente.sp.gov.br\/institutoflorestal\/wp-content\/uploads\/sites\/234\/2013\/03\/Mapa_Decretos_2015_IF.pdf\" target=\"_blank\">Mapa das \u00c1reas Protegidas do Instituto Florestal<\/a> e a <a href=\"https:\/\/www.infraestruturameioambiente.sp.gov.br\/institutoflorestal\/wp-content\/uploads\/sites\/234\/2013\/03\/\u00c1reas-Protegidas-IF.pdf\" target=\"_blank\">Lista das \u00c1reas Protegidas do IF<\/a>.<\/p>\n","protected":false},"excerpt":{"rendered":"<p>O Instituto Florestal administra 10 Esta\u00e7\u00f5es Ecol\u00f3gicas, 1 Parque Estadual, 18 Esta\u00e7\u00f5es Experimentais, 2 Viveiros Florestais, 2 Hortos Florestais e 14 Florestas Estaduais (mais de 53 mil ha), al\u00e9m de apoiar a gest\u00e3o da Reserva da Biosfera do Cintur\u00e3o Verde da Cidade de S\u00e3o Paulo (Programa MaB-UNESCO). Est\u00e3o dispon\u00edveis, para download, o Mapa das \u00c1reas [&hellip;]<\/p>\n","protected":false},"author":6,"featured_media":0,"parent":0,"menu_order":4,"comment_status":"closed","ping_status":"open","template":"","meta":[],"_links":{"self":[{"href":"https:\/\/www.infraestruturameioambiente.sp.gov.br\/institutoflorestal\/wp-json\/wp\/v2\/pages\/1787"}],"collection":[{"href":"https:\/\/www.infraestruturameioambiente.sp.gov.br\/institutoflorestal\/wp-json\/wp\/v2\/pages"}],"about":[{"href":"https:\/\/www.infraestruturameioambiente.sp.gov.br\/institutoflorestal\/wp-json\/wp\/v2\/types\/page"}],"author":[{"embeddable":true,"href":"https:\/\/www.infraestruturameioambiente.sp.gov.br\/institutoflorestal\/wp-json\/wp\/v2\/users\/6"}],"replies":[{"embeddable":true,"href":"https:\/\/www.infraestruturameioambiente.sp.gov.br\/institutoflorestal\/wp-json\/wp\/v2\/comments?post=1787"}],"version-history":[{"count":11,"href":"https:\/\/www.infraestruturameioambiente.sp.gov.br\/institutoflorestal\/wp-json\/wp\/v2\/pages\/1787\/revisions"}],"predecessor-version":[{"id":8724,"href":"https:\/\/www.infraestruturameioambiente.sp.gov.br\/institutoflorestal\/wp-json\/wp\/v2\/pages\/1787\/revisions\/8724"}],"wp:attachment":[{"href":"https:\/\/www.infraestruturameioambiente.sp.gov.br\/institutoflorestal\/wp-json\/wp\/v2\/media?parent=1787"}],"curies":[{"name":"wp","href":"https:\/\/api.w.org\/{rel}","templated":true}]}}