{"id":17493,"date":"2019-08-12T10:26:35","date_gmt":"2019-08-12T13:26:35","guid":{"rendered":"https:\/\/www.infraestruturameioambiente.sp.gov.br\/institutoflorestal\/?page_id=17493"},"modified":"2021-05-21T10:55:00","modified_gmt":"2021-05-21T13:55:00","slug":"if-serie-registros-no-57","status":"publish","type":"page","link":"https:\/\/www.infraestruturameioambiente.sp.gov.br\/institutoflorestal\/publicacoes-if\/if-serie-registros\/if-serie-registros-no-57\/","title":{"rendered":"IF S\u00e9rie Registros n\u00ba 57"},"content":{"rendered":"<p><strong>IF S\u00c9RIE REGISTROS N. 57, dez. 2019: <a href=\"https:\/\/smastr16.blob.core.windows.net\/iflorestal\/sites\/234\/2020\/04\/ifsr_57_completa.pdf\">Revista Completa<\/a><\/strong><\/p>\n<p>&nbsp;<\/p>\n<ul>\n<li style=\"text-align: justify\">Avalia\u00e7\u00e3o do Potencial para Uso P\u00fablico na Floresta Estadual de Pederneiras, Estado de S\u00e3o Paulo, Brasil. Evaluation of the potential of public use in the State Forest of Pederneiras, State of S\u00e3o Paulo, Brazil. Waldir Joel de ANDRADE; Marilda Rapp de ESTON; Maria Teresa Zugliani TONIATO; Marina Mitsue KANASHIRO; Sueli HERCULIANI; Ros\u00e2ngela C\u00e9lia Ribeiro de OLIVEIRA; Fernando DESCIO.<br \/>\n<a href=\"http:\/\/dx.doi.org\/10.4322\/ifsr.2019.001\">http:\/\/dx.doi.org\/10.4322\/ifsr.2019.001<\/a><\/li>\n<\/ul>\n<p style=\"text-align: right\"><a href=\"https:\/\/smastr16.blob.core.windows.net\/iflorestal\/sites\/234\/2020\/04\/ifsr_57_p5-22.pdf\"><strong>p. 5-22<\/strong><\/a><\/p>\n<ul>\n<li style=\"text-align: justify\">Situa\u00e7\u00e3o Dominal e Fundi\u00e1ria da Floresta Estadual de Pederneiras, Estado de S\u00e3o Paulo, Brasil. Domain and land situation of Pederneiras State Forest, State of S\u00e3o Paulo, Brazil. Ros\u00e2ngela C\u00e9lia Ribeiro de OLIVEIRA; Jos\u00e9 da SILVA; Marilda Rapp de ESTON; Waldir Joel de ANDRADE; Marina Mitsue KANASHIRO; Sueli HERCULIANI; Fernando DESCIO.<br \/>\n<a href=\"http:\/\/dx.doi.org\/10.4322\/ifsr.2019.001\">http:\/\/dx.doi.org\/10.4322\/ifsr.2019.002<\/a><\/li>\n<\/ul>\n<p style=\"text-align: right\"><a href=\"https:\/\/smastr16.blob.core.windows.net\/iflorestal\/sites\/234\/2020\/04\/ifsr_57_p23-32.pdf\"><strong>p. 23-32<\/strong><\/a><\/p>\n<ul>\n<li style=\"text-align: justify\">Uso de geotecnologia na avalia\u00e7\u00e3o das caracter\u00edsticas fisiogr\u00e1ficas do C\u00f3rrego do Faxinal (SP). Use of geotechnology in the evaluation of Faxinal Stream physiographic characteristics (SP). Mateus de Campos LEME; Fl\u00e1via Luize Pereira de SOUZA; Marcos Vinicius Bohrer Monteiro SIQUEIRA; Tiago Makoto OTANI; S\u00e9rgio CAMPOS.<br \/>\n<a href=\"http:\/\/dx.doi.org\/10.4322\/ifsr.2019.001\">http:\/\/dx.doi.org\/10.4322\/ifsr.2019.003<\/a><\/li>\n<\/ul>\n<p style=\"text-align: right\"><a href=\"https:\/\/smastr16.blob.core.windows.net\/iflorestal\/sites\/234\/2020\/04\/ifsr_57_p33-42.pdf\"><strong>p. 33-42<\/strong><\/a><\/p>\n","protected":false},"excerpt":{"rendered":"<p>IF S\u00c9RIE REGISTROS N. 57, dez. 2019: Revista Completa &nbsp; Avalia\u00e7\u00e3o do Potencial para Uso P\u00fablico na Floresta Estadual de Pederneiras, Estado de S\u00e3o Paulo, Brasil. Evaluation of the potential of public use in the State Forest of Pederneiras, State of S\u00e3o Paulo, Brazil. Waldir Joel de ANDRADE; Marilda Rapp de ESTON; Maria Teresa Zugliani [&hellip;]<\/p>\n","protected":false},"author":98,"featured_media":0,"parent":2992,"menu_order":0,"comment_status":"closed","ping_status":"closed","template":"","meta":[],"_links":{"self":[{"href":"https:\/\/www.infraestruturameioambiente.sp.gov.br\/institutoflorestal\/wp-json\/wp\/v2\/pages\/17493"}],"collection":[{"href":"https:\/\/www.infraestruturameioambiente.sp.gov.br\/institutoflorestal\/wp-json\/wp\/v2\/pages"}],"about":[{"href":"https:\/\/www.infraestruturameioambiente.sp.gov.br\/institutoflorestal\/wp-json\/wp\/v2\/types\/page"}],"author":[{"embeddable":true,"href":"https:\/\/www.infraestruturameioambiente.sp.gov.br\/institutoflorestal\/wp-json\/wp\/v2\/users\/98"}],"replies":[{"embeddable":true,"href":"https:\/\/www.infraestruturameioambiente.sp.gov.br\/institutoflorestal\/wp-json\/wp\/v2\/comments?post=17493"}],"version-history":[{"count":18,"href":"https:\/\/www.infraestruturameioambiente.sp.gov.br\/institutoflorestal\/wp-json\/wp\/v2\/pages\/17493\/revisions"}],"predecessor-version":[{"id":20473,"href":"https:\/\/www.infraestruturameioambiente.sp.gov.br\/institutoflorestal\/wp-json\/wp\/v2\/pages\/17493\/revisions\/20473"}],"up":[{"embeddable":true,"href":"https:\/\/www.infraestruturameioambiente.sp.gov.br\/institutoflorestal\/wp-json\/wp\/v2\/pages\/2992"}],"wp:attachment":[{"href":"https:\/\/www.infraestruturameioambiente.sp.gov.br\/institutoflorestal\/wp-json\/wp\/v2\/media?parent=17493"}],"curies":[{"name":"wp","href":"https:\/\/api.w.org\/{rel}","templated":true}]}}

IF Série Registros nº 57

<p><strong>IF SÉRIE REGISTROS N. 57, dez. 2019: <a href="https://smastr16.blob.core.windows.net/iflorestal/sites/234/2020/04/ifsr_57_completa.pdf">Revista Completa</a></strong></p>
<p>&nbsp;</p>
<ul>
<li style="text-align: justify">Avaliação do Potencial para Uso Público na Floresta Estadual de Pederneiras, Estado de São Paulo, Brasil. Evaluation of the potential of public use in the State Forest of Pederneiras, State of São Paulo, Brazil. Waldir Joel de ANDRADE; Marilda Rapp de ESTON; Maria Teresa Zugliani TONIATO; Marina Mitsue KANASHIRO; Sueli HERCULIANI; Rosângela Célia Ribeiro de OLIVEIRA; Fernando DESCIO.<br />
<a href="http://dx.doi.org/10.4322/ifsr.2019.001">http://dx.doi.org/10.4322/ifsr.2019.001</a></li>
</ul>
<p style="text-align: right"><a href="https://smastr16.blob.core.windows.net/iflorestal/sites/234/2020/04/ifsr_57_p5-22.pdf"><strong>p. 5-22</strong></a></p>
<ul>
<li style="text-align: justify">Situação Dominal e Fundiária da Floresta Estadual de Pederneiras, Estado de São Paulo, Brasil. Domain and land situation of Pederneiras State Forest, State of São Paulo, Brazil. Rosângela Célia Ribeiro de OLIVEIRA; José da SILVA; Marilda Rapp de ESTON; Waldir Joel de ANDRADE; Marina Mitsue KANASHIRO; Sueli HERCULIANI; Fernando DESCIO.<br />
<a href="http://dx.doi.org/10.4322/ifsr.2019.001">http://dx.doi.org/10.4322/ifsr.2019.002</a></li>
</ul>
<p style="text-align: right"><a href="https://smastr16.blob.core.windows.net/iflorestal/sites/234/2020/04/ifsr_57_p23-32.pdf"><strong>p. 23-32</strong></a></p>
<ul>
<li style="text-align: justify">Uso de geotecnologia na avaliação das características fisiográficas do Córrego do Faxinal (SP). Use of geotechnology in the evaluation of Faxinal Stream physiographic characteristics (SP). Mateus de Campos LEME; Flávia Luize Pereira de SOUZA; Marcos Vinicius Bohrer Monteiro SIQUEIRA; Tiago Makoto OTANI; Sérgio CAMPOS.<br />
<a href="http://dx.doi.org/10.4322/ifsr.2019.001">http://dx.doi.org/10.4322/ifsr.2019.003</a></li>
</ul>
<p style="text-align: right"><a href="https://smastr16.blob.core.windows.net/iflorestal/sites/234/2020/04/ifsr_57_p33-42.pdf"><strong>p. 33-42</strong></a></p>

<p>IF SÉRIE REGISTROS N. 57, dez. 2019: Revista Completa &nbsp; Avaliação do Potencial para Uso Público na Floresta Estadual de Pederneiras, Estado de São Paulo, Brasil. Evaluation of the potential of public use in the State Forest of Pederneiras, State of São Paulo, Brazil. Waldir Joel de ANDRADE; Marilda Rapp de ESTON; Maria Teresa Zugliani [&hellip;]</p>
