{"id":1733,"date":"2013-03-18T17:39:19","date_gmt":"2013-03-18T20:39:19","guid":{"rendered":"https:\/\/www.infraestruturameioambiente.sp.gov.br\/institutoflorestal\/?page_id=1733"},"modified":"2023-08-17T10:47:08","modified_gmt":"2023-08-17T13:47:08","slug":"estagios","status":"publish","type":"page","link":"https:\/\/www.infraestruturameioambiente.sp.gov.br\/institutoflorestal\/o-instituto\/estagios-e-bolsas\/estagios\/","title":{"rendered":"Est\u00e1gios &#8211; Bolsa CIEE"},"content":{"rendered":"<p>O Instituto Florestal oferece est\u00e1gio em diversas \u00e1reas, como Biologia, Engenharia Florestal, Geografia, Pedagogia, Comunica\u00e7\u00e3o, Tecnologia da Informa\u00e7\u00e3o, Administra\u00e7\u00e3o e outros que muito contribuem para a realiza\u00e7\u00e3o de atividades em diversas \u00e1reas do IF, tais como pesquisas, monitoria de UC\u2019s, apoio administrativo e outras.<\/p>\n<p>Est\u00e1gios no Instituto Florestal somente atrav\u00e9s de sele\u00e7\u00e3o p\u00fablica pelo\u00a0Centro de Integra\u00e7\u00e3o Empresa-Escola &#8211; CIEE (<a href=\"http:\/\/www.ciee.org.br\/portal\/index.asp\"><strong>www.ciee.org.br<\/strong><\/a>)<\/p>\n<p><strong>Mais informa\u00e7\u00f5es:<\/strong> Setor de Est\u00e1gios Tel: (11) 2231-8555 Ramais 2059<\/p>\n<p>&nbsp;<\/p>\n","protected":false},"excerpt":{"rendered":"<p>O Instituto Florestal oferece est\u00e1gio em diversas \u00e1reas, como Biologia, Engenharia Florestal, Geografia, Pedagogia, Comunica\u00e7\u00e3o, Tecnologia da Informa\u00e7\u00e3o, Administra\u00e7\u00e3o e outros que muito contribuem para a realiza\u00e7\u00e3o de atividades em diversas \u00e1reas do IF, tais como pesquisas, monitoria de UC\u2019s, apoio administrativo e outras. Est\u00e1gios no Instituto Florestal somente atrav\u00e9s de sele\u00e7\u00e3o p\u00fablica pelo\u00a0Centro de [&hellip;]<\/p>\n","protected":false},"author":102,"featured_media":0,"parent":1730,"menu_order":1,"comment_status":"open","ping_status":"open","template":"","meta":[],"_links":{"self":[{"href":"https:\/\/www.infraestruturameioambiente.sp.gov.br\/institutoflorestal\/wp-json\/wp\/v2\/pages\/1733"}],"collection":[{"href":"https:\/\/www.infraestruturameioambiente.sp.gov.br\/institutoflorestal\/wp-json\/wp\/v2\/pages"}],"about":[{"href":"https:\/\/www.infraestruturameioambiente.sp.gov.br\/institutoflorestal\/wp-json\/wp\/v2\/types\/page"}],"author":[{"embeddable":true,"href":"https:\/\/www.infraestruturameioambiente.sp.gov.br\/institutoflorestal\/wp-json\/wp\/v2\/users\/102"}],"replies":[{"embeddable":true,"href":"https:\/\/www.infraestruturameioambiente.sp.gov.br\/institutoflorestal\/wp-json\/wp\/v2\/comments?post=1733"}],"version-history":[{"count":12,"href":"https:\/\/www.infraestruturameioambiente.sp.gov.br\/institutoflorestal\/wp-json\/wp\/v2\/pages\/1733\/revisions"}],"predecessor-version":[{"id":21027,"href":"https:\/\/www.infraestruturameioambiente.sp.gov.br\/institutoflorestal\/wp-json\/wp\/v2\/pages\/1733\/revisions\/21027"}],"up":[{"embeddable":true,"href":"https:\/\/www.infraestruturameioambiente.sp.gov.br\/institutoflorestal\/wp-json\/wp\/v2\/pages\/1730"}],"wp:attachment":[{"href":"https:\/\/www.infraestruturameioambiente.sp.gov.br\/institutoflorestal\/wp-json\/wp\/v2\/media?parent=1733"}],"curies":[{"name":"wp","href":"https:\/\/api.w.org\/{rel}","templated":true}]}}