{"id":16692,"date":"2019-05-02T11:52:50","date_gmt":"2019-05-02T14:52:50","guid":{"rendered":"https:\/\/www.infraestruturameioambiente.sp.gov.br\/institutoflorestal\/?page_id=16692"},"modified":"2019-12-10T12:47:39","modified_gmt":"2019-12-10T14:47:39","slug":"eventos-de-2019","status":"publish","type":"page","link":"https:\/\/www.infraestruturameioambiente.sp.gov.br\/institutoflorestal\/inicio\/eventos-de-2019\/","title":{"rendered":"Eventos de 2019"},"content":{"rendered":"<ul>\n<li><strong>Janeiro<\/strong><a href=\"https:\/\/docs.google.com\/forms\/d\/e\/1FAIpQLSe-hvLxelIWLMO8Gt5yED5z7A0zueXnoDa7egXjhwhstwoi7g\/viewform\"><br \/>\n<\/a><strong>&#8212; 14 a 7 (Fevereiro):<\/strong> Est\u00e1gio de aprimoramento dos alunos do curso de engenharia florestal da UNESP &#8211; Campus Botucatu &#8211; Local: Parque Estadual Alberto L\u00f6fgren, S\u00e3o Paulo\/SP\u00a0<a href=\"https:\/\/docs.google.com\/forms\/d\/e\/1FAIpQLSe-hvLxelIWLMO8Gt5yED5z7A0zueXnoDa7egXjhwhstwoi7g\/viewform\"><br \/>\n<\/a><strong>&#8212; 24:<\/strong> Ciclo de oficinas de planejamento e manejo de trilhas para ciclismo &#8211; Local: Esta\u00e7\u00e3o Experimental de Tupi, Piracicaba\/SP<\/li>\n<\/ul>\n<div>&#8212;&#8212;&#8212;&#8212;&#8212;&#8212;&#8212;&#8212;&#8212;&#8212;&#8212;&#8212;&#8212;&#8212;&#8212;&#8212;&#8212;&#8212;&#8212;&#8212;&#8212;&#8212;&#8212;&#8212;&#8212;&#8212;&#8212;&#8212;&#8212;&#8212;&#8212;&#8212;&#8212;&#8212;&#8212;&#8212;&#8212;&#8212;&#8212;&#8212;&#8212;&#8212;&#8212;&#8212;&#8212;&#8212;&#8212;&#8212;&#8212;&#8212;&#8211;<\/div>\n<ul>\n<li><strong>Fevereiro<\/strong><a href=\"https:\/\/docs.google.com\/forms\/d\/e\/1FAIpQLSe-hvLxelIWLMO8Gt5yED5z7A0zueXnoDa7egXjhwhstwoi7g\/viewform\"><br \/>\n<\/a><strong>&#8212; 10:<\/strong> Caminhada no Horto Florestal com enfoque hist\u00f3rico (monitorada) &#8211; Local: Parque Estadual Alberto L\u00f6fgren e Museu Florestal Oct\u00e1vio Vecchi, S\u00e3o Paulo\/SP<a href=\"https:\/\/docs.google.com\/forms\/d\/e\/1FAIpQLSe-hvLxelIWLMO8Gt5yED5z7A0zueXnoDa7egXjhwhstwoi7g\/viewform\"><br \/>\n<\/a><strong>&#8212; 10:<\/strong> Evento &#8220;Vem Passarinhar!&#8221; &#8211; Atividade de observa\u00e7\u00e3o de aves no \u00e2mbito do programa &#8220;Vem pro Horto&#8221; &#8211;\u00a0 Local: Esta\u00e7\u00e3o Experimental de Tupi &#8211; Piracicaba\/SP<\/li>\n<\/ul>\n<div>&#8212;&#8212;&#8212;&#8212;&#8212;&#8212;&#8212;&#8212;&#8212;&#8212;&#8212;&#8212;&#8212;&#8212;&#8212;&#8212;&#8212;&#8212;&#8212;&#8212;&#8212;&#8212;&#8212;&#8212;&#8212;&#8212;&#8212;&#8212;&#8212;&#8212;&#8212;&#8212;&#8212;&#8212;&#8212;&#8212;&#8212;&#8212;&#8212;&#8212;&#8212;&#8212;&#8212;&#8212;&#8212;&#8212;&#8212;&#8212;&#8212;&#8212;&#8211;<\/div>\n<div>\n<ul>\n<li><strong>Mar\u00e7o<\/strong><a href=\"https:\/\/docs.google.com\/forms\/d\/e\/1FAIpQLSe-hvLxelIWLMO8Gt5yED5z7A0zueXnoDa7egXjhwhstwoi7g\/viewform\"><br \/>\n<\/a><strong>&#8212; 07:<\/strong> Entrega de certificados aos alunos do pr\u00e9 PJ-MAIS e trilha &#8211; Local: Esta\u00e7\u00e3o Experimental de Tupi &#8211; Piracicaba\/SP<a href=\"https:\/\/docs.google.com\/forms\/d\/e\/1FAIpQLSe-hvLxelIWLMO8Gt5yED5z7A0zueXnoDa7egXjhwhstwoi7g\/viewform\"><br \/>\n<\/a><strong>&#8212; 10:<\/strong> Exposi\u00e7\u00e3o &#8211; 19\u00aa Edi\u00e7\u00e3o da mostra &#8220;Arte pela Paz&#8221; &#8211; Tema &#8220;Portas e janelas do meu pais&#8221;- Local: Museu Florestal Oct\u00e1vio Vecchi, S\u00e3o Paulo\/SP.<a href=\"https:\/\/docs.google.com\/forms\/d\/e\/1FAIpQLSe-hvLxelIWLMO8Gt5yED5z7A0zueXnoDa7egXjhwhstwoi7g\/viewform\"><br \/>\n<\/a><strong>&#8212; 10:<\/strong> &#8220;Conhe\u00e7a sua bike e caminhos do Horto &#8211; Oficina voltada ao p\u00fablico feminino em comemora\u00e7\u00e3o ao dia internacional da mulher &#8211; Atividade do programa &#8220;Vem pro Horto&#8221; &#8211; Local: Esta\u00e7\u00e3o Experimental de Tupi &#8211; Piracicaba\/SP<br \/>\n<strong>&#8212; 24:<\/strong> Ciclo de oficinas de planejamento e manejo de trilhas para ciclismo &#8211; Local:Esta\u00e7\u00e3o Experimental de Tupi, Piracicaba\/SP\u00a0<a href=\"https:\/\/docs.google.com\/forms\/d\/e\/1FAIpQLSe-hvLxelIWLMO8Gt5yED5z7A0zueXnoDa7egXjhwhstwoi7g\/viewform\"><br \/>\n<\/a><strong>&#8212; 26:<\/strong> 1\u00ba Encontro do &#8220;Bacia Caipira : Valorizando o ambiente e cuidando da sa\u00fade&#8221; &#8211; Local:Esta\u00e7\u00e3o Experimental de Tupi, Piracicaba\/SP<\/li>\n<\/ul>\n<div style=\"text-align: left\">&#8212;&#8212;&#8212;&#8212;&#8212;&#8212;&#8212;&#8212;&#8212;&#8212;&#8212;&#8212;&#8212;&#8212;&#8212;&#8212;&#8212;&#8212;&#8212;&#8212;&#8212;&#8212;&#8212;&#8212;&#8212;&#8212;&#8212;&#8212;&#8212;&#8212;&#8212;&#8212;&#8212;&#8212;&#8212;&#8212;&#8212;&#8212;&#8212;&#8212;&#8212;&#8212;&#8212;&#8212;&#8212;&#8212;&#8212;&#8212;&#8212;&#8212;&#8211;<\/div>\n<ul>\n<li><strong>Abril<\/strong><a href=\"https:\/\/docs.google.com\/forms\/d\/e\/1FAIpQLSe-hvLxelIWLMO8Gt5yED5z7A0zueXnoDa7egXjhwhstwoi7g\/viewform\"><br \/>\n<\/a><strong>&#8212; 05: <\/strong>Patrim\u00f4nio e interdisciplinaridade : A constru\u00e7\u00e3o de novas pr\u00e1ticas &#8211; Local:\u00a0 Museu Florestal Oct\u00e1vio Vecchi, S\u00e3o Paulo\/SP.<a href=\"https:\/\/docs.google.com\/forms\/d\/e\/1FAIpQLSe-hvLxelIWLMO8Gt5yED5z7A0zueXnoDa7egXjhwhstwoi7g\/viewform\"><br \/>\n<\/a><strong>&#8212; 07:<\/strong> Comemora\u00e7\u00e3o do dia mundial da sa\u00fade com realiza\u00e7\u00e3o de caminhada ecol\u00f3gica (monitorada) &#8211; Local : Esta\u00e7\u00e3o experimental de Santa Rita do Passa Quatro,\u00a0 Santa Rita do Passa Quatro\/SP<a href=\"https:\/\/docs.google.com\/forms\/d\/e\/1FAIpQLSe-hvLxelIWLMO8Gt5yED5z7A0zueXnoDa7egXjhwhstwoi7g\/viewform\"><br \/>\n<\/a><strong>&#8212;<\/strong><strong>\u00a022:<\/strong> Evento &#8220;Redescobrindo a vida &#8211; Plantio do enriquecimento dos bosques do Parque Estadual Alberto L\u00f6fgren&#8221; &#8211; Local: Parque Estadual Alberto L\u00f6efgren e Sede do IF, S\u00e3o Paulo\/SP &#8211; <a href=\"https:\/\/smastr16.blob.core.windows.net\/iflorestal\/2019\/05\/convite.jpg\">ver convite<\/a><a href=\"https:\/\/docs.google.com\/forms\/d\/e\/1FAIpQLSe-hvLxelIWLMO8Gt5yED5z7A0zueXnoDa7egXjhwhstwoi7g\/viewform\"><br \/>\n<\/a><strong>&#8212; 24:<\/strong> Lan\u00e7amento do &#8220;Educatrilha na escola&#8221; &#8211; Local: Esta\u00e7\u00e3o Experimental de Tupi, Piracicaba\/SP<a href=\"https:\/\/docs.google.com\/forms\/d\/e\/1FAIpQLSe-hvLxelIWLMO8Gt5yED5z7A0zueXnoDa7egXjhwhstwoi7g\/viewform\"><br \/>\n<\/a><strong>&#8212; 27:<\/strong> Caminhada no Horto Florestal com enfoque hist\u00f3rico (monitorada) &#8211; Local: Parque Estadual Alberto L\u00f6fgren e Museu Florestal Oct\u00e1vio Vecchi, S\u00e3o Paulo\/SP<\/li>\n<\/ul>\n<div>&#8212;&#8212;&#8212;&#8212;&#8212;&#8212;&#8212;&#8212;&#8212;&#8212;&#8212;&#8212;&#8212;&#8212;&#8212;&#8212;&#8212;&#8212;&#8212;&#8212;&#8212;&#8212;&#8212;&#8212;&#8212;&#8212;&#8212;&#8212;&#8212;&#8212;&#8212;&#8212;&#8212;&#8212;&#8212;&#8212;&#8212;&#8212;&#8212;&#8212;&#8212;&#8212;&#8212;&#8212;&#8212;&#8212;&#8212;&#8212;&#8212;&#8212;&#8211;<\/div>\n<div>\n<ul>\n<li><strong>Maio<\/strong><br \/>\n<strong>&#8212; 02 a 31:<\/strong> Exposi\u00e7\u00e3o &#8211; 19\u00aa Edi\u00e7\u00e3o da mostra &#8220;Arte pela Paz&#8221; &#8211; Tema &#8220;Portas e janelas do meu pais&#8221;- Local: Museu Florestal Oct\u00e1vio Vecchi, S\u00e3o Paulo\/SP &#8211; <a href=\"https:\/\/smastr16.blob.core.windows.net\/iflorestal\/2019\/05\/semana-museus-2019.pdf\">ver convite<\/a><a href=\"https:\/\/docs.google.com\/forms\/d\/e\/1FAIpQLSe-hvLxelIWLMO8Gt5yED5z7A0zueXnoDa7egXjhwhstwoi7g\/viewform\"><br \/>\n<\/a><strong>&#8212; 15:<\/strong> Oficina de pintura &#8220;Minha \u00e1rvore favorita&#8221;- Local: Museu Florestal Oct\u00e1vio Vecchi, S\u00e3o Paulo\/SP &#8211; <a href=\"https:\/\/smastr16.blob.core.windows.net\/iflorestal\/2019\/05\/semana-museus-2019.pdf\">ver convite<\/a><a href=\"https:\/\/docs.google.com\/forms\/d\/e\/1FAIpQLSe-hvLxelIWLMO8Gt5yED5z7A0zueXnoDa7egXjhwhstwoi7g\/viewform\"><br \/>\n<\/a><strong>&#8212; 18:<\/strong> Mesa redonda -Museus , comunidade e meio-ambiente &#8211; Local: Museu Florestal Oct\u00e1vio Vecchi, S\u00e3o Paulo\/SP &#8211; <a href=\"https:\/\/smastr16.blob.core.windows.net\/iflorestal\/2019\/05\/semana-museus-2019.pdf\">ver convite<\/a><a href=\"https:\/\/docs.google.com\/forms\/d\/e\/1FAIpQLSe-hvLxelIWLMO8Gt5yED5z7A0zueXnoDa7egXjhwhstwoi7g\/viewform\"><br \/>\n<\/a><strong>&#8212; 19:<\/strong> Musical infantil &#8211; &#8220;Aliendigenas&#8221;\u00a0&#8211; Local: Museu Florestal Oct\u00e1vio Vecchi, S\u00e3o Paulo\/SP &#8211; <a href=\"https:\/\/smastr16.blob.core.windows.net\/iflorestal\/2019\/05\/semana-museus-2019.pdf\">ver convite<\/a><a href=\"https:\/\/docs.google.com\/forms\/d\/e\/1FAIpQLSe-hvLxelIWLMO8Gt5yED5z7A0zueXnoDa7egXjhwhstwoi7g\/viewform\"><br \/>\n<\/a><strong>&#8212; 22:<\/strong> 5\u00ba Encontro dos Estudantes de Engenharia Florestal da FAIT &#8211; Local: Instituto Florestal , S\u00e3o Paulo\/SP<a href=\"https:\/\/docs.google.com\/forms\/d\/e\/1FAIpQLSe-hvLxelIWLMO8Gt5yED5z7A0zueXnoDa7egXjhwhstwoi7g\/viewform\"><br \/>\n<\/a><strong>&#8212; 23:<\/strong> Webinar \u201cO papel da P&amp;D em uma nova economia florestal com esp\u00e9cies nativas\u201d\u00a0&#8211; Local: COALIZ\u00c3O Brasil , S\u00e3o Paulo\/SP<a href=\"https:\/\/docs.google.com\/forms\/d\/e\/1FAIpQLSe-hvLxelIWLMO8Gt5yED5z7A0zueXnoDa7egXjhwhstwoi7g\/viewform\"><br \/>\n<\/a><strong>&#8212; 28 a 31:<\/strong> Semana da Mata Atl\u00e2ntica 2019- <a href=\"https:\/\/smastr16.blob.core.windows.net\/iflorestal\/2019\/05\/semana-da-mata-atlantica-2019.jpg\">ver convite<\/a> &#8211; <a href=\"https:\/\/smastr16.blob.core.windows.net\/iflorestal\/2019\/05\/semana-mata-atlantica-2019.doc\">demais informa\u00e7\u00f5es<\/a><\/li>\n<\/ul>\n<p>&#8212;&#8212;&#8212;&#8212;&#8212;&#8212;&#8212;&#8212;&#8212;&#8212;&#8212;&#8212;&#8212;&#8212;&#8212;&#8212;&#8212;&#8212;&#8212;&#8212;&#8212;&#8212;&#8212;&#8212;&#8212;&#8212;&#8212;&#8212;&#8212;&#8212;&#8212;&#8212;&#8212;&#8212;&#8212;&#8212;&#8212;&#8212;&#8212;&#8212;&#8212;&#8212;&#8212;&#8212;&#8212;&#8212;&#8212;&#8212;&#8212;&#8212;&#8211;<\/p>\n<ul>\n<li><strong>Junho<\/strong><a href=\"https:\/\/docs.google.com\/forms\/d\/e\/1FAIpQLSe-hvLxelIWLMO8Gt5yED5z7A0zueXnoDa7egXjhwhstwoi7g\/viewform\"><br \/>\n<\/a><strong>&#8212; 02: <\/strong>Evento &#8220;Vem Passarinhar!&#8221; &#8211; Atividade de observa\u00e7\u00e3o de aves no \u00e2mbito do programa &#8220;Vem pro Horto&#8221; &#8211; Local: Esta\u00e7\u00e3o Experimental de Tupi &#8211; Piracicaba\/SP<br \/>\n<strong>&#8212; 02:<\/strong> Semana do Meio Ambiente &#8211; Local: Horto florestal &#8211; S\u00e3o Paulo\/SP &#8211; <a href=\"https:\/\/smastr16.blob.core.windows.net\/iflorestal\/2019\/05\/programacao-semana-meio-ambiente.jpeg\">programa\u00e7\u00e3o<\/a><br \/>\n<strong>&#8212; 05:<\/strong> Entrega oficial do TCRA 60.670 desenvolvido pela empresa Viracopos Aeroportos Brasil &#8211; Local: Esta\u00e7\u00f5es Ecol\u00f3gica e Experimental de Mogi Gua\u00e7u &#8211; SP<br \/>\n<strong>&#8212; 05:<\/strong> Inaugura\u00e7\u00e3o da Trilha das Lobeiras, trilha interpretativa implantada na \u00e1rea restaurada pelo TCRA j\u00e1 citado. Uma parceria entre o Instituto Florestal a Viracopos Aeroportos Brasil e a CEIBA Consultoria Ambiental &#8211; Local: Esta\u00e7\u00f5es Ecol\u00f3gica e Experimental de Mogi Gua\u00e7u &#8211; SP<br \/>\n<strong>&#8212; 05:<\/strong> Evento &#8220;Plantio de Muda de carvalho-basco e apresenta\u00e7\u00e3o do Coral do Centro Cultural do Tremeb\u00e9&#8221; &#8211; Local : Horto Florestal, S\u00e3o Paulo\/SP &#8211;<a href=\"https:\/\/smastr16.blob.core.windows.net\/iflorestal\/2019\/06\/convite-meio-ambiente.jpg\"> ver convite<\/a><br \/>\n<strong>&#8212; 05:<\/strong> Visita dos alunos do 3\u00ba ano do ensino fundamental da EEBS Prof. Geraldo Sorg\u00a0&#8211; Local: Esta\u00e7\u00f5es Ecol\u00f3gica e Experimental de Mogi Gua\u00e7u &#8211; SP<br \/>\n<strong>&#8212; 06:<\/strong> 2\u00ba Encontro formativo do EducaTrilha na Escola &#8211; Local: Esta\u00e7\u00e3o Experimental de Tupi &#8211; Piracicaba\/SP<br \/>\n<strong>&#8212; 06:<\/strong> Visita dos alunos do 3\u00ba ano do ensino fundamental da EEBS Prof. Geraldo Sorg &#8211; Local: Esta\u00e7\u00f5es Ecol\u00f3gica e Experimental de Mogi Gua\u00e7u &#8211; SP<br \/>\n<strong>&#8212; 07 e 08:<\/strong> 12\u00ba Col\u00f3quio sobre Engenharia Florestal &#8211; Locais e hor\u00e1rios &#8211; <a href=\"https:\/\/smastr16.blob.core.windows.net\/iflorestal\/2019\/06\/convite_coloquio.jpg\">programa\u00e7\u00e3o<\/a><br \/>\n<strong>&#8212; 08:<\/strong> &#8220;Brincar \u00e9 Educar&#8221; &#8211; Atividades l\u00fadico-educativas com crian\u00e7as. A ESALQ est\u00e1 na organiza\u00e7\u00e3o (alunos das Ci\u00eancias Biol\u00f3gicas da disciplina &#8220;Ecologia Aplicada&#8221;, com o IF e SEDEMA Piracicaba) &#8211; Local: Esta\u00e7\u00e3o Experimental de Tupi &#8211; Piracicaba\/SP<br \/>\n<strong>&#8212; 09:<\/strong> 3\u00ba Ciclo Tour MTB &#8211; Passeio cicl\u00edstico com in\u00edcio no Horto Florestal e Plantio de Mudas Nativas (evento em parceria CicloTour MTB Manduri) &#8211; Local: Floresta de Manduri, S\u00e3o Paulo\/SP &#8211; <a href=\"https:\/\/smastr16.blob.core.windows.net\/iflorestal\/2019\/05\/3o-ciclo-tour-1.png\">ver convite<\/a> &#8211; <a href=\"https:\/\/smastr16.blob.core.windows.net\/iflorestal\/2019\/05\/3o-ciclo-tour-2.png\">ver convite<\/a><br \/>\n<strong>&#8212; 13:<\/strong> 6\u00aa edi\u00e7\u00e3o do Encontro sobre Engenharia Industrial Madeireira UNESP\/Itapeva Instituto Florestal SMA\/SP &#8211; Local: Instituto Florestal, S\u00e3o Paulo\/SP &#8211; <a href=\"https:\/\/smastr16.blob.core.windows.net\/iflorestal\/2019\/06\/programacao_6oencontroengindmad_unespitapeva.pdf\">ver convite<\/a><\/li>\n<\/ul>\n<p>&#8212;&#8212;&#8212;&#8212;&#8212;&#8212;&#8212;&#8212;&#8212;&#8212;&#8212;&#8212;&#8212;&#8212;&#8212;&#8212;&#8212;&#8212;&#8212;&#8212;&#8212;&#8212;&#8212;&#8212;&#8212;&#8212;&#8212;&#8212;&#8212;&#8212;&#8212;&#8212;&#8212;&#8212;&#8212;&#8212;&#8212;&#8212;&#8212;&#8212;&#8212;&#8212;&#8212;&#8212;&#8212;&#8212;&#8212;&#8212;&#8212;&#8212;&#8211;<\/p>\n<div>\n<ul>\n<li><strong>Julho<\/strong><br \/>\n<strong>&#8212; 03 :<\/strong> Agu\u00e1, Sistemas de produ\u00e7\u00e3o e Sustentabilidade Agroambiental, Encontro 1: &#8220;Agu\u00e1&#8221; &#8211; Local: Polo do Regional M\u00e9dio Paranapanema,\u00a0 Assis\/SP &#8211; <a href=\"https:\/\/smastr16.blob.core.windows.net\/iflorestal\/2019\/06\/5d161989ad08a-5d161989ad08dagua-sistemas-de-producao-convite-oficial.jpg.jpg\">ver convite<\/a><br \/>\n<strong>&#8212; 04 :<\/strong> Reuni\u00e3o do Conselho Consultivo e Oficina de Programas do Plano de Manejo da Floresta Estadual do Noroeste Paulista &#8211; Local: Instituto de Pesca, S\u00e3o Jos\u00e9 de Rio Preto\/SP &#8211; <a href=\"https:\/\/smastr16.blob.core.windows.net\/iflorestal\/2019\/06\/reuniao-do-conselho-consultivo-4-7-2019-01.jpg\">ver convite<\/a><br \/>\n<strong>&#8212; 14 :<\/strong> Missa Campal em louvor ao &#8220;S\u00e3o Jo\u00e3o Gualberto &#8211; Protetor das Florestas&#8221; &#8211; Local: Parque Estadual Alberto L\u00f6fgren,\u00a0 S\u00e3o Paulo\/SP &#8211; <a href=\"https:\/\/smastr16.blob.core.windows.net\/iflorestal\/2019\/06\/convite_missa_1.jpg\">ver convite<\/a><br \/>\n<strong>&#8212; 31 a 02 de Agosto:<\/strong> Semin\u00e1rio de inicia\u00e7\u00e3o cient\u00edfica do Instituto Florestal &#8211; Local: Instituto Florestal, S\u00e3o Paulo\/SP &#8211; <a href=\"https:\/\/smastr16.blob.core.windows.net\/iflorestal\/2019\/06\/pibic-1.jpg\">ver convite<\/a><\/li>\n<\/ul>\n<p>&#8212;&#8212;&#8212;&#8212;&#8212;&#8212;&#8212;&#8212;&#8212;&#8212;&#8212;&#8212;&#8212;&#8212;&#8212;&#8212;&#8212;&#8212;&#8212;&#8212;&#8212;&#8212;&#8212;&#8212;&#8212;&#8212;&#8212;&#8212;&#8212;&#8212;&#8212;&#8212;&#8212;&#8212;&#8212;&#8212;&#8212;&#8212;&#8212;&#8212;&#8212;&#8212;&#8212;&#8212;&#8212;&#8212;&#8212;&#8212;&#8212;&#8212;&#8211;<\/p>\n<ul>\n<li><strong>Agosto<\/strong><br \/>\n<strong>&#8212;\u00a0<\/strong><\/li>\n<\/ul>\n<p>&#8212;&#8212;&#8212;&#8212;&#8212;&#8212;&#8212;&#8212;&#8212;&#8212;&#8212;&#8212;&#8212;&#8212;&#8212;&#8212;&#8212;&#8212;&#8212;&#8212;&#8212;&#8212;&#8212;&#8212;&#8212;&#8212;&#8212;&#8212;&#8212;&#8212;&#8212;&#8212;&#8212;&#8212;&#8212;&#8212;&#8212;&#8212;&#8212;&#8212;&#8212;&#8212;&#8212;&#8212;&#8212;&#8212;&#8212;&#8212;&#8212;&#8212;&#8211;<\/p>\n<ul>\n<li><strong>Setembro<\/strong><br \/>\n<strong>&#8212; 17 a 30<\/strong><strong>: <\/strong>Evento &#8220;Festa das Arvores&#8221;. Local: Parque Estadual Alberto L\u00f6fgren e Museu Florestal, S\u00e3o Paulo\/SP &#8211; <a href=\"https:\/\/smastr16.blob.core.windows.net\/iflorestal\/2019\/09\/programacao-fa2019.jpg\">ver programa\u00e7\u00e3o<\/a><br \/>\n<strong>&#8212; <\/strong><strong>20 : <\/strong>Dia da \u00c1rvore COFCO INTL. Local: Avenida Abelardo Menezes s\/n, S\u00e3o Jos\u00e9 do Rio Preto, SP &#8211; <a href=\"https:\/\/smastr16.blob.core.windows.net\/iflorestal\/2019\/09\/convite-dia-da-arvore_prancheta-1.jpg\">ver convite<\/a><br \/>\n<strong>&#8212; <\/strong><strong>21: <\/strong>Dia da \u00c1rvore (Guernica). Local: Instituto Florestal (sede), S\u00e3o Paulo, SP &#8211; <a href=\"https:\/\/smastr16.blob.core.windows.net\/iflorestal\/2019\/12\/dia-da-arovre-guernica.jpg\">ver convite<\/a><br \/>\n<strong>&#8212; <\/strong><strong>28 : <\/strong>Semin\u00e1rio sobre &#8220;os impactos das pesquisas ornitol\u00f3gicas, soltura, observa\u00e7\u00e3o e fotografia sobre a avifauna&#8221;. Local: Audit\u00f3rio do Instituto Florestal, av. Luis Carlos Gentile de Laet, 553 &#8211; Horto Florestal &#8211; S\u00e3o Paulo, SP\u00a0 &#8211; <a href=\"https:\/\/smastr16.blob.core.windows.net\/iflorestal\/2019\/09\/convite_seminario-ornitologico.jpg\">ver convite<\/a><\/li>\n<\/ul>\n<p>&#8212;&#8212;&#8212;&#8212;&#8212;&#8212;&#8212;&#8212;&#8212;&#8212;&#8212;&#8212;&#8212;&#8212;&#8212;&#8212;&#8212;&#8212;&#8212;&#8212;&#8212;&#8212;&#8212;&#8212;&#8212;&#8212;&#8212;&#8212;&#8212;&#8212;&#8212;&#8212;&#8212;&#8212;&#8212;&#8212;&#8212;&#8212;&#8212;&#8212;&#8212;&#8212;&#8212;&#8212;&#8212;&#8212;&#8212;&#8212;&#8212;&#8212;&#8211;<\/p>\n<ul>\n<li><strong>Outubro<\/strong><br \/>\n<strong>&#8212; 06: <\/strong>Vem brincar e aprender no Horto &#8211; Local: Esta\u00e7\u00e3o Experimental de Tupi, Piracicaba\/SP &#8211; <a href=\"https:\/\/smastr16.blob.core.windows.net\/iflorestal\/2019\/09\/whatsapp-image-2019-09-27-at-06.54.33.jpeg\">ver convite<\/a><strong><br \/>\n&#8212; 07: <\/strong>1\u00ba Encontro de Educa\u00e7\u00e3o Ambiental das esta\u00e7\u00f5es Ecol\u00f3gica e Experimental de Itirapina &#8211; Local: Itirapina\/SP\u00a0 &#8211; <a href=\"https:\/\/smastr16.blob.core.windows.net\/iflorestal\/2019\/09\/whatsapp-image-2019-09-27-at-06.54.14.jpeg\">ver programa\u00e7\u00e3o<\/a> &#8211; <a href=\"https:\/\/docs.google.com\/forms\/d\/e\/1FAIpQLSe6kmP_1Cp0HpDUDlOUTPPRpK49PSjQnDI1VfsfnZazymfwAg\/viewform\">formul\u00e1rio de inscri\u00e7\u00e3o<\/a><br \/>\n<strong>&#8212; 13: <\/strong>Primeiro passeio cicl\u00edstico do Horto de Tupi &#8211; Local: Esta\u00e7\u00e3o Experimental de Tupi, Piracicaba\/SP &#8211; <a href=\"https:\/\/smastr16.blob.core.windows.net\/iflorestal\/2019\/09\/whatsapp-image-2019-09-27-at-06.54.33-1.jpeg\">ver convite<\/a><strong><br \/>\n&#8212; 23 :<\/strong> VIII Semin\u00e1rio Frutos da mata atl\u00e2ntica &#8211; Local: Registro\/SP. <a href=\"https:\/\/smastr16.blob.core.windows.net\/iflorestal\/2019\/12\/folder.jpg\">folder<\/a> &#8211; <a href=\"https:\/\/forms.gle\/uAsM7UrCm7pewnWZ9\">inscri\u00e7\u00f5es<\/a><\/li>\n<li><strong>&#8212; 24 :<\/strong> Workshop Ecologia de Estradas e Fauna Silvestre &#8211; Local: Floresta Estadual de Assis\/SP \u00a0&#8211; <a href=\"https:\/\/smastr16.blob.core.windows.net\/iflorestal\/2019\/10\/convite-workshop-ecologia-de-estradas-final.jpg\">programa\u00e7\u00e3o e modo de inscri\u00e7\u00e3o<\/a><\/li>\n<\/ul>\n<p>&#8212;&#8212;&#8212;&#8212;&#8212;&#8212;&#8212;&#8212;&#8212;&#8212;&#8212;&#8212;&#8212;&#8212;&#8212;&#8212;&#8212;&#8212;&#8212;&#8212;&#8212;&#8212;&#8212;&#8212;&#8212;&#8212;&#8212;&#8212;&#8212;&#8212;&#8212;&#8212;&#8212;&#8212;&#8212;&#8212;&#8212;&#8212;&#8212;&#8212;&#8212;&#8212;&#8212;&#8212;&#8212;&#8212;&#8212;&#8212;&#8212;&#8212;&#8211;<\/p>\n<ul>\n<li><strong>Novembro<\/strong><br \/>\n<strong>&#8212; 04 a 08: <\/strong>VIII Simp\u00f3sio de Restaura\u00e7\u00e3o Ecol\u00f3gica &#8211; Tema: \u201cDesafios do processo frente \u00e0 crise ambiental\u201d &#8211; Local: Instituto de Bot\u00e2nica e S\u00e3o Paulo Expo &#8211;\u00a0 <a href=\"http:\/\/www.infobibos.com\/rad\/\">ver convite<\/a><br \/>\n<strong>&#8212; 07<\/strong>: Evento &#8220;Educatrilha na Escola&#8221; &#8211; Local: Piracicaba\/SP &#8211; <a href=\"https:\/\/smastr16.blob.core.windows.net\/iflorestal\/2019\/11\/cartazedutri.pdf\">ver convite<\/a><br \/>\n<strong>&#8212; 09<\/strong>: Exposi\u00e7\u00e3o &#8220;Madeira, Ci\u00eancia e Arte &#8211; Gravura Bot\u00e2nica&#8221; &#8211; Local: Local: Museu Florestal Oct\u00e1vio Vecchi, S\u00e3o Paulo\/SP &#8211; Per\u00edodo da exposi\u00e7\u00e3o de novembro de 2019 a janeiro de 2020 &#8211; <a href=\"https:\/\/smastr16.blob.core.windows.net\/iflorestal\/2019\/11\/convite_evento_museu_nov2019.jpg\">ver convite<\/a><br \/>\n<strong>\u2014 28<\/strong>: Encontro e Reencontro dos Funcion\u00e1rios do IF: Local: Instituto Florestal (sede), S\u00e3o Paulo\/SP \u2013 <a href=\"https:\/\/smastr16.blob.core.windows.net\/iflorestal\/2019\/12\/convite_encontro_e_reencontro.jpg\">ver convite<\/a><\/li>\n<\/ul>\n<p>&#8212;&#8212;&#8212;&#8212;&#8212;&#8212;&#8212;&#8212;&#8212;&#8212;&#8212;&#8212;&#8212;&#8212;&#8212;&#8212;&#8212;&#8212;&#8212;&#8212;&#8212;&#8212;&#8212;&#8212;&#8212;&#8212;&#8212;&#8212;&#8212;&#8212;&#8212;&#8212;&#8212;&#8212;&#8212;&#8212;&#8212;&#8212;&#8212;&#8212;&#8212;&#8212;&#8212;&#8212;&#8212;&#8212;&#8212;&#8212;&#8212;&#8212;&#8211;<\/p>\n<\/div>\n<\/div>\n<\/div>\n","protected":false},"excerpt":{"rendered":"<p>Janeiro &#8212; 14 a 7 (Fevereiro): Est\u00e1gio de aprimoramento dos alunos do curso de engenharia florestal da UNESP &#8211; Campus Botucatu &#8211; Local: Parque Estadual Alberto L\u00f6fgren, S\u00e3o Paulo\/SP\u00a0 &#8212; 24: Ciclo de oficinas de planejamento e manejo de trilhas para ciclismo &#8211; Local: Esta\u00e7\u00e3o Experimental de Tupi, Piracicaba\/SP &#8212;&#8212;&#8212;&#8212;&#8212;&#8212;&#8212;&#8212;&#8212;&#8212;&#8212;&#8212;&#8212;&#8212;&#8212;&#8212;&#8212;&#8212;&#8212;&#8212;&#8212;&#8212;&#8212;&#8212;&#8212;&#8212;&#8212;&#8212;&#8212;&#8212;&#8212;&#8212;&#8212;&#8212;&#8212;&#8212;&#8212;&#8212;&#8212;&#8212;&#8212;&#8212;&#8212;&#8212;&#8212;&#8212;&#8212;&#8212;&#8212;&#8212;&#8211; Fevereiro &#8212; 10: Caminhada no [&hellip;]<\/p>\n","protected":false},"author":98,"featured_media":0,"parent":2236,"menu_order":0,"comment_status":"closed","ping_status":"closed","template":"","meta":[],"_links":{"self":[{"href":"https:\/\/www.infraestruturameioambiente.sp.gov.br\/institutoflorestal\/wp-json\/wp\/v2\/pages\/16692"}],"collection":[{"href":"https:\/\/www.infraestruturameioambiente.sp.gov.br\/institutoflorestal\/wp-json\/wp\/v2\/pages"}],"about":[{"href":"https:\/\/www.infraestruturameioambiente.sp.gov.br\/institutoflorestal\/wp-json\/wp\/v2\/types\/page"}],"author":[{"embeddable":true,"href":"https:\/\/www.infraestruturameioambiente.sp.gov.br\/institutoflorestal\/wp-json\/wp\/v2\/users\/98"}],"replies":[{"embeddable":true,"href":"https:\/\/www.infraestruturameioambiente.sp.gov.br\/institutoflorestal\/wp-json\/wp\/v2\/comments?post=16692"}],"version-history":[{"count":37,"href":"https:\/\/www.infraestruturameioambiente.sp.gov.br\/institutoflorestal\/wp-json\/wp\/v2\/pages\/16692\/revisions"}],"predecessor-version":[{"id":18504,"href":"https:\/\/www.infraestruturameioambiente.sp.gov.br\/institutoflorestal\/wp-json\/wp\/v2\/pages\/16692\/revisions\/18504"}],"up":[{"embeddable":true,"href":"https:\/\/www.infraestruturameioambiente.sp.gov.br\/institutoflorestal\/wp-json\/wp\/v2\/pages\/2236"}],"wp:attachment":[{"href":"https:\/\/www.infraestruturameioambiente.sp.gov.br\/institutoflorestal\/wp-json\/wp\/v2\/media?parent=16692"}],"curies":[{"name":"wp","href":"https:\/\/api.w.org\/{rel}","templated":true}]}}