{"id":15110,"date":"2018-06-29T16:04:05","date_gmt":"2018-06-29T19:04:05","guid":{"rendered":"https:\/\/www.infraestruturameioambiente.sp.gov.br\/institutoflorestal\/?page_id=15110"},"modified":"2019-12-03T19:54:03","modified_gmt":"2019-12-03T21:54:03","slug":"if-serie-registros-no-55","status":"publish","type":"page","link":"https:\/\/www.infraestruturameioambiente.sp.gov.br\/institutoflorestal\/publicacoes-if\/if-serie-registros\/if-serie-registros-no-55\/","title":{"rendered":"IF S\u00e9rie Registros n\u00ba 55"},"content":{"rendered":"<p><strong>IF S\u00c9RIE REGISTROS N. 55, dez. 2017: <a href=\"https:\/\/smastr16.blob.core.windows.net\/iflorestal\/2018\/07\/IFSR55.pdf\">Revista Completa<\/a><\/strong><\/p>\n<p><strong>\u00a0<\/strong><\/p>\n<ul>\n<li>Represa Guarapiranga: conflitos entre direito \u00e0 moradia e direito a um meio\u00a0ambiente ecologicamente equilibrado. Guarapiranga dam: conflicts between\u00a0the right to dwelling and the right to an ecologically balanced environment.\u00a0Augusto Rapp de Eston Pinto COELHO<br \/>\n<a href=\"http:\/\/dx.doi.org\/10.4322\/ifsr.2018.001\">http:\/\/dx.doi.org\/10.4322\/ifsr.2018.001<\/a><\/li>\n<\/ul>\n<p style=\"text-align: right\"><a href=\"https:\/\/smastr16.blob.core.windows.net\/iflorestal\/2018\/07\/IFSR55_5-27.pdf\"><strong>5-27<\/strong><\/a><\/p>\n<ul>\n<li>Diagn\u00f3stico e propostas de manejo da vegeta\u00e7\u00e3o da Esta\u00e7\u00e3o Ecol\u00f3gica\u00a0de Mar\u00edlia, SP, sudeste do Brasil. Diagnosis and vegetation management\u00a0proposals of Mar\u00edlia Ecological Station, SP, southeastern Brazil.\u00a0Nat\u00e1lia Macedo IVANAUSKAS, Geraldo Antonio Daher Corr\u00eaa FRANCO,\u00a0Giselda DURIGAN; Isabel Fernandes de Aguiar MATTOS, Maria Teresa\u00a0Zugliani TONIATO, Marina Mitsue KANASHIRO, Natashi Aparecida de Lima\u00a0PILON, Renata Giassi UDULUTSCH<br \/>\n<a href=\"http:\/\/dx.doi.org\/10.4322\/ifsr.2018.002\">http:\/\/dx.doi.org\/10.4322\/ifsr.2018.002<\/a><\/li>\n<\/ul>\n<p style=\"text-align: right\"><a href=\"https:\/\/smastr16.blob.core.windows.net\/iflorestal\/2018\/07\/IFSR55_29-73.pdf\"><strong>29-73<\/strong><\/a><\/p>\n<ul>\n<li>A vegeta\u00e7\u00e3o da Esta\u00e7\u00e3o Ecol\u00f3gica de Paranapanema: subs\u00eddios para o plano de manejo.\u00a0Vegetation of Paranapanema Ecological Station: support for the management plan.\u00a0Roque CIELO-FILHO, Jo\u00e3o Batista BAITELLO, Maria Teresa Zugliani TONIATO,\u00a0Marina Mitsue KANASHIRO, Isabel Fernandes de Aguiar MATTOS, Osny Tadeu de\u00a0AGUIAR, Silvana Cristina Pereira Muniz de SOUZA, L\u00e9o ZIMBACK, Geraldo Antonio\u00a0Daher Corr\u00eaa FRANCO<br \/>\n<a href=\"http:\/\/dx.doi.org\/10.4322\/ifsr.2018.003\">http:\/\/dx.doi.org\/10.4322\/ifsr.2018.003<\/a><\/li>\n<\/ul>\n<p style=\"text-align: right\"><a href=\"https:\/\/smastr16.blob.core.windows.net\/iflorestal\/2018\/07\/IFSR55_75-128.pdf\"><strong>75-127<\/strong><\/a><\/p>\n","protected":false},"excerpt":{"rendered":"<p>IF S\u00c9RIE REGISTROS N. 55, dez. 2017: Revista Completa \u00a0 Represa Guarapiranga: conflitos entre direito \u00e0 moradia e direito a um meio\u00a0ambiente ecologicamente equilibrado. Guarapiranga dam: conflicts between\u00a0the right to dwelling and the right to an ecologically balanced environment.\u00a0Augusto Rapp de Eston Pinto COELHO http:\/\/dx.doi.org\/10.4322\/ifsr.2018.001 5-27 Diagn\u00f3stico e propostas de manejo da vegeta\u00e7\u00e3o da Esta\u00e7\u00e3o [&hellip;]<\/p>\n","protected":false},"author":102,"featured_media":0,"parent":2992,"menu_order":0,"comment_status":"closed","ping_status":"closed","template":"","meta":[],"_links":{"self":[{"href":"https:\/\/www.infraestruturameioambiente.sp.gov.br\/institutoflorestal\/wp-json\/wp\/v2\/pages\/15110"}],"collection":[{"href":"https:\/\/www.infraestruturameioambiente.sp.gov.br\/institutoflorestal\/wp-json\/wp\/v2\/pages"}],"about":[{"href":"https:\/\/www.infraestruturameioambiente.sp.gov.br\/institutoflorestal\/wp-json\/wp\/v2\/types\/page"}],"author":[{"embeddable":true,"href":"https:\/\/www.infraestruturameioambiente.sp.gov.br\/institutoflorestal\/wp-json\/wp\/v2\/users\/102"}],"replies":[{"embeddable":true,"href":"https:\/\/www.infraestruturameioambiente.sp.gov.br\/institutoflorestal\/wp-json\/wp\/v2\/comments?post=15110"}],"version-history":[{"count":11,"href":"https:\/\/www.infraestruturameioambiente.sp.gov.br\/institutoflorestal\/wp-json\/wp\/v2\/pages\/15110\/revisions"}],"predecessor-version":[{"id":18474,"href":"https:\/\/www.infraestruturameioambiente.sp.gov.br\/institutoflorestal\/wp-json\/wp\/v2\/pages\/15110\/revisions\/18474"}],"up":[{"embeddable":true,"href":"https:\/\/www.infraestruturameioambiente.sp.gov.br\/institutoflorestal\/wp-json\/wp\/v2\/pages\/2992"}],"wp:attachment":[{"href":"https:\/\/www.infraestruturameioambiente.sp.gov.br\/institutoflorestal\/wp-json\/wp\/v2\/media?parent=15110"}],"curies":[{"name":"wp","href":"https:\/\/api.w.org\/{rel}","templated":true}]}}

IF Série Registros nº 55

<p><strong>IF SÉRIE REGISTROS N. 55, dez. 2017: <a href="https://smastr16.blob.core.windows.net/iflorestal/2018/07/IFSR55.pdf">Revista Completa</a></strong></p>
<p><strong> </strong></p>
<ul>
<li>Represa Guarapiranga: conflitos entre direito à moradia e direito a um meio ambiente ecologicamente equilibrado. Guarapiranga dam: conflicts between the right to dwelling and the right to an ecologically balanced environment. Augusto Rapp de Eston Pinto COELHO<br />
<a href="http://dx.doi.org/10.4322/ifsr.2018.001">http://dx.doi.org/10.4322/ifsr.2018.001</a></li>
</ul>
<p style="text-align: right"><a href="https://smastr16.blob.core.windows.net/iflorestal/2018/07/IFSR55_5-27.pdf"><strong>5-27</strong></a></p>
<ul>
<li>Diagnóstico e propostas de manejo da vegetação da Estação Ecológica de Marília, SP, sudeste do Brasil. Diagnosis and vegetation management proposals of Marília Ecological Station, SP, southeastern Brazil. Natália Macedo IVANAUSKAS, Geraldo Antonio Daher Corrêa FRANCO, Giselda DURIGAN; Isabel Fernandes de Aguiar MATTOS, Maria Teresa Zugliani TONIATO, Marina Mitsue KANASHIRO, Natashi Aparecida de Lima PILON, Renata Giassi UDULUTSCH<br />
<a href="http://dx.doi.org/10.4322/ifsr.2018.002">http://dx.doi.org/10.4322/ifsr.2018.002</a></li>
</ul>
<p style="text-align: right"><a href="https://smastr16.blob.core.windows.net/iflorestal/2018/07/IFSR55_29-73.pdf"><strong>29-73</strong></a></p>
<ul>
<li>A vegetação da Estação Ecológica de Paranapanema: subsídios para o plano de manejo. Vegetation of Paranapanema Ecological Station: support for the management plan. Roque CIELO-FILHO, João Batista BAITELLO, Maria Teresa Zugliani TONIATO, Marina Mitsue KANASHIRO, Isabel Fernandes de Aguiar MATTOS, Osny Tadeu de AGUIAR, Silvana Cristina Pereira Muniz de SOUZA, Léo ZIMBACK, Geraldo Antonio Daher Corrêa FRANCO<br />
<a href="http://dx.doi.org/10.4322/ifsr.2018.003">http://dx.doi.org/10.4322/ifsr.2018.003</a></li>
</ul>
<p style="text-align: right"><a href="https://smastr16.blob.core.windows.net/iflorestal/2018/07/IFSR55_75-128.pdf"><strong>75-127</strong></a></p>

<p>IF SÉRIE REGISTROS N. 55, dez. 2017: Revista Completa   Represa Guarapiranga: conflitos entre direito à moradia e direito a um meio ambiente ecologicamente equilibrado. Guarapiranga dam: conflicts between the right to dwelling and the right to an ecologically balanced environment. Augusto Rapp de Eston Pinto COELHO http://dx.doi.org/10.4322/ifsr.2018.001 5-27 Diagnóstico e propostas de manejo da vegetação da Estação [&hellip;]</p>
