{"id":14795,"date":"2018-05-15T10:32:18","date_gmt":"2018-05-15T13:32:18","guid":{"rendered":"https:\/\/www.infraestruturameioambiente.sp.gov.br\/institutoflorestal\/?page_id=14795"},"modified":"2019-05-06T15:53:31","modified_gmt":"2019-05-06T18:53:31","slug":"organizacao-seminario-de-ic-2018","status":"publish","type":"page","link":"https:\/\/www.infraestruturameioambiente.sp.gov.br\/institutoflorestal\/o-instituto\/estagios-e-bolsas\/seminario-de-iniciacao-cientifica\/12o-seminario-de-iniciacao-cientifica-do-instituto-florestal-2018\/organizacao-seminario-de-ic-2018\/","title":{"rendered":"Organiza\u00e7\u00e3o &#8211; Semin\u00e1rio de IC &#8211; 2018"},"content":{"rendered":"<p><strong>Comiss\u00e3o Organizadora<\/strong><\/p>\n<p>Alexsander Zamorano Antunes<br \/>\nCybele de Oliveira Araujo<br \/>\nEduardo Luiz Longui<br \/>\nFrederico Alexandre Roccia Dal Pozzo Arzola<br \/>\nHelena Dutra Lutgens<br \/>\nHumberto Gallo Jr<br \/>\nLeni Meire Pereira Ribeiro Lima<br \/>\nMaur\u00edcio Ranzini<br \/>\nMarcos Buhrer Campolim<br \/>\nMarina Mitsue Kanashiro<br \/>\nM\u00f4nica Pav\u00e3o<br \/>\nPaulo Andreetto de Muzio<\/p>\n","protected":false},"excerpt":{"rendered":"<p>Comiss\u00e3o Organizadora Alexsander Zamorano Antunes Cybele de Oliveira Araujo Eduardo Luiz Longui Frederico Alexandre Roccia Dal Pozzo Arzola Helena Dutra Lutgens Humberto Gallo Jr Leni Meire Pereira Ribeiro Lima Maur\u00edcio Ranzini Marcos Buhrer Campolim Marina Mitsue Kanashiro M\u00f4nica Pav\u00e3o Paulo Andreetto de Muzio<\/p>\n","protected":false},"author":102,"featured_media":0,"parent":14791,"menu_order":0,"comment_status":"closed","ping_status":"closed","template":"","meta":[],"_links":{"self":[{"href":"https:\/\/www.infraestruturameioambiente.sp.gov.br\/institutoflorestal\/wp-json\/wp\/v2\/pages\/14795"}],"collection":[{"href":"https:\/\/www.infraestruturameioambiente.sp.gov.br\/institutoflorestal\/wp-json\/wp\/v2\/pages"}],"about":[{"href":"https:\/\/www.infraestruturameioambiente.sp.gov.br\/institutoflorestal\/wp-json\/wp\/v2\/types\/page"}],"author":[{"embeddable":true,"href":"https:\/\/www.infraestruturameioambiente.sp.gov.br\/institutoflorestal\/wp-json\/wp\/v2\/users\/102"}],"replies":[{"embeddable":true,"href":"https:\/\/www.infraestruturameioambiente.sp.gov.br\/institutoflorestal\/wp-json\/wp\/v2\/comments?post=14795"}],"version-history":[{"count":2,"href":"https:\/\/www.infraestruturameioambiente.sp.gov.br\/institutoflorestal\/wp-json\/wp\/v2\/pages\/14795\/revisions"}],"predecessor-version":[{"id":16730,"href":"https:\/\/www.infraestruturameioambiente.sp.gov.br\/institutoflorestal\/wp-json\/wp\/v2\/pages\/14795\/revisions\/16730"}],"up":[{"embeddable":true,"href":"https:\/\/www.infraestruturameioambiente.sp.gov.br\/institutoflorestal\/wp-json\/wp\/v2\/pages\/14791"}],"wp:attachment":[{"href":"https:\/\/www.infraestruturameioambiente.sp.gov.br\/institutoflorestal\/wp-json\/wp\/v2\/media?parent=14795"}],"curies":[{"name":"wp","href":"https:\/\/api.w.org\/{rel}","templated":true}]}}