{"id":14687,"date":"2018-05-03T16:59:32","date_gmt":"2018-05-03T19:59:32","guid":{"rendered":"https:\/\/www.infraestruturameioambiente.sp.gov.br\/institutoflorestal\/?page_id=14687"},"modified":"2022-09-22T09:46:32","modified_gmt":"2022-09-22T12:46:32","slug":"museo-forestal-octavio-vecchi","status":"publish","type":"page","link":"https:\/\/www.infraestruturameioambiente.sp.gov.br\/institutoflorestal\/colecoes-e-acervos\/museu-florestal\/museo-forestal-octavio-vecchi\/","title":{"rendered":"Museo Forestal Oct\u00e1vio Vecchi"},"content":{"rendered":"<p>&nbsp;<\/p>\n<table>\n<tbody>\n<tr>\n<td style=\"width: 51px\"><strong><a href=\"https:\/\/www.infraestruturameioambiente.sp.gov.br\/institutoflorestal\/colecoes-e-acervos\/museu-florestal\/octavio-vecchi-forest-museum\/\">English<\/a><\/strong><\/td>\n<td style=\"width: 64px\"><a href=\"https:\/\/www.infraestruturameioambiente.sp.gov.br\/institutoflorestal\/colecoes-e-acervos\/museu-florestal\/arbara-muzeo-octavio-vecchi\/\"><strong>Esperanto<\/strong><\/a><\/td>\n<td style=\"width: 72px\"><a href=\"https:\/\/www.infraestruturameioambiente.sp.gov.br\/institutoflorestal\/colecoes-e-acervos\/museu-florestal\/musee-forestier-octavio-vecchi\/\"><strong>Fran\u00e7ais<\/strong><\/a><\/td>\n<td style=\"width: 60px\"><strong><a href=\"https:\/\/www.infraestruturameioambiente.sp.gov.br\/institutoflorestal\/colecoes-e-acervos\/museu-florestal\/\">Portugu\u00eas<\/a><\/strong><\/td>\n<\/tr>\n<\/tbody>\n<\/table>\n<div class=\"wc-gallery\"><div id='gallery-1' data-gutter-width='5' data-columns='3' class='gallery wc-gallery-captions-onhover gallery-link-file gallery-masonry galleryid-14687 gallery-columns-3 gallery-size-thumbnail wc-gallery-bottomspace-default wc-gallery-clear'><div class='gallery-item gallery-item-position-1 gallery-item-attachment-7039'>\n\t\t\t\t<div class='gallery-icon landscape'>\n\t\t\t\t\t<a href='https:\/\/www.infraestruturameioambiente.sp.gov.br\/institutoflorestal\/wp-content\/uploads\/sites\/234\/2013\/03\/MG_3140_1-600x667.jpg' title='' target='_self'><img width=\"150\" height=\"150\" src=\"https:\/\/www.infraestruturameioambiente.sp.gov.br\/institutoflorestal\/wp-content\/uploads\/sites\/234\/2013\/03\/MG_3140_1-150x150.jpg\" class=\"attachment-thumbnail size-thumbnail\" alt=\"\" decoding=\"async\" loading=\"lazy\" \/><\/a>\n\t\t\t\t<\/div><\/div><div class='gallery-item gallery-item-position-2 gallery-item-attachment-3818'>\n\t\t\t\t<div class='gallery-icon landscape'>\n\t\t\t\t\t<a href='https:\/\/www.infraestruturameioambiente.sp.gov.br\/institutoflorestal\/wp-content\/uploads\/sites\/234\/2013\/08\/MG_3599_1-600x667.jpg' title='_MG_3599_1' target='_self'><img width=\"150\" height=\"150\" src=\"https:\/\/www.infraestruturameioambiente.sp.gov.br\/institutoflorestal\/wp-content\/uploads\/sites\/234\/2013\/08\/MG_3599_1-150x150.jpg\" class=\"attachment-thumbnail size-thumbnail\" alt=\"\" decoding=\"async\" loading=\"lazy\" \/><\/a>\n\t\t\t\t<\/div><\/div><div class='gallery-item gallery-item-position-3 gallery-item-attachment-3809'>\n\t\t\t\t<div class='gallery-icon landscape'>\n\t\t\t\t\t<a href='https:\/\/www.infraestruturameioambiente.sp.gov.br\/institutoflorestal\/wp-content\/uploads\/sites\/234\/2013\/08\/MG_3618_1-600x667.jpg' title='_MG_3618_1' target='_self'><img width=\"150\" height=\"150\" src=\"https:\/\/www.infraestruturameioambiente.sp.gov.br\/institutoflorestal\/wp-content\/uploads\/sites\/234\/2013\/08\/MG_3618_1-150x150.jpg\" class=\"attachment-thumbnail size-thumbnail\" alt=\"\" decoding=\"async\" loading=\"lazy\" \/><\/a>\n\t\t\t\t<\/div>\n\t\t\t\t\t<div class='wp-caption-text gallery-caption'>\n\t\t\t\t\t\t<p>\n\t\t\t\t\t\tPr\u00e9dios hist\u00f3ricos\n\t\t\t\t\t\t<\/p>\n\t\t\t\t\t<\/div><\/div><\/div>\n<\/div>\n<p>El Museo Forestal fue concebido al fin de la d\u00e9cada de 1920 por el director del Servicio Forestal, Oct\u00e1vio Vecchi. El edificio fue construido entre 1928 y 1930.Inaugurado en 1931,dise\u00f1ado espec\u00edficamente para recibir el acervo, as\u00ed como laboratorios de investigaci\u00f3n que funcionaron en el piso inferior entre las d\u00e9cadas de 1930 y 1960. El Museo Forestal fue importante secci\u00f3n de investigaci\u00f3n y abrig\u00f3 laboratorio de meteorolog\u00eda, de fotograf\u00eda, herbario y xiloteca del Servicio Forestal, actual Instituto Forestal.<\/p>\n<p>El acervo \u00e9s compuesto por un diverso muestrario de maderas entalladas, semillas, piezas de las escuelas de xilograf\u00eda, char\u00f3n (laca japonesa), carpinter\u00eda, marqueter\u00eda, acuarelas, gran panel a \u00f3leo de autor\u00eda de Helios Seelinger que ilustra la historia de S\u00e3o Paulo, pintura mural de especies nativas realizada por Antonio Paim Vieira, vidrieras ejecutadas por la Casa Conrado, adem\u00e1s de otras obras.<\/p>\n<p>Conjugando ciencia, historia y arte, el museo es espacio de contemplaci\u00f3n y educaci\u00f3n ambiental.<\/p>\n<p><a href=\"https:\/\/urbiaaguasclaras.com.br\/\"><strong><img decoding=\"async\" loading=\"lazy\" class=\"alignnone size-wcfixedheightmedium wp-image-20932\" src=\"https:\/\/smastr16.blob.core.windows.net\/iflorestal\/sites\/234\/2022\/09\/museu_florestal_urbia-787x300.jpg\" alt=\"\" width=\"787\" height=\"300\" srcset=\"https:\/\/smastr16.blob.core.windows.net\/iflorestal\/sites\/234\/2022\/09\/museu_florestal_urbia-787x300.jpg 787w, https:\/\/smastr16.blob.core.windows.net\/iflorestal\/sites\/234\/2022\/09\/museu_florestal_urbia-300x114.jpg 300w, https:\/\/smastr16.blob.core.windows.net\/iflorestal\/sites\/234\/2022\/09\/museu_florestal_urbia-1024x390.jpg 1024w, https:\/\/smastr16.blob.core.windows.net\/iflorestal\/sites\/234\/2022\/09\/museu_florestal_urbia-768x293.jpg 768w, https:\/\/smastr16.blob.core.windows.net\/iflorestal\/sites\/234\/2022\/09\/museu_florestal_urbia-1536x586.jpg 1536w, https:\/\/smastr16.blob.core.windows.net\/iflorestal\/sites\/234\/2022\/09\/museu_florestal_urbia-250x95.jpg 250w, https:\/\/smastr16.blob.core.windows.net\/iflorestal\/sites\/234\/2022\/09\/museu_florestal_urbia-550x210.jpg 550w, https:\/\/smastr16.blob.core.windows.net\/iflorestal\/sites\/234\/2022\/09\/museu_florestal_urbia-800x305.jpg 800w, https:\/\/smastr16.blob.core.windows.net\/iflorestal\/sites\/234\/2022\/09\/museu_florestal_urbia-472x180.jpg 472w, https:\/\/smastr16.blob.core.windows.net\/iflorestal\/sites\/234\/2022\/09\/museu_florestal_urbia-1311x500.jpg 1311w, https:\/\/smastr16.blob.core.windows.net\/iflorestal\/sites\/234\/2022\/09\/museu_florestal_urbia.jpg 1899w\" sizes=\"(max-width: 787px) 100vw, 787px\" \/><\/strong><\/a><\/p>\n<p><strong>UBICACI\u00d3N<\/strong><\/p>\n<ul>\n<li><span style=\"font-weight: 400\">Parque Estadual Alberto L\u00f6fgren, \u00a0Rua do Horto, 931 \u2013 Horto Florestal \u2013 S\u00e3o Paulo \u2013 SP \u2013 Brasil <\/span><\/li>\n<\/ul>\n","protected":false},"excerpt":{"rendered":"<p>&nbsp; English Esperanto Fran\u00e7ais Portugu\u00eas El Museo Forestal fue concebido al fin de la d\u00e9cada de 1920 por el director del Servicio Forestal, Oct\u00e1vio Vecchi. El edificio fue construido entre 1928 y 1930.Inaugurado en 1931,dise\u00f1ado espec\u00edficamente para recibir el acervo, as\u00ed como laboratorios de investigaci\u00f3n que funcionaron en el piso inferior entre las d\u00e9cadas de [&hellip;]<\/p>\n","protected":false},"author":102,"featured_media":0,"parent":1818,"menu_order":0,"comment_status":"closed","ping_status":"closed","template":"","meta":[],"_links":{"self":[{"href":"https:\/\/www.infraestruturameioambiente.sp.gov.br\/institutoflorestal\/wp-json\/wp\/v2\/pages\/14687"}],"collection":[{"href":"https:\/\/www.infraestruturameioambiente.sp.gov.br\/institutoflorestal\/wp-json\/wp\/v2\/pages"}],"about":[{"href":"https:\/\/www.infraestruturameioambiente.sp.gov.br\/institutoflorestal\/wp-json\/wp\/v2\/types\/page"}],"author":[{"embeddable":true,"href":"https:\/\/www.infraestruturameioambiente.sp.gov.br\/institutoflorestal\/wp-json\/wp\/v2\/users\/102"}],"replies":[{"embeddable":true,"href":"https:\/\/www.infraestruturameioambiente.sp.gov.br\/institutoflorestal\/wp-json\/wp\/v2\/comments?post=14687"}],"version-history":[{"count":14,"href":"https:\/\/www.infraestruturameioambiente.sp.gov.br\/institutoflorestal\/wp-json\/wp\/v2\/pages\/14687\/revisions"}],"predecessor-version":[{"id":20946,"href":"https:\/\/www.infraestruturameioambiente.sp.gov.br\/institutoflorestal\/wp-json\/wp\/v2\/pages\/14687\/revisions\/20946"}],"up":[{"embeddable":true,"href":"https:\/\/www.infraestruturameioambiente.sp.gov.br\/institutoflorestal\/wp-json\/wp\/v2\/pages\/1818"}],"wp:attachment":[{"href":"https:\/\/www.infraestruturameioambiente.sp.gov.br\/institutoflorestal\/wp-json\/wp\/v2\/media?parent=14687"}],"curies":[{"name":"wp","href":"https:\/\/api.w.org\/{rel}","templated":true}]}}

Museo Forestal Octávio Vecchi

<p>&nbsp;</p>
<table>
<tbody>
<tr>
<td style="width: 51px"><strong><a href="https://www.infraestruturameioambiente.sp.gov.br/institutoflorestal/colecoes-e-acervos/museu-florestal/octavio-vecchi-forest-museum/">English</a></strong></td>
<td style="width: 64px"><a href="https://www.infraestruturameioambiente.sp.gov.br/institutoflorestal/colecoes-e-acervos/museu-florestal/arbara-muzeo-octavio-vecchi/"><strong>Esperanto</strong></a></td>
<td style="width: 72px"><a href="https://www.infraestruturameioambiente.sp.gov.br/institutoflorestal/colecoes-e-acervos/museu-florestal/musee-forestier-octavio-vecchi/"><strong>Français</strong></a></td>
<td style="width: 60px"><strong><a href="https://www.infraestruturameioambiente.sp.gov.br/institutoflorestal/colecoes-e-acervos/museu-florestal/">Português</a></strong></td>
</tr>
</tbody>
</table>
<div class="wc-gallery"><div id='gallery-1' data-gutter-width='5' data-columns='3' class='gallery wc-gallery-captions-onhover gallery-link-file gallery-masonry galleryid-14687 gallery-columns-3 gallery-size-thumbnail wc-gallery-bottomspace-default wc-gallery-clear'><div class='gallery-item gallery-item-position-1 gallery-item-attachment-7039'>
				<div class='gallery-icon landscape'>
					<a href='https://www.infraestruturameioambiente.sp.gov.br/institutoflorestal/wp-content/uploads/sites/234/2013/03/MG_3140_1-600x667.jpg' title='' target='_self'><img width="150" height="150" src="https://www.infraestruturameioambiente.sp.gov.br/institutoflorestal/wp-content/uploads/sites/234/2013/03/MG_3140_1-150x150.jpg" class="attachment-thumbnail size-thumbnail" alt="" decoding="async" loading="lazy" /></a>
				</div></div><div class='gallery-item gallery-item-position-2 gallery-item-attachment-3818'>
				<div class='gallery-icon landscape'>
					<a href='https://www.infraestruturameioambiente.sp.gov.br/institutoflorestal/wp-content/uploads/sites/234/2013/08/MG_3599_1-600x667.jpg' title='_MG_3599_1' target='_self'><img width="150" height="150" src="https://www.infraestruturameioambiente.sp.gov.br/institutoflorestal/wp-content/uploads/sites/234/2013/08/MG_3599_1-150x150.jpg" class="attachment-thumbnail size-thumbnail" alt="" decoding="async" loading="lazy" /></a>
				</div></div><div class='gallery-item gallery-item-position-3 gallery-item-attachment-3809'>
				<div class='gallery-icon landscape'>
					<a href='https://www.infraestruturameioambiente.sp.gov.br/institutoflorestal/wp-content/uploads/sites/234/2013/08/MG_3618_1-600x667.jpg' title='_MG_3618_1' target='_self'><img width="150" height="150" src="https://www.infraestruturameioambiente.sp.gov.br/institutoflorestal/wp-content/uploads/sites/234/2013/08/MG_3618_1-150x150.jpg" class="attachment-thumbnail size-thumbnail" alt="" decoding="async" loading="lazy" /></a>
				</div>
					<div class='wp-caption-text gallery-caption'>
						<p>
						Prédios históricos
						</p>
					</div></div></div>
</div>
<p>El Museo Forestal fue concebido al fin de la década de 1920 por el director del Servicio Forestal, Octávio Vecchi. El edificio fue construido entre 1928 y 1930.Inaugurado en 1931,diseñado específicamente para recibir el acervo, así como laboratorios de investigación que funcionaron en el piso inferior entre las décadas de 1930 y 1960. El Museo Forestal fue importante sección de investigación y abrigó laboratorio de meteorología, de fotografía, herbario y xiloteca del Servicio Forestal, actual Instituto Forestal.</p>
<p>El acervo és compuesto por un diverso muestrario de maderas entalladas, semillas, piezas de las escuelas de xilografía, charón (laca japonesa), carpintería, marquetería, acuarelas, gran panel a óleo de autoría de Helios Seelinger que ilustra la historia de São Paulo, pintura mural de especies nativas realizada por Antonio Paim Vieira, vidrieras ejecutadas por la Casa Conrado, además de otras obras.</p>
<p>Conjugando ciencia, historia y arte, el museo es espacio de contemplación y educación ambiental.</p>
<p><a href="https://urbiaaguasclaras.com.br/"><strong><img decoding="async" loading="lazy" class="alignnone size-wcfixedheightmedium wp-image-20932" src="https://smastr16.blob.core.windows.net/iflorestal/sites/234/2022/09/museu_florestal_urbia-787x300.jpg" alt="" width="787" height="300" srcset="https://smastr16.blob.core.windows.net/iflorestal/sites/234/2022/09/museu_florestal_urbia-787x300.jpg 787w, https://smastr16.blob.core.windows.net/iflorestal/sites/234/2022/09/museu_florestal_urbia-300x114.jpg 300w, https://smastr16.blob.core.windows.net/iflorestal/sites/234/2022/09/museu_florestal_urbia-1024x390.jpg 1024w, https://smastr16.blob.core.windows.net/iflorestal/sites/234/2022/09/museu_florestal_urbia-768x293.jpg 768w, https://smastr16.blob.core.windows.net/iflorestal/sites/234/2022/09/museu_florestal_urbia-1536x586.jpg 1536w, https://smastr16.blob.core.windows.net/iflorestal/sites/234/2022/09/museu_florestal_urbia-250x95.jpg 250w, https://smastr16.blob.core.windows.net/iflorestal/sites/234/2022/09/museu_florestal_urbia-550x210.jpg 550w, https://smastr16.blob.core.windows.net/iflorestal/sites/234/2022/09/museu_florestal_urbia-800x305.jpg 800w, https://smastr16.blob.core.windows.net/iflorestal/sites/234/2022/09/museu_florestal_urbia-472x180.jpg 472w, https://smastr16.blob.core.windows.net/iflorestal/sites/234/2022/09/museu_florestal_urbia-1311x500.jpg 1311w, https://smastr16.blob.core.windows.net/iflorestal/sites/234/2022/09/museu_florestal_urbia.jpg 1899w" sizes="(max-width: 787px) 100vw, 787px" /></strong></a></p>
<p><strong>UBICACIÓN</strong></p>
<ul>
<li><span style="font-weight: 400">Parque Estadual Alberto Löfgren,  Rua do Horto, 931 – Horto Florestal – São Paulo – SP – Brasil </span></li>
</ul>

<p>&nbsp; English Esperanto Français Português El Museo Forestal fue concebido al fin de la década de 1920 por el director del Servicio Forestal, Octávio Vecchi. El edificio fue construido entre 1928 y 1930.Inaugurado en 1931,diseñado específicamente para recibir el acervo, así como laboratorios de investigación que funcionaron en el piso inferior entre las décadas de [&hellip;]</p>
