{"id":14015,"date":"2017-11-29T11:06:35","date_gmt":"2017-11-29T13:06:35","guid":{"rendered":"https:\/\/www.infraestruturameioambiente.sp.gov.br\/institutoflorestal\/?page_id=14015"},"modified":"2017-12-18T16:56:09","modified_gmt":"2017-12-18T18:56:09","slug":"informacoes-sobre-a-febre-amarela","status":"publish","type":"page","link":"https:\/\/www.infraestruturameioambiente.sp.gov.br\/institutoflorestal\/informacoes-sobre-a-febre-amarela\/","title":{"rendered":"Informa\u00e7\u00f5es sobre a febre amarela"},"content":{"rendered":"<p><strong>INFORMATIVO AOS PESQUISADORES, OBSERVADORES DE AVES, ECOTURISTAS E VISITANTES DAS UNIDADES DE CONSERVA\u00c7\u00c3O ESTADUAIS DO ESTADO DE S\u00c3O PAULO<\/strong><\/p>\n<p>A febre amarela silvestre ocorre no Brasil de forma end\u00eamica, principalmente na regi\u00e3o Amaz\u00f4nica, expandindo-se para as regi\u00f5es Centro-Oeste, Sudeste e Sul, em ciclos epid\u00eamicos ou epizo\u00f3ticos (transmiss\u00e3o intensa entre primatas n\u00e3o humanos &#8211; diversas esp\u00e9cies de macacos). A transmiss\u00e3o se d\u00e1 pela picada de mosquitos silvestres dos g\u00eaneros <em>Haemagogus<\/em> e <em>Sabethes<\/em> infectados pelo v\u00edrus da febre amarela, comuns em matas, pois se criam em ocos de \u00e1rvores que acumulam \u00e1guas das chuvas. Estes mosquitos apresentam atividade diurna principalmente nos hor\u00e1rios mais quentes do dia (final da manh\u00e3 at\u00e9 o meio da tarde) e podem infectar o homem no interior ou nas bordas das matas.<\/p>\n<div id=\"attachment_14138\" style=\"width: 210px\" class=\"wp-caption alignleft\"><a href=\"https:\/\/www.infraestruturameioambiente.sp.gov.br\/institutoflorestal\/wp-content\/uploads\/sites\/234\/2017\/11\/Sabethes_Dr_1.jpg\"><img aria-describedby=\"caption-attachment-14138\" decoding=\"async\" loading=\"lazy\" class=\"wp-image-14138\" src=\"https:\/\/www.infraestruturameioambiente.sp.gov.br\/institutoflorestal\/wp-content\/uploads\/sites\/234\/2017\/11\/Sabethes_Dr_1.jpg\" alt=\"\" width=\"200\" height=\"211\" srcset=\"https:\/\/www.infraestruturameioambiente.sp.gov.br\/institutoflorestal\/wp-content\/uploads\/sites\/234\/2017\/11\/Sabethes_Dr_1.jpg 392w, https:\/\/www.infraestruturameioambiente.sp.gov.br\/institutoflorestal\/wp-content\/uploads\/sites\/234\/2017\/11\/Sabethes_Dr_1-284x300.jpg 284w, https:\/\/www.infraestruturameioambiente.sp.gov.br\/institutoflorestal\/wp-content\/uploads\/sites\/234\/2017\/11\/Sabethes_Dr_1-256x270.jpg 256w, https:\/\/www.infraestruturameioambiente.sp.gov.br\/institutoflorestal\/wp-content\/uploads\/sites\/234\/2017\/11\/Sabethes_Dr_1-147x155.jpg 147w, https:\/\/www.infraestruturameioambiente.sp.gov.br\/institutoflorestal\/wp-content\/uploads\/sites\/234\/2017\/11\/Sabethes_Dr_1-92x97.jpg 92w, https:\/\/www.infraestruturameioambiente.sp.gov.br\/institutoflorestal\/wp-content\/uploads\/sites\/234\/2017\/11\/Sabethes_Dr_1-64x68.jpg 64w, https:\/\/www.infraestruturameioambiente.sp.gov.br\/institutoflorestal\/wp-content\/uploads\/sites\/234\/2017\/11\/Sabethes_Dr_1-190x201.jpg 190w, https:\/\/www.infraestruturameioambiente.sp.gov.br\/institutoflorestal\/wp-content\/uploads\/sites\/234\/2017\/11\/Sabethes_Dr_1-122x129.jpg 122w, https:\/\/www.infraestruturameioambiente.sp.gov.br\/institutoflorestal\/wp-content\/uploads\/sites\/234\/2017\/11\/Sabethes_Dr_1-94x99.jpg 94w, https:\/\/www.infraestruturameioambiente.sp.gov.br\/institutoflorestal\/wp-content\/uploads\/sites\/234\/2017\/11\/Sabethes_Dr_1-66x70.jpg 66w\" sizes=\"(max-width: 200px) 100vw, 200px\" \/><\/a><p id=\"caption-attachment-14138\" class=\"wp-caption-text\">Sabethes \/ Foto: Eduardo Bergo<\/p><\/div>\n<p>Desde o primeiro semestre de 2016 foi detectada a circula\u00e7\u00e3o do v\u00edrus da febre amarela nas regi\u00f5es norte e noroeste do Estado de S\u00e3o Paulo. A partir do in\u00edcio de 2017 houve um aumento no n\u00famero de casos na regional de Campinas e, recentemente, em outubro de 2017 ocorreu a comprova\u00e7\u00e3o da circula\u00e7\u00e3o do v\u00edrus na zona norte de S\u00e3o Paulo, no Parque Estadual Alberto L\u00f6fgren (Horto Florestal) seguido do Parque Anhanguera, e localidades em Mairipor\u00e3 e Caieiras. Muitas mortes de Primatas N\u00e3o Humanos (PNH) foram notificadas e considerando o per\u00edodo entre julho de 2016 at\u00e9 o momento, foram confirmados 364 PNH em 40 munic\u00edpios.<\/p>\n<p>Dentre os quatro tipos de macacos mais afetados (bugios, saguis, macacos-prego e sau\u00e1s) pela febre amarela no estado de S\u00e3o Paulo, cerca de 80% dos registros foram atribu\u00eddos ao bugio-preto (<em>Alouatta caraya <\/em>\u2013 na regi\u00e3o oeste do estado no primeiro ano do surto) e ao bugio-ruivo (<em>Alouatta guariba clamitans<\/em>) na regional de Campinas e RMSP.<\/p>\n<p>De acordo com os dados do \u00faltimo boletim epidemiol\u00f3gico da febre amarela (13\/11\/2017), entre janeiro e a primeira quinzena do m\u00eas de outubro de 2017 foram confirmados23 casos humanos de febre amarela no Estado de S\u00e3o Paulo, entre eles dez \u00f3bitos.<\/p>\n<div id=\"attachment_14137\" style=\"width: 210px\" class=\"wp-caption alignright\"><a href=\"https:\/\/www.infraestruturameioambiente.sp.gov.br\/institutoflorestal\/wp-content\/uploads\/sites\/234\/2017\/11\/Haemagogus.jpg\"><img aria-describedby=\"caption-attachment-14137\" decoding=\"async\" loading=\"lazy\" class=\"wp-image-14137\" src=\"https:\/\/www.infraestruturameioambiente.sp.gov.br\/institutoflorestal\/wp-content\/uploads\/sites\/234\/2017\/11\/Haemagogus.jpg\" alt=\"\" width=\"200\" height=\"192\" srcset=\"https:\/\/www.infraestruturameioambiente.sp.gov.br\/institutoflorestal\/wp-content\/uploads\/sites\/234\/2017\/11\/Haemagogus.jpg 607w, https:\/\/www.infraestruturameioambiente.sp.gov.br\/institutoflorestal\/wp-content\/uploads\/sites\/234\/2017\/11\/Haemagogus-300x288.jpg 300w, https:\/\/www.infraestruturameioambiente.sp.gov.br\/institutoflorestal\/wp-content\/uploads\/sites\/234\/2017\/11\/Haemagogus-282x270.jpg 282w, https:\/\/www.infraestruturameioambiente.sp.gov.br\/institutoflorestal\/wp-content\/uploads\/sites\/234\/2017\/11\/Haemagogus-162x155.jpg 162w, https:\/\/www.infraestruturameioambiente.sp.gov.br\/institutoflorestal\/wp-content\/uploads\/sites\/234\/2017\/11\/Haemagogus-101x97.jpg 101w, https:\/\/www.infraestruturameioambiente.sp.gov.br\/institutoflorestal\/wp-content\/uploads\/sites\/234\/2017\/11\/Haemagogus-68x65.jpg 68w, https:\/\/www.infraestruturameioambiente.sp.gov.br\/institutoflorestal\/wp-content\/uploads\/sites\/234\/2017\/11\/Haemagogus-210x201.jpg 210w, https:\/\/www.infraestruturameioambiente.sp.gov.br\/institutoflorestal\/wp-content\/uploads\/sites\/234\/2017\/11\/Haemagogus-129x124.jpg 129w, https:\/\/www.infraestruturameioambiente.sp.gov.br\/institutoflorestal\/wp-content\/uploads\/sites\/234\/2017\/11\/Haemagogus-103x99.jpg 103w, https:\/\/www.infraestruturameioambiente.sp.gov.br\/institutoflorestal\/wp-content\/uploads\/sites\/234\/2017\/11\/Haemagogus-70x67.jpg 70w, https:\/\/www.infraestruturameioambiente.sp.gov.br\/institutoflorestal\/wp-content\/uploads\/sites\/234\/2017\/11\/Haemagogus-69x66.jpg 69w\" sizes=\"(max-width: 200px) 100vw, 200px\" \/><\/a><p id=\"caption-attachment-14137\" class=\"wp-caption-text\">Haemagogus \/ Foto: Eduardo Bergo<\/p><\/div>\n<p><strong>Munic\u00edpios de infec\u00e7\u00e3o dos casos humanos: <\/strong>\u00c1guas da Prata, Am\u00e9rico Brasiliense, Amparo, Batatais, Campinas, Itatiba, Mococa\/Cassia dos Coqueiros, Monte Alegre do Sul, Santa Cruz do Rio Pardo, Santa Lucia, S\u00e3o Jo\u00e3o da Boa Vista e Tuiuti.<\/p>\n<p>Atualmente, o estado de S\u00e3o Paulo possui uma zona de recomenda\u00e7\u00e3o para vacina que abrange 16 regi\u00f5es administrativas e Bacias Hidrogr\u00e1ficas e outra zona que vem sendo chamada de tempor\u00e1ria devido aos recentes casos de outubro de 2017 (Mapa em anexo). Pessoas que residirem ou forem para estas regi\u00f5es devem estar imunizadas contra a febre Amarela.<\/p>\n<p>As localidades afetadas e \u00e1reas de recomenda\u00e7\u00e3o de vacina distribuem-se em munic\u00edpios localizados nas figuras 1 e 2.<\/p>\n<p><strong><u>\u00c9 imprescind\u00edvel que as pessoas que residam ou frequentam ambientes florestais (de mata) estejam imunizadas contra o v\u00edrus da Febre Amarela.<\/u><\/strong><\/p>\n<p><strong><u>Lembrando que a vacina confere imunidade ap\u00f3s 10 dias da sua aplica\u00e7\u00e3o.<\/u><\/strong><\/p>\n<div id=\"attachment_14016\" style=\"width: 610px\" class=\"wp-caption alignnone\"><a href=\"https:\/\/www.infraestruturameioambiente.sp.gov.br\/institutoflorestal\/wp-content\/uploads\/sites\/234\/2017\/11\/Febre-amarela_munic\u00edpios_13-11-2017_lista_munic\u00edpios.pdf\"><img aria-describedby=\"caption-attachment-14016\" decoding=\"async\" loading=\"lazy\" class=\"wp-image-14016\" src=\"https:\/\/www.infraestruturameioambiente.sp.gov.br\/institutoflorestal\/wp-content\/uploads\/sites\/234\/2017\/11\/Febre-amarela_munic\u00edpios_13-11-2017_lista_munic\u00edpios.jpg\" alt=\"\" width=\"600\" height=\"424\" srcset=\"https:\/\/www.infraestruturameioambiente.sp.gov.br\/institutoflorestal\/wp-content\/uploads\/sites\/234\/2017\/11\/Febre-amarela_munic\u00edpios_13-11-2017_lista_munic\u00edpios.jpg 4962w, https:\/\/www.infraestruturameioambiente.sp.gov.br\/institutoflorestal\/wp-content\/uploads\/sites\/234\/2017\/11\/Febre-amarela_munic\u00edpios_13-11-2017_lista_munic\u00edpios-300x212.jpg 300w, https:\/\/www.infraestruturameioambiente.sp.gov.br\/institutoflorestal\/wp-content\/uploads\/sites\/234\/2017\/11\/Febre-amarela_munic\u00edpios_13-11-2017_lista_munic\u00edpios-768x543.jpg 768w, https:\/\/www.infraestruturameioambiente.sp.gov.br\/institutoflorestal\/wp-content\/uploads\/sites\/234\/2017\/11\/Febre-amarela_munic\u00edpios_13-11-2017_lista_munic\u00edpios-382x270.jpg 382w, https:\/\/www.infraestruturameioambiente.sp.gov.br\/institutoflorestal\/wp-content\/uploads\/sites\/234\/2017\/11\/Febre-amarela_munic\u00edpios_13-11-2017_lista_munic\u00edpios-219x155.jpg 219w, https:\/\/www.infraestruturameioambiente.sp.gov.br\/institutoflorestal\/wp-content\/uploads\/sites\/234\/2017\/11\/Febre-amarela_munic\u00edpios_13-11-2017_lista_munic\u00edpios-137x97.jpg 137w, https:\/\/www.infraestruturameioambiente.sp.gov.br\/institutoflorestal\/wp-content\/uploads\/sites\/234\/2017\/11\/Febre-amarela_munic\u00edpios_13-11-2017_lista_munic\u00edpios-68x48.jpg 68w, https:\/\/www.infraestruturameioambiente.sp.gov.br\/institutoflorestal\/wp-content\/uploads\/sites\/234\/2017\/11\/Febre-amarela_munic\u00edpios_13-11-2017_lista_munic\u00edpios-284x201.jpg 284w, https:\/\/www.infraestruturameioambiente.sp.gov.br\/institutoflorestal\/wp-content\/uploads\/sites\/234\/2017\/11\/Febre-amarela_munic\u00edpios_13-11-2017_lista_munic\u00edpios-129x91.jpg 129w, https:\/\/www.infraestruturameioambiente.sp.gov.br\/institutoflorestal\/wp-content\/uploads\/sites\/234\/2017\/11\/Febre-amarela_munic\u00edpios_13-11-2017_lista_munic\u00edpios-140x99.jpg 140w, https:\/\/www.infraestruturameioambiente.sp.gov.br\/institutoflorestal\/wp-content\/uploads\/sites\/234\/2017\/11\/Febre-amarela_munic\u00edpios_13-11-2017_lista_munic\u00edpios-70x50.jpg 70w, https:\/\/www.infraestruturameioambiente.sp.gov.br\/institutoflorestal\/wp-content\/uploads\/sites\/234\/2017\/11\/Febre-amarela_munic\u00edpios_13-11-2017_lista_munic\u00edpios-330x233.jpg 330w, https:\/\/www.infraestruturameioambiente.sp.gov.br\/institutoflorestal\/wp-content\/uploads\/sites\/234\/2017\/11\/Febre-amarela_munic\u00edpios_13-11-2017_lista_munic\u00edpios-69x49.jpg 69w\" sizes=\"(max-width: 600px) 100vw, 600px\" \/><\/a><p id=\"caption-attachment-14016\" class=\"wp-caption-text\">Munic\u00edpios com epizootias e casos humanos confirmados em 2017 e 2017 \/ Fonte: CVE \u2013 Secretaria de Sa\u00fade<\/p><\/div>\n<div id=\"attachment_14017\" style=\"width: 610px\" class=\"wp-caption alignnone\"><a href=\"https:\/\/www.infraestruturameioambiente.sp.gov.br\/institutoflorestal\/wp-content\/uploads\/sites\/234\/2017\/11\/Febre-amarela_recomenda\u00e7\u00e3o_vacina-x-UCs_13-11-2017.pdf\"><img aria-describedby=\"caption-attachment-14017\" decoding=\"async\" loading=\"lazy\" class=\"wp-image-14017\" src=\"https:\/\/www.infraestruturameioambiente.sp.gov.br\/institutoflorestal\/wp-content\/uploads\/sites\/234\/2017\/11\/Febre-amarela_recomenda\u00e7\u00e3o_vacina-x-UCs_13-11-2017.jpg\" alt=\"\" width=\"600\" height=\"424\" srcset=\"https:\/\/www.infraestruturameioambiente.sp.gov.br\/institutoflorestal\/wp-content\/uploads\/sites\/234\/2017\/11\/Febre-amarela_recomenda\u00e7\u00e3o_vacina-x-UCs_13-11-2017.jpg 4962w, https:\/\/www.infraestruturameioambiente.sp.gov.br\/institutoflorestal\/wp-content\/uploads\/sites\/234\/2017\/11\/Febre-amarela_recomenda\u00e7\u00e3o_vacina-x-UCs_13-11-2017-300x212.jpg 300w, https:\/\/www.infraestruturameioambiente.sp.gov.br\/institutoflorestal\/wp-content\/uploads\/sites\/234\/2017\/11\/Febre-amarela_recomenda\u00e7\u00e3o_vacina-x-UCs_13-11-2017-768x543.jpg 768w, https:\/\/www.infraestruturameioambiente.sp.gov.br\/institutoflorestal\/wp-content\/uploads\/sites\/234\/2017\/11\/Febre-amarela_recomenda\u00e7\u00e3o_vacina-x-UCs_13-11-2017-382x270.jpg 382w, https:\/\/www.infraestruturameioambiente.sp.gov.br\/institutoflorestal\/wp-content\/uploads\/sites\/234\/2017\/11\/Febre-amarela_recomenda\u00e7\u00e3o_vacina-x-UCs_13-11-2017-219x155.jpg 219w, https:\/\/www.infraestruturameioambiente.sp.gov.br\/institutoflorestal\/wp-content\/uploads\/sites\/234\/2017\/11\/Febre-amarela_recomenda\u00e7\u00e3o_vacina-x-UCs_13-11-2017-137x97.jpg 137w, https:\/\/www.infraestruturameioambiente.sp.gov.br\/institutoflorestal\/wp-content\/uploads\/sites\/234\/2017\/11\/Febre-amarela_recomenda\u00e7\u00e3o_vacina-x-UCs_13-11-2017-68x48.jpg 68w, https:\/\/www.infraestruturameioambiente.sp.gov.br\/institutoflorestal\/wp-content\/uploads\/sites\/234\/2017\/11\/Febre-amarela_recomenda\u00e7\u00e3o_vacina-x-UCs_13-11-2017-284x201.jpg 284w, https:\/\/www.infraestruturameioambiente.sp.gov.br\/institutoflorestal\/wp-content\/uploads\/sites\/234\/2017\/11\/Febre-amarela_recomenda\u00e7\u00e3o_vacina-x-UCs_13-11-2017-129x91.jpg 129w, https:\/\/www.infraestruturameioambiente.sp.gov.br\/institutoflorestal\/wp-content\/uploads\/sites\/234\/2017\/11\/Febre-amarela_recomenda\u00e7\u00e3o_vacina-x-UCs_13-11-2017-140x99.jpg 140w, https:\/\/www.infraestruturameioambiente.sp.gov.br\/institutoflorestal\/wp-content\/uploads\/sites\/234\/2017\/11\/Febre-amarela_recomenda\u00e7\u00e3o_vacina-x-UCs_13-11-2017-70x50.jpg 70w, https:\/\/www.infraestruturameioambiente.sp.gov.br\/institutoflorestal\/wp-content\/uploads\/sites\/234\/2017\/11\/Febre-amarela_recomenda\u00e7\u00e3o_vacina-x-UCs_13-11-2017-330x233.jpg 330w, https:\/\/www.infraestruturameioambiente.sp.gov.br\/institutoflorestal\/wp-content\/uploads\/sites\/234\/2017\/11\/Febre-amarela_recomenda\u00e7\u00e3o_vacina-x-UCs_13-11-2017-69x49.jpg 69w\" sizes=\"(max-width: 600px) 100vw, 600px\" \/><\/a><p id=\"caption-attachment-14017\" class=\"wp-caption-text\">\u00c1reas e munic\u00edpios com recomenda\u00e7\u00e3o de vacina da febre amarela \/ Fonte: Secretaria de Sa\u00fade<\/p><\/div>\n<p>&nbsp;<\/p>\n<p><strong>Lista de \u00c1reas Protegidas do Sistema Estadual de Florestas (SIEFLOR) situadas nas \u00e1reas atuais de circula\u00e7\u00e3o do v\u00edrus, <\/strong>atualizado at\u00e9 a \u00faltima semana de outubro de 2017.<\/p>\n<p><strong>Lista de \u00c1reas Protegidas do Sistema Estadual de Florestas (SIEFLOR) situadas nas zonas de recomenda\u00e7\u00e3o para vacina\u00e7\u00e3o (\u00e1rea verde no mapa)<\/strong><\/p>\n<p>&nbsp;<\/p>\n<p><strong>INSTITUTO FLORESTAL (IF)<\/strong><\/p>\n<p><strong><u>Prote\u00e7\u00e3o Integral<\/u><\/strong>: Esta\u00e7\u00f5es Ecol\u00f3gicas de Angatuba, Esta\u00e7\u00e3o Ecol\u00f3gica de Assis, Esta\u00e7\u00e3o Ecol\u00f3gica de Avar\u00e9, Esta\u00e7\u00e3o Ecol\u00f3gica de Itapeva, Esta\u00e7\u00e3o Ecol\u00f3gica de Itirapina, Esta\u00e7\u00e3o Ecol\u00f3gica de Mar\u00edlia, Esta\u00e7\u00e3o Ecol\u00f3gica de Mogi-Gua\u00e7u, Esta\u00e7\u00e3o Ecol\u00f3gica de Paranapanema, Esta\u00e7\u00e3o Ecol\u00f3gica de Santa B\u00e1rbara e Esta\u00e7\u00e3o Ecol\u00f3gica de Santa Maria.<\/p>\n<p><strong><u>Uso Sustent\u00e1vel<\/u><\/strong><strong>: <\/strong>Floresta Estadual de Assis, Floresta Estadual de Guarulhos, Floresta Estadual de Pederneiras e Floresta Estadual da Serra D`\u00e1gua;<\/p>\n<p><strong><u>Demais \u00e1reas Protegidas<\/u><\/strong>: Esta\u00e7\u00e3o Experimental de Araraquara, Esta\u00e7\u00e3o experimental de Bauru, Esta\u00e7\u00e3o Experimental de Bento Quirino, Esta\u00e7\u00e3o Experimental de Buri, Esta\u00e7\u00e3o Experimental de Casa Branca, Esta\u00e7\u00e3o Experimental de Itapetininga, Esta\u00e7\u00e3o Experimental de Itapeva, Esta\u00e7\u00e3o Experimental de Itarar\u00e9, Esta\u00e7\u00e3o Experimental de Itirapina, Esta\u00e7\u00e3o Experimental de Ja\u00fa, Esta\u00e7\u00e3o Experimental de Luiz Ant\u00f4nio, Esta\u00e7\u00e3o Experimental de Mogi-Gua\u00e7u, Esta\u00e7\u00e3o Experimental de Mogi-Mirim, Esta\u00e7\u00e3o Experimental de Paragua\u00e7u Paulista, Esta\u00e7\u00e3o Experimental de Santa Rita do Passa Quatro, Esta\u00e7\u00e3o Experimental de S\u00e3o Sim\u00e3o e Esta\u00e7\u00e3o Experimental de Tupi; Florestas Estaduais de \u00c1guas de Santa B\u00e1rbara, Floresta de Angatuba, Floresta de Avar\u00e9, Floresta de Batatais, Floresta de Bebedouro, Floresta Estadual de Botucatu, Floresta de Cajuru, Floresta de Manduri, Floresta do Noroeste Paulista, Floresta de Paranapanema,Viveiro Florestal de Taubat\u00e9, Horto Florestal de Palmital e Horto Florestal deSussu\u00ed;<\/p>\n<p><strong>Mais informa\u00e7\u00f5es em<\/strong>: <a href=\"https:\/\/www.infraestruturameioambiente.sp.gov.br\/institutoflorestal\/areas-protegidas\">https:\/\/www.infraestruturameioambiente.sp.gov.br\/institutoflorestal\/areas-protegidas<\/a><\/p>\n<p>&nbsp;<\/p>\n<p><strong>FUNDA\u00c7\u00c3O FLORESTAL (FF)<\/strong><\/p>\n<p><strong><u>Prote\u00e7\u00e3o Integral<\/u><\/strong>: Esta\u00e7\u00e3o Ecol\u00f3gica de Bauru (Sebasti\u00e3o Aleixo da Silva), Esta\u00e7\u00e3o Ecol\u00f3gica dos Caetetus, Esta\u00e7\u00e3o Ecol\u00f3gica do Jata\u00ed (Conde Joaquim Augusto Ribeiro do Valle), Esta\u00e7\u00e3o Ecol\u00f3gica Mata do Jacar\u00e9 (antiga EE S\u00e3o Carlos), Esta\u00e7\u00e3o Ecol\u00f3gica de Paulo de Faria, Esta\u00e7\u00e3o Ecol\u00f3gica de Ribeir\u00e3o Preto (Mata Santa Teresa), Parques Estaduais do Aguape\u00ed, Parque Estadual das Furnas do Bom Jesus, Parque Estadual do Morro do Diabo, Parque Estadual de Porto Ferreira, Parque Estadual do Rio do Peixe e Parque Estadual daVassununga.<\/p>\n<p><strong><u>Uso Sustent\u00e1vel<\/u><\/strong><strong>: <\/strong>Floresta Estadual Edmundo Navarro de Andrade (FEENA)<strong>.<\/strong><\/p>\n<p>&nbsp;<\/p>\n<p><strong>Lista de \u00c1reas Protegidas do Sistema Estadual de Florestas (SIEFLOR) situadas na zona tempor\u00e1ria de recomenda\u00e7\u00e3o para vacina (\u00e1reas em Roxo no Mapa)<\/strong><\/p>\n<p>Parque Estadual da Cantareira, Parque Estadual do Juquery, Parque Estadual do Jaragu\u00e1, Parque Estadual do Itapetinga, Parque Estadual do Itaberaba, Parque Estadual de Campos do Jord\u00e3o, Parque Estadual do Jurupar\u00e1, Parque Estadual Mananciais Campos do Jord\u00e3o, Parque Estadual da Serra do Mar (N\u00facleos Curucutu e Cubat\u00e3o), Parque Estadual V\u00e1rzea do Embu Gua\u00e7u, Parque Stadual Guarapiranga, Esta\u00e7\u00e3o Ecol\u00f3gica do Itapeti, ARA e Esta\u00e7\u00e3o Ecol\u00f3gica de Valinhos.<\/p>\n<p><strong>Mais informa\u00e7\u00f5es em: <\/strong><a href=\"http:\/\/fflorestal.sp.gov.br\">http:\/\/fflorestal.sp.gov.br<\/a><\/p>\n<p><strong>Coordenadoria de Parques Urbanos (CPU):<\/strong><\/p>\n<p><u>Prote\u00e7\u00e3o Integral<\/u>: Parque Estadual Alberto L\u00f6fgren<\/p>\n<p><strong>\u00a0<\/strong><\/p>\n<p><strong>\u00a0<\/strong><strong>\u00a0<\/strong><\/p>\n<p><strong>AVISOS E INFORMA\u00c7\u00d5ES \u00daTEIS: <\/strong><\/p>\n<ol>\n<li>Verifique se sua carteira de vacina\u00e7\u00e3o est\u00e1 em dia para febre amarela;<\/li>\n<li>A nova recomenda\u00e7\u00e3o da Organiza\u00e7\u00e3o Mundial de Sa\u00fade \u00e9 de apenas uma dose;<\/li>\n<li>Procure orienta\u00e7\u00f5es sobre a vacina\u00e7\u00e3o e imunize-se nos postos de sa\u00fade da sua regi\u00e3o;<\/li>\n<li>Faixa et\u00e1ria preconizada: dos 9 meses aos 60 anos.<\/li>\n<li>A vacina \u00e9 contraindicada para pessoas al\u00e9rgicas a prote\u00ednas presentes no ovo, gestantes, mulheres que estejam amamentando crian\u00e7as at\u00e9 seis meses de idade e outras situa\u00e7\u00f5es que necessitam de avalia\u00e7\u00e3o entre risco-benef\u00edcio, como idosos acima dos 60 anos;<\/li>\n<li>Depois de vacinado, a imuniza\u00e7\u00e3o efetiva ocorre em 10 dias;<\/li>\n<li>O v\u00edrus da febre amarela \u00e9 transmitido pela picada de mosquitos silvestres de h\u00e1bitos diurnos dos g\u00eaneros <em>Haemagogus<\/em> e <em>Sabethes<\/em>;<\/li>\n<li>Ao entrar na mata ou caminhar nas suas bordas, utilizar preferencialmente camisas de manga longa e repelentes, caso n\u00e3o possua hist\u00f3rico de alergia a estes produtos, Seguir orienta\u00e7\u00f5es Minist\u00e9rio da Sa\u00fade (<a href=\"http:\/\/www.combateaedes.saude.gov.br\/pt\/prevencao-e-combate\/repelentes-e-inseticidas\">combateaedes.saude.gov.br\/pt\/prevencao-e-combate\/repelentes-e-inseticidas<\/a>);<\/li>\n<li>N\u00e3o ofere\u00e7a alimentos ou se aproxime de grupos de macacos;<\/li>\n<li>Se avistar algum macaco doente ou morto, ou mesmo sua carca\u00e7a, avisar imediatamente \u00e0 Gest\u00e3o ou Chefia da unidade onde verificou o \u00f3bito ou a diretamente para a vigil\u00e2ncia epidemiol\u00f3gica do munic\u00edpio correspondente no seguinte link:<a href=\"http:\/\/www.saude.sp.gov.br\/resources\/cve-centro-de-vigilancia-epidemiologica\/institucional\/gves.pdf\"> http:\/\/www.saude.sp.gov.br\/resources\/cve-centro-de-vigilancia-epidemiologica\/institucional\/gves.pdf<\/a><\/li>\n<\/ol>\n<p>&nbsp;<\/p>\n<p>As mortes de primatas n\u00e3o humanos indicam as regi\u00f5es de circula\u00e7\u00e3o do v\u00edrus, nas quais devem ser intensificadas campanhas de vacina\u00e7\u00e3o nas pessoas. Por isso s\u00e3o importantes sentinelas nos surtos de circula\u00e7\u00e3o do flaviv\u00edrus, sendo reconhecidamente considerados como verdadeiros \u201canjos da guarda\u201d. Manter popula\u00e7\u00f5es de primatas vivendo nas matas pode salvar vidas humanas.<\/p>\n<p>&nbsp;<\/p>\n<p><strong>MATERIAL DE APOIO:<\/strong><\/p>\n<p><strong>A lista de munic\u00edpios com recomenda\u00e7\u00e3o de vacina\u00e7\u00e3o est\u00e1 dispon\u00edvel em: <\/strong><a href=\"http:\/\/www.saude.sp.gov.br\/resources\/cve-centro-de-vigilancia-epidemiologica\/areas-de-vigilancia\/doencas-de-transmissao-por-vetores-e-zoonoses\/doc\/famarela\/famarela17_lista_mun_vacinacao.pdf\">http:\/\/www.saude.sp.gov.br\/resources\/cve-centro-de-vigilancia-epidemiologica\/areas-de-vigilancia\/doencas-de-transmissao-por-vetores-e-zoonoses\/doc\/famarela\/famarela17_lista_mun_vacinacao.pdf<\/a><\/p>\n<p><strong>\u00a0<\/strong><\/p>\n<p><strong>Rela\u00e7\u00e3o dos Grupos e Subgrupos de Vigil\u00e2ncia Epidemiol\u00f3gica (GVEs\/SGVEs)<br \/>\n<\/strong><a href=\"http:\/\/www.saude.sp.gov.br\/resources\/cve-centro-de-vigilancia-epidemiologica\/institucional\/gves.pdf\">http:\/\/www.saude.sp.gov.br\/resources\/cve-centro-de-vigilancia-epidemiologica\/institucional\/gves.pdf<\/a><\/p>\n<p><strong>\u00a0<\/strong><\/p>\n<p><strong>Telefones e Links uteis:<\/strong><\/p>\n<ul>\n<li><strong>Centro de Vigil\u00e2ncia Epidemiol\u00f3gica \u201cProf. Alexandre Vranjac\u201d- CCD\/SES-SP<\/strong><br \/>\n<a href=\"http:\/\/www.saude.sp.gov.br\/cve-centro-de-vigilancia-epidemiologica-prof.-alexandre-vranjac\/\">http:\/\/www.saude.sp.gov.br\/cve-centro-de-vigilancia-epidemiologica-prof.-alexandre-vranjac\/<\/a><br \/>\nTelefones: (11) 3066-8296\u00a0\/ 3066-8762 \u2013 E-mail:\u00a0<a href=\"mailto:dvzoo@saude.sp.gov.br\">dvzoo@saude.sp.gov.br<\/a><br \/>\nCentral\/ CIEVS &#8211; 00800-555466<\/li>\n<\/ul>\n<ul>\n<li><strong>Instituto Adolfo Lutz<br \/>\n<\/strong>N\u00facleo de Doen\u00e7as de Transmiss\u00e3o Vetorial<br \/>\nTelefones: (11)30682901 \/ 2902 &#8211; E-mail: <a href=\"mailto:doencasporvetor@ial.sp.gov.br\">doencasporvetor@ial.sp.gov.br<\/a><\/li>\n<\/ul>\n<p>&nbsp;<\/p>\n<p><strong>Acesso e Leitura Recomendada<\/strong>:<\/p>\n<p><a href=\"http:\/\/portalsaude.saude.gov.br\/index.php\/o-ministerio\/principal\/secretarias\/svs\/febre-amarela\">http:\/\/portalsaude.saude.gov.br\/index.php\/o-ministerio\/principal\/secretarias\/svs\/febre-amarela<\/a><\/p>\n<p><a href=\"http:\/\/portalarquivos.saude.gov.br\/images\/pdf\/2017\/marco\/24\/Guia_Epizootias_Febre_Amarela_2a_ed_atualizada_2017.pdf\">http:\/\/portalarquivos.saude.gov.br\/images\/pdf\/2017\/marco\/24\/Guia_Epizootias_Febre_Amarela_2a_ed_atualizada_2017.pdf<\/a><\/p>\n<p><a href=\"http:\/\/sinitox.icict.fiocruz.br\/sites\/sinitox.icict.fiocruz.br\/files\/Manual%20de%20vigilancia,%20prevencao%20e%20controle%20de%20zoonoses%20-%202016.pdf\">http:\/\/sinitox.icict.fiocruz.br\/sites\/sinitox.icict.fiocruz.br\/files\/\/Manual%20de%20vigilancia,%20prevencao%20e%20controle%20de%20zoonoses%20-%202016.pdf<\/a><\/p>\n<p><a href=\"http:\/\/portalsaude.saude.gov.br\/images\/pdf\/2016\/janeiro\/14\/Nota-Informativa-143-Febre-Amarela-Site-A-a-Z.pdf\">http:\/\/portalsaude.saude.gov.br\/images\/pdf\/2016\/janeiro\/14\/Nota-Informativa-143-Febre-Amarela-Site-A-a-Z.pdf<\/a><\/p>\n","protected":false},"excerpt":{"rendered":"<p>INFORMATIVO AOS PESQUISADORES, OBSERVADORES DE AVES, ECOTURISTAS E VISITANTES DAS UNIDADES DE CONSERVA\u00c7\u00c3O ESTADUAIS DO ESTADO DE S\u00c3O PAULO A febre amarela silvestre ocorre no Brasil de forma end\u00eamica, principalmente na regi\u00e3o Amaz\u00f4nica, expandindo-se para as regi\u00f5es Centro-Oeste, Sudeste e Sul, em ciclos epid\u00eamicos ou epizo\u00f3ticos (transmiss\u00e3o intensa entre primatas n\u00e3o humanos &#8211; diversas esp\u00e9cies [&hellip;]<\/p>\n","protected":false},"author":102,"featured_media":0,"parent":0,"menu_order":0,"comment_status":"closed","ping_status":"closed","template":"","meta":[],"_links":{"self":[{"href":"https:\/\/www.infraestruturameioambiente.sp.gov.br\/institutoflorestal\/wp-json\/wp\/v2\/pages\/14015"}],"collection":[{"href":"https:\/\/www.infraestruturameioambiente.sp.gov.br\/institutoflorestal\/wp-json\/wp\/v2\/pages"}],"about":[{"href":"https:\/\/www.infraestruturameioambiente.sp.gov.br\/institutoflorestal\/wp-json\/wp\/v2\/types\/page"}],"author":[{"embeddable":true,"href":"https:\/\/www.infraestruturameioambiente.sp.gov.br\/institutoflorestal\/wp-json\/wp\/v2\/users\/102"}],"replies":[{"embeddable":true,"href":"https:\/\/www.infraestruturameioambiente.sp.gov.br\/institutoflorestal\/wp-json\/wp\/v2\/comments?post=14015"}],"version-history":[{"count":6,"href":"https:\/\/www.infraestruturameioambiente.sp.gov.br\/institutoflorestal\/wp-json\/wp\/v2\/pages\/14015\/revisions"}],"predecessor-version":[{"id":14139,"href":"https:\/\/www.infraestruturameioambiente.sp.gov.br\/institutoflorestal\/wp-json\/wp\/v2\/pages\/14015\/revisions\/14139"}],"wp:attachment":[{"href":"https:\/\/www.infraestruturameioambiente.sp.gov.br\/institutoflorestal\/wp-json\/wp\/v2\/media?parent=14015"}],"curies":[{"name":"wp","href":"https:\/\/api.w.org\/{rel}","templated":true}]}}