{"id":13503,"date":"2017-09-04T18:27:56","date_gmt":"2017-09-04T21:27:56","guid":{"rendered":"https:\/\/www.infraestruturameioambiente.sp.gov.br\/institutoflorestal\/?page_id=13503"},"modified":"2017-09-06T15:44:18","modified_gmt":"2017-09-06T18:44:18","slug":"anais-do-11o-seminario-de-iniciacao-cientifica-do-instituto-florestal-2017","status":"publish","type":"page","link":"https:\/\/www.infraestruturameioambiente.sp.gov.br\/institutoflorestal\/o-instituto\/estagios-e-bolsas\/seminario-de-iniciacao-cientifica\/11o-seminario-de-iniciacao-cientifica-do-instituto-florestal-2017\/anais-do-11o-seminario-de-iniciacao-cientifica-do-instituto-florestal-2017\/","title":{"rendered":"Anais do 11\u00ba Semin\u00e1rio de Inicia\u00e7\u00e3o Cient\u00edfica do Instituto Florestal (2017)"},"content":{"rendered":"<p style=\"text-align: center\"><a href=\"https:\/\/www.infraestruturameioambiente.sp.gov.br\/institutoflorestal\/wp-content\/uploads\/sites\/234\/2017\/09\/Anais_SeminarioIC_2017.pdf\"><strong>Download dos Anais<\/strong><\/a><\/p>\n<p style=\"text-align: center\"><strong><br \/>\n<\/strong><strong>RESUMOS<\/strong><\/p>\n<h3 style=\"text-align: center\"><strong>CI\u00caNCIAS AGR\u00c1RIAS<\/strong><\/h3>\n<ul>\n<li style=\"text-align: right\">\n<p style=\"text-align: left\"><strong><a href=\"https:\/\/www.infraestruturameioambiente.sp.gov.br\/institutoflorestal\/wp-content\/uploads\/sites\/234\/2017\/09\/CA_A01.pdf\">VARIA\u00c7\u00c3O GEN\u00c9TICA POR CARACTERES QUANTITATIVOS EM POPULA\u00c7\u00c3O DE <\/a><em><a href=\"https:\/\/www.infraestruturameioambiente.sp.gov.br\/institutoflorestal\/wp-content\/uploads\/sites\/234\/2017\/09\/CA_A01.pdf\">Hevea brasiliensis<\/a>.\u00a0<\/em><\/strong>Let\u00edcia D\u00c9O SORATO<span style=\"font-size: 13.3333px;line-height: 20px\">,\u00a0<\/span>\u00a0Miguel Luiz MENEZES FREITAS<span style=\"font-size: 13.3333px;line-height: 20px\">,\u00a0<\/span>Mario Luiz TEIXEIRA de MORAES<span style=\"font-size: 13.3333px;line-height: 20px\">,\u00a0<\/span>Marcela Aparecida de MORAES<span style=\"font-size: 13.3333px;line-height: 20px\">,\u00a0<\/span>Murilo SERRA<span style=\"font-size: 13.3333px;line-height: 20px\">.<\/span><\/p>\n<\/li>\n<li style=\"text-align: right\">\n<p style=\"text-align: left\"><strong><a href=\"https:\/\/www.infraestruturameioambiente.sp.gov.br\/institutoflorestal\/wp-content\/uploads\/sites\/234\/2017\/09\/CA_A02.pdf\">FUNGOS E MANUTEN\u00c7\u00c3O DA VIABILIDADE DE SEMENTES DE GRUMIXAMA <em>Eugenia brasiliensis <\/em>Lam<\/a>.\u00a0<\/strong>Ana Carolina Motta MINOHARA<span style=\"font-size: 13.3333px;line-height: 20px\">,\u00a0<\/span>\u00a0Jo\u00e3o Jos\u00e9 Dias PARISI<span style=\"font-size: 13.3333px;line-height: 20px\">,\u00a0<\/span>Ana Dionisia da Luz Coelho NOVEMBRE<span style=\"font-size: 13.3333px;line-height: 20px\">.<\/span><\/p>\n<\/li>\n<li style=\"text-align: right\">\n<p style=\"text-align: left\"><strong><a href=\"https:\/\/www.infraestruturameioambiente.sp.gov.br\/institutoflorestal\/wp-content\/uploads\/sites\/234\/2017\/09\/CA_RF01.pdf\">DIAGN\u00d3STICO SOCIOAMBIENTAL E AN\u00c1LISE DOS RECURSOS H\u00cdDRICOS NO RIBEIR\u00c3O DAS ANTAS-TAUBAT\u00c9-SP<\/a>.\u00a0<\/strong>Tha\u00eds BETONI DE PAULA<span style=\"font-size: 13.3333px;line-height: 20px\">, \u00a0<\/span>Humberto GALLO JUNIOR<span style=\"font-size: 13.3333px;line-height: 20px\">,\u00a0<\/span>Alcin\u00e9ia GUIMAR\u00c3ES CASTRO<span style=\"font-size: 13.3333px;line-height: 20px\">.<\/span><\/p>\n<\/li>\n<li style=\"text-align: right\">\n<p style=\"text-align: left\"><strong><a href=\"https:\/\/www.infraestruturameioambiente.sp.gov.br\/institutoflorestal\/wp-content\/uploads\/sites\/234\/2017\/09\/CA_RF02.pdf\">EFEITO DA TERMORRETIFICA\u00c7\u00c3O EM PROPRIEDADES DA MADEIRA DE <\/a><em>Eucalyptus grandis.\u00a0<\/em><\/strong>Leticia Nunes PANEQUE<span style=\"font-size: 13.3333px;line-height: 20px\">,\u00a0<\/span>\u00a0Israel Luiz de LIMA<span style=\"font-size: 13.3333px;line-height: 20px\">,\u00a0<\/span>Sandra Monteiro Borges FLORSHEIM<span style=\"font-size: 13.3333px;line-height: 20px\">,\u00a0<\/span>Massako Nakaoka SAKITA<span style=\"font-size: 13.3333px;line-height: 20px\">.<\/span><\/p>\n<\/li>\n<li><strong><a href=\"https:\/\/www.infraestruturameioambiente.sp.gov.br\/institutoflorestal\/wp-content\/uploads\/sites\/234\/2017\/09\/CA_RF03.pdf\">TERRIT\u00d3RIOS TRADICIONAIS (N\u00c3O IND\u00cdGENAS) DO LITORAL CENTRO E SUL DO ESTADO DE S\u00c3O PAULO: IDENTIFICA\u00c7\u00c3O PRELIMINAR<\/a>.\u00a0<\/strong>Abner Matheus de SOUZA<span style=\"font-size: 13.3333px;line-height: 20px\">,\u00a0<\/span>\u00a0Cristina de Marco SANTIAGO<span style=\"font-size: 13.3333px;line-height: 20px\">,\u00a0<\/span><span style=\"line-height: 1.5\">K\u00e1tia MAZZEI<\/span><span style=\"font-size: 13.3333px;line-height: 20px\">.<\/span><\/li>\n<li>\n<div style=\"text-align: left\">\n<p><strong><a href=\"https:\/\/www.infraestruturameioambiente.sp.gov.br\/institutoflorestal\/wp-content\/uploads\/sites\/234\/2017\/09\/CA_RF04.pdf\">TERRIT\u00d3RIOS TRADICIONAIS (N\u00c3O IND\u00cdGENAS) DO INTERIOR DO ESTADO DE S\u00c3O PAULO: IDENTIFICA\u00c7\u00c3O PRELIMINAR<\/a>.\u00a0<\/strong>Talita Valentino FREIRE<span style=\"font-size: 13.3333px;line-height: 20px\">,\u00a0<\/span>\u00a0Cristina de Marco SANTIAGO<span style=\"font-size: 13.3333px;line-height: 20px\">,\u00a0<\/span>K\u00e1tia MAZZEI<span style=\"font-size: 13.3333px;line-height: 20px\">.<\/span><\/p>\n<\/div>\n<\/li>\n<li style=\"text-align: right\">\n<p style=\"text-align: left\"><strong><a href=\"https:\/\/www.infraestruturameioambiente.sp.gov.br\/institutoflorestal\/wp-content\/uploads\/sites\/234\/2017\/09\/CA_RF05.pdf\">TERRIT\u00d3RIOS TRADICIONAIS (N\u00c3O IND\u00cdGENAS) DO LITORAL NORTE DO ESTADO DE S\u00c3O PAULO: IDENTIFICA\u00c7\u00c3O PRELIMINAR<\/a>.\u00a0<\/strong>Marina Daniel KERVELLA<span style=\"font-size: 13.3333px;line-height: 20px\">,\u00a0<\/span>\u00a0Cristina de Marco SANTIAGO<span style=\"font-size: 13.3333px;line-height: 20px\">,\u00a0<\/span>K\u00e1tia MAZZEI<span style=\"font-size: 13.3333px;line-height: 20px\">.<\/span><\/p>\n<\/li>\n<li><a href=\"https:\/\/www.infraestruturameioambiente.sp.gov.br\/institutoflorestal\/wp-content\/uploads\/sites\/234\/2017\/09\/CA_RF06.pdf\"><strong>AFUNILAMENTO DO DI\u00c2METRO DOS VASOS E DENSIDADE DO LENHO DE\u00a0<\/strong><\/a><strong><a href=\"https:\/\/www.infraestruturameioambiente.sp.gov.br\/institutoflorestal\/wp-content\/uploads\/sites\/234\/2017\/09\/CA_RF06.pdf\"><em>Genipa americana<\/em> L. EM RELA\u00c7\u00c3O \u00c0 ALTURA DA \u00c1RVORE<\/a>.\u00a0<\/strong>Guilherme Henrique CUST\u00d3DIO<span style=\"font-size: 13.3333px;line-height: 20px\">,\u00a0<\/span>\u00a0Eduardo Luiz LONGUI<span style=\"font-size: 13.3333px;line-height: 20px\">.<\/span><\/li>\n<\/ul>\n<h3 style=\"text-align: center\"><strong>CI\u00caNCIAS BIOL\u00d3GICAS<\/strong><\/h3>\n<ul>\n<li style=\"text-align: right\">\n<p style=\"text-align: left\"><strong><a href=\"https:\/\/www.infraestruturameioambiente.sp.gov.br\/institutoflorestal\/wp-content\/uploads\/sites\/234\/2017\/09\/CB_BG.pdf\">GLOSS\u00c1RIO ILUSTRADO DOS CARACTERES VEGETATIVOS DA CHAVE DE IDENTIFICA\u00c7\u00c3O DAS ESP\u00c9CIES ARB\u00d3REAS DO PARQUE ESTADUAL DA CANTAREIRA, SP<\/a>.\u00a0<\/strong>Edson Alexandre Fonseca TORRES J\u00daNIOR<span style=\"font-size: 13.3333px;line-height: 20px\">,\u00a0<\/span>\u00a0Geraldo Antonio Daher Corr\u00eaa FRANCO<span style=\"font-size: 13.3333px;line-height: 20px\">,\u00a0<\/span>Rejane ESTEVES<span style=\"font-size: 13.3333px;line-height: 20px\">.<\/span><\/p>\n<\/li>\n<li style=\"text-align: right\">\n<p style=\"text-align: left\"><strong><a href=\"https:\/\/www.infraestruturameioambiente.sp.gov.br\/institutoflorestal\/wp-content\/uploads\/sites\/234\/2017\/09\/CB_BO01.pdf\">VARIA\u00c7\u00c3O DO DI\u00c2METRO DOS VASOS NA MADEIRA DE CLONES DE <\/a><em>Hevea brasiliensis.\u00a0<\/em><\/strong>Priscila de Oliveira GIBELLI,\u00a0\u00a0Sandra M. Borges FLORSHEIM<span style=\"font-size: 13.3333px;line-height: 20px\">,\u00a0<\/span>Eduardo Luiz LONGUI<span style=\"font-size: 13.3333px;line-height: 20px\">.<\/span><\/p>\n<\/li>\n<li style=\"text-align: right\">\n<p style=\"text-align: left\"><strong style=\"text-align: right;line-height: 1.5\"><a href=\"https:\/\/www.infraestruturameioambiente.sp.gov.br\/institutoflorestal\/wp-content\/uploads\/sites\/234\/2017\/09\/CB_BO02.pdf\">IDENTIFICA\u00c7\u00c3O DE MADEIRA DE <em>Pinus caribeae, Araucaria angustifolia <\/em>e<em> Eucalyptus grandis<\/em> A PARTIR DA SERRAGEM ADERIDA \u00c0 MOTOSSERRA<\/a>.\u00a0<\/strong><span style=\"text-align: right;line-height: 1.5\">Thais Cristina OLIVEIRA<\/span><span style=\"font-size: 13.3333px;line-height: 20px\">,\u00a0<\/span><span style=\"text-align: right;line-height: 1.5\">Eduardo Luiz LONGUI<\/span><span style=\"font-size: 13.3333px;line-height: 20px\">,\u00a0<\/span><span style=\"text-align: right;line-height: 1.5\">Marina Milanello do AMARAL<\/span><span style=\"font-size: 13.3333px;line-height: 20px\">.<\/span><\/p>\n<\/li>\n<li style=\"text-align: right\">\n<p style=\"text-align: left\"><strong style=\"text-align: right;line-height: 1.5\"><a href=\"https:\/\/www.infraestruturameioambiente.sp.gov.br\/institutoflorestal\/wp-content\/uploads\/sites\/234\/2017\/09\/CB_BO03.pdf\">VARIABILIDADE ESPACIAL DOS ATRIBUTOS DO SOLO EM FUN\u00c7\u00c3O DAS CARACTER\u00cdSTICAS DENDROM\u00c9TRICAS E DA MADEIRA DE <em>Pinus caribaea bahamensis <\/em>E<\/a><em> Pinus caribaea hondurensis.\u00a0<\/em><\/strong><span style=\"text-align: right;line-height: 1.5\">Daniele Alberta MARTINS<\/span><span style=\"font-size: 13.3333px;line-height: 20px\">,\u00a0<\/span><span style=\"text-align: right;line-height: 1.5\">\u00a0Marcelo ZANATA<\/span><span style=\"font-size: 13.3333px;line-height: 20px\">,\u00a0<\/span><span style=\"text-align: right;line-height: 1.5\">Eduardo Luiz LONGUI<\/span><span style=\"font-size: 13.3333px;line-height: 20px\">.<\/span><\/p>\n<\/li>\n<li style=\"text-align: left\"><strong><a href=\"https:\/\/www.infraestruturameioambiente.sp.gov.br\/institutoflorestal\/wp-content\/uploads\/sites\/234\/2017\/09\/CB_E01.pdf\">COMPOSI\u00c7\u00c3O FLOR\u00cdSTICA DAS FORMA\u00c7\u00d5ES VEGETAIS DA ESTA\u00c7\u00c3O EXPERIMENTAL DE ITARAR\u00c9, SP<\/a>.\u00a0<\/strong>Rafaela Dias Valeck da SILVA<span style=\"font-size: 13.3333px;line-height: 20px\">,\u00a0<\/span>\u00a0Frederico Alexandre Roccia Dal Pozzo ARZOLLA<span style=\"font-size: 13.3333px;line-height: 20px\">,\u00a0<\/span>Jo\u00e3o Batista BAITELLO<span style=\"font-size: 13.3333px;line-height: 20px\">,\u00a0<\/span>Osny Tadeu AGUIAR<span style=\"font-size: 13.3333px;line-height: 20px\">,\u00a0<\/span>Francisco Eduardo Silva Pinto VILELA<span style=\"font-size: 13.3333px;line-height: 20px\"><span style=\"font-size: 13.3333px;line-height: 20px\">.<\/span><\/span><\/li>\n<li style=\"text-align: left\"><strong><a href=\"https:\/\/www.infraestruturameioambiente.sp.gov.br\/institutoflorestal\/wp-content\/uploads\/sites\/234\/2017\/09\/CB_E02.pdf\">EST\u00c1DIO INICIAL DE SUCESS\u00c3O EM FLORESTA ESTACIONAL SEMIDECIDUAL: O PAPEL DE FATORES ABI\u00d3TICOS NA MONTAGEM DA COMUNIDADE<\/a>.\u00a0<\/strong>Zoraide VALERIO<span style=\"font-size: 13.3333px;line-height: 20px\">,\u00a0<\/span>Roque CIELO FILHO<span style=\"font-size: 13.3333px;line-height: 20px\">,\u00a0<\/span>Joice Aparecida Dias SOUZA<span style=\"font-size: 13.3333px;line-height: 20px\">,\u00a0<\/span>Carla Daniela C\u00c2MARA<span style=\"font-size: 13.3333px;line-height: 20px\"><span style=\"font-size: 13.3333px;line-height: 20px\">.<\/span><\/span><\/li>\n<li style=\"text-align: left\"><strong><a href=\"https:\/\/www.infraestruturameioambiente.sp.gov.br\/institutoflorestal\/wp-content\/uploads\/sites\/234\/2017\/09\/CB_E03.pdf\">FITOSSOCIOLOGIA DO ESTRATO REGENERANTE DE FLORESTA NATIVA DO PARQUE ESTADUAL ALBERTO L\u00d6GFREN: MARCO ZERO DO MANEJO DE PALMEIRAS EX\u00d3TICAS INVASORAS<\/a>.\u00a0<\/strong>Fernanda Zaninello MIYAMURA<span style=\"font-size: 13.3333px;line-height: 20px\">,\u00a0<\/span>\u00a0Silvana Cristina Pereira Muniz de SOUZA<span style=\"font-size: 13.3333px;line-height: 20px\"><span style=\"font-size: 13.3333px;line-height: 20px\">.<\/span><\/span><\/li>\n<li style=\"text-align: left\"><strong><a href=\"https:\/\/www.infraestruturameioambiente.sp.gov.br\/institutoflorestal\/wp-content\/uploads\/sites\/234\/2017\/09\/CB_E04.pdf\">DIN\u00c2MICA DA FLORESTA OMBR\u00d3FILA MISTA NA ESTA\u00c7\u00c3O ECOL\u00d3GICA DE ITABER\u00c1 \u2013 SP<\/a>.\u00a0<\/strong>Isabela Toffoli Fernandes de LIMA<span style=\"font-size: 13.3333px;line-height: 20px\">,\u00a0<\/span>\u00a0Nat\u00e1lia Macedo IVANAUSKAS<span style=\"font-size: 13.3333px;line-height: 20px\">,\u00a0<\/span>Rejane ESTEVES<span style=\"font-size: 13.3333px;line-height: 20px\"><span style=\"font-size: 13.3333px;line-height: 20px\">.<\/span><\/span><\/li>\n<li style=\"text-align: left\"><a href=\"https:\/\/www.infraestruturameioambiente.sp.gov.br\/institutoflorestal\/wp-content\/uploads\/sites\/234\/2017\/09\/CB_E05.pdf\"><strong>ATRIBUTOS QU\u00cdMICOS DE SOLOS EM FITOFISIONOMIAS DO CERRADO NAS\u00a0<\/strong><\/a><strong><a href=\"https:\/\/www.infraestruturameioambiente.sp.gov.br\/institutoflorestal\/wp-content\/uploads\/sites\/234\/2017\/09\/CB_E05.pdf\">ESTA\u00c7\u00d5ES ECOL\u00d3GICA E EXPERIMENTAL DE ITIRAPINA-SP<\/a>.\u00a0<\/strong>Matheus Torres WALDER<span style=\"font-size: 13.3333px;line-height: 20px\">,\u00a0<\/span>\u00a0Edgar Fernando de LUCA<span style=\"font-size: 13.3333px;line-height: 20px\">,\u00a0<\/span>Denise ZANCHETTA<span style=\"font-size: 13.3333px;line-height: 20px\">,\u00a0<\/span>Dhemerson Estev\u00e3o Conciani da COSTA<span style=\"font-size: 13.3333px;line-height: 20px\"><span style=\"font-size: 13.3333px;line-height: 20px\">.<\/span><\/span><\/li>\n<li style=\"text-align: left\"><a href=\"https:\/\/www.infraestruturameioambiente.sp.gov.br\/institutoflorestal\/wp-content\/uploads\/sites\/234\/2017\/09\/CB_E06.pdf\"><strong>ESP\u00c9CIES TARDIAS<em> VERSUS<\/em> INICIAIS E A SUCESS\u00c3O SECUND\u00c1RIA NA<\/strong><\/a><a href=\"https:\/\/www.infraestruturameioambiente.sp.gov.br\/institutoflorestal\/wp-content\/uploads\/sites\/234\/2017\/09\/CB_E06.pdf\"><strong>\u00a0<\/strong><\/a><strong><a href=\"https:\/\/www.infraestruturameioambiente.sp.gov.br\/institutoflorestal\/wp-content\/uploads\/sites\/234\/2017\/09\/CB_E06.pdf\">SERRA DA CANTAREIRA, SP<\/a>.\u00a0<\/strong>Luiza Stehling BRAGA<span style=\"font-size: 13.3333px;line-height: 20px\">,\u00a0<\/span>Frederico Alexandre Roccia Dal Pozzo ARZOLLA<span style=\"font-size: 13.3333px;line-height: 20px\">,\u00a0<\/span>Rafaela Dias Valeck da SILVA<span style=\"font-size: 13.3333px;line-height: 20px\">,\u00a0<\/span>Gl\u00e1ucia Cortez Ramos de PAULA<span style=\"font-size: 13.3333px;line-height: 20px\">,\u00a0<\/span>Priscila WEINGARTNER<span style=\"font-size: 13.3333px;line-height: 20px\"><span style=\"font-size: 13.3333px;line-height: 20px\">.<\/span><\/span><\/li>\n<li style=\"text-align: left\"><strong><a href=\"https:\/\/www.infraestruturameioambiente.sp.gov.br\/institutoflorestal\/wp-content\/uploads\/sites\/234\/2017\/09\/CB_E07.pdf\">POTENCIAL DE DISPERS\u00c3O DE SEMENTES POR ZOOCORIA A PARTIR DE FRUTOS OFERECIDOS EM COMEDOUROS<\/a>.\u00a0<\/strong>Mariana Lopes CAMPAGNOLI<span style=\"font-size: 13.3333px;line-height: 20px\">,\u00a0<\/span>\u00a0Alexsander Zamorano ANTUNES<span style=\"font-size: 13.3333px;line-height: 20px\"><span style=\"font-size: 13.3333px;line-height: 20px\">.<\/span><\/span><\/li>\n<li style=\"text-align: left\"><strong><a href=\"https:\/\/www.infraestruturameioambiente.sp.gov.br\/institutoflorestal\/wp-content\/uploads\/sites\/234\/2017\/09\/CB_E08.pdf\">GRUPOS FUNCIONAIS NO ESTRATO REGENERANTE DA VEGETA\u00c7\u00c3O SECUND\u00c1RIA DO PARQUE ESTADUAL ALBERTO L\u00d6FGREN, S\u00c3O PAULO-SP<\/a>.\u00a0<\/strong>Rodrigo MANFRA<span style=\"font-size: 13.3333px;line-height: 20px\">,\u00a0<\/span>\u00a0Nat\u00e1lia Macedo IVANAUSKAS<span style=\"font-size: 13.3333px;line-height: 20px\"><span style=\"font-size: 13.3333px;line-height: 20px\">.<\/span><\/span><\/li>\n<li style=\"text-align: left\"><strong><a href=\"https:\/\/www.infraestruturameioambiente.sp.gov.br\/institutoflorestal\/wp-content\/uploads\/sites\/234\/2017\/09\/CB_E09.pdf\">HERDABILIDADE GENOT\u00cdPICA DO DI\u00c2METRO E FREQU\u00caNCIA DOS VASOS DA MADEIRA EM PROG\u00caNIES DE <em>Dipteryx alata<\/em> Vogel AO LONGO DOS AN\u00c9IS DE CRESCIMENTO<\/a>.\u00a0<\/strong>Vitor Hugo BARBEDO<span style=\"font-size: 13.3333px;line-height: 20px\">,\u00a0<\/span>Eduardo Luiz LONGUI<span style=\"font-size: 13.3333px;line-height: 20px\">,\u00a0<\/span>Ananda Virginia de AGUIAR<span style=\"font-size: 13.3333px;line-height: 20px\">,\u00a0<\/span>Lucas Moura de ABREU<span style=\"font-size: 13.3333px;line-height: 20px\">,\u00a0<\/span>Mario Luiz Teixeira de MORAES<span style=\"font-size: 13.3333px;line-height: 20px\">.<\/span><\/li>\n<\/ul>\n<p style=\"text-align: right\"><strong><br \/>\n<\/strong><\/p>\n<h3 style=\"text-align: center\"><strong>CI\u00caNCIAS EXATAS E DA TERRA<\/strong><\/h3>\n<ul>\n<li><strong style=\"line-height: inherit\"><a href=\"https:\/\/www.infraestruturameioambiente.sp.gov.br\/institutoflorestal\/wp-content\/uploads\/sites\/234\/2017\/09\/CET.pdf\">APLICABILIDADE DE SOFTWARE LIVRE E GRATUITO NA GEST\u00c3O E MANEJO DE UNIDADES DE CONSERVA\u00c7\u00c3O: UM EXEMPLO PARA A FLORESTA ESTADUAL DE PEDERNEIRAS-SP<\/a>.\u00a0<\/strong><span style=\"line-height: inherit\">Bruna de C\u00e1ssia Franco NICOLINI<\/span><span style=\"font-size: 13.3333px;line-height: 20px\">,\u00a0<\/span><span style=\"line-height: inherit\">\u00a0Maria Teresa Zugliani TONIATO<\/span><span style=\"font-size: 13.3333px;line-height: 20px\">,\u00a0<\/span><span style=\"line-height: inherit\">Marina Mitsue KANASHIRO<\/span><span style=\"font-size: 13.3333px;line-height: 20px\">,\u00a0<\/span><span style=\"line-height: inherit\">Jos\u00e9 Carlos Toledo VENIZIANI J\u00daNIOR<\/span><span style=\"font-size: 13.3333px;line-height: 20px\">,\u00a0<\/span><span style=\"line-height: inherit\">Frederico Fregolente Faracco MAZZIERO<\/span><span style=\"font-size: 13.3333px;line-height: 20px\">.<\/span><\/li>\n<\/ul>\n<p style=\"text-align: center\"><strong>\u00a0<\/strong><\/p>\n<h3 style=\"text-align: center\"><strong>CI\u00caNCIAS HUMANAS<\/strong><\/h3>\n<ul>\n<li><a href=\"https:\/\/www.infraestruturameioambiente.sp.gov.br\/institutoflorestal\/wp-content\/uploads\/sites\/234\/2017\/09\/CH.pdf\"><strong style=\"line-height: inherit\">RECONFIGURA\u00c7\u00c3O DA GOVERNAN\u00c7A GLOBAL NA BUSCA DE\u00a0<\/strong><\/a><strong style=\"line-height: inherit\">UMA ECONOMIA DE BAIXO CARBONO.\u00a0<\/strong><span style=\"line-height: inherit\">Amanda Rodrigues de CARVALHO<\/span><span style=\"font-size: 13.3333px;line-height: 20px\">,\u00a0<\/span><span style=\"line-height: inherit\">Elaine Aparecida RODRIGUES<\/span><span style=\"font-size: 13.3333px;line-height: 20px\">,\u00a0<\/span><span style=\"line-height: inherit\">Danielly BECARD<\/span><span style=\"font-size: 13.3333px;line-height: 20px\">.<br \/>\n<\/span><\/li>\n<\/ul>\n<h3 style=\"text-align: center\"><strong>CI\u00caNCIAS SOCIAIS APLICADAS<\/strong><\/h3>\n<ul>\n<li><strong style=\"line-height: inherit\"><a href=\"https:\/\/www.infraestruturameioambiente.sp.gov.br\/institutoflorestal\/wp-content\/uploads\/sites\/234\/2017\/09\/CSA.pdf\">O USO DO QR CODE NA DIVULGA\u00c7\u00c3O CIENT\u00cdFICA E NO CONHECIMENTO DAS \u00c1RVORES DO ARBORETO 500 ANOS<\/a>.\u00a0<\/strong><span style=\"line-height: inherit\">Daniel Pisaneschi BELETTI<\/span><span style=\"font-size: 13.3333px;line-height: 20px\">,\u00a0<\/span><span style=\"line-height: inherit\">\u00a0Leni Meire Pereira Ribeiro LIMA<\/span><span style=\"font-size: 13.3333px;line-height: 20px\">,\u00a0<\/span><span style=\"line-height: inherit\">Paulo Andreetto de MUZIO<\/span><span style=\"font-size: 13.3333px;line-height: 20px\">,\u00a0<\/span><span style=\"line-height: inherit\">Elaine Aparecida RODRIGUES<\/span><span style=\"font-size: 13.3333px;line-height: 20px\">,\u00a0<\/span><span style=\"line-height: inherit\">Luis Alberto BUCCI<\/span><span style=\"font-size: 13.3333px;line-height: 20px\">.<\/span><\/li>\n<\/ul>\n","protected":false},"excerpt":{"rendered":"<p>Download dos Anais RESUMOS CI\u00caNCIAS AGR\u00c1RIAS VARIA\u00c7\u00c3O GEN\u00c9TICA POR CARACTERES QUANTITATIVOS EM POPULA\u00c7\u00c3O DE Hevea brasiliensis.\u00a0Let\u00edcia D\u00c9O SORATO,\u00a0\u00a0Miguel Luiz MENEZES FREITAS,\u00a0Mario Luiz TEIXEIRA de MORAES,\u00a0Marcela Aparecida de MORAES,\u00a0Murilo SERRA. FUNGOS E MANUTEN\u00c7\u00c3O DA VIABILIDADE DE SEMENTES DE GRUMIXAMA Eugenia brasiliensis Lam.\u00a0Ana Carolina Motta MINOHARA,\u00a0\u00a0Jo\u00e3o Jos\u00e9 Dias PARISI,\u00a0Ana Dionisia da Luz Coelho NOVEMBRE. DIAGN\u00d3STICO SOCIOAMBIENTAL E [&hellip;]<\/p>\n","protected":false},"author":102,"featured_media":0,"parent":13136,"menu_order":0,"comment_status":"closed","ping_status":"closed","template":"","meta":[],"_links":{"self":[{"href":"https:\/\/www.infraestruturameioambiente.sp.gov.br\/institutoflorestal\/wp-json\/wp\/v2\/pages\/13503"}],"collection":[{"href":"https:\/\/www.infraestruturameioambiente.sp.gov.br\/institutoflorestal\/wp-json\/wp\/v2\/pages"}],"about":[{"href":"https:\/\/www.infraestruturameioambiente.sp.gov.br\/institutoflorestal\/wp-json\/wp\/v2\/types\/page"}],"author":[{"embeddable":true,"href":"https:\/\/www.infraestruturameioambiente.sp.gov.br\/institutoflorestal\/wp-json\/wp\/v2\/users\/102"}],"replies":[{"embeddable":true,"href":"https:\/\/www.infraestruturameioambiente.sp.gov.br\/institutoflorestal\/wp-json\/wp\/v2\/comments?post=13503"}],"version-history":[{"count":8,"href":"https:\/\/www.infraestruturameioambiente.sp.gov.br\/institutoflorestal\/wp-json\/wp\/v2\/pages\/13503\/revisions"}],"predecessor-version":[{"id":13570,"href":"https:\/\/www.infraestruturameioambiente.sp.gov.br\/institutoflorestal\/wp-json\/wp\/v2\/pages\/13503\/revisions\/13570"}],"up":[{"embeddable":true,"href":"https:\/\/www.infraestruturameioambiente.sp.gov.br\/institutoflorestal\/wp-json\/wp\/v2\/pages\/13136"}],"wp:attachment":[{"href":"https:\/\/www.infraestruturameioambiente.sp.gov.br\/institutoflorestal\/wp-json\/wp\/v2\/media?parent=13503"}],"curies":[{"name":"wp","href":"https:\/\/api.w.org\/{rel}","templated":true}]}}