{"id":13136,"date":"2017-06-24T00:01:24","date_gmt":"2017-06-24T03:01:24","guid":{"rendered":"https:\/\/www.infraestruturameioambiente.sp.gov.br\/institutoflorestal\/?page_id=13136"},"modified":"2017-09-04T18:28:38","modified_gmt":"2017-09-04T21:28:38","slug":"11o-seminario-de-iniciacao-cientifica-do-instituto-florestal-2017","status":"publish","type":"page","link":"https:\/\/www.infraestruturameioambiente.sp.gov.br\/institutoflorestal\/o-instituto\/estagios-e-bolsas\/seminario-de-iniciacao-cientifica\/11o-seminario-de-iniciacao-cientifica-do-instituto-florestal-2017\/","title":{"rendered":"11\u00ba Semin\u00e1rio de Inicia\u00e7\u00e3o Cient\u00edfica do Instituto Florestal &#8211; 2017"},"content":{"rendered":"<p style=\"text-align: center\"><img decoding=\"async\" loading=\"lazy\" class=\"alignnone size-medium wp-image-11450\" src=\"https:\/\/www.infraestruturameioambiente.sp.gov.br\/institutoflorestal\/wp-content\/uploads\/sites\/234\/2017\/05\/Logo_Pibic_2017.jpg\" width=\"300\" height=\"212\" \/><\/p>\n<p style=\"text-align: center\"><strong>01\u00a0a 03 de agosto de 2017<br \/>\n<\/strong><\/p>\n<p style=\"text-align: center\"><strong>Audit\u00f3rio do Instituto Florestal<br \/>\n<\/strong>Acesso pela Rua Lu\u00eds Carlos Gentile de Laet, 553<br \/>\nHorto Florestal &#8211; CEP 02378-000 &#8211; S\u00e3o Paulo &#8211; SP<\/p>\n<p>&nbsp;<\/p>\n<ul>\n<li><a href=\"https:\/\/docs.google.com\/forms\/d\/e\/1FAIpQLSfYVq32meMVkc0jydevI-AlSoj0jBfcs2AK0RmyaLT0Vz19SQ\/viewform?c=0&amp;w=1&amp;includes_info_params=true\">Inscri\u00e7\u00f5es<\/a> <strong>(INSCREVA-SE J\u00c1 \u00a0PARA PARTICIPAR)<\/strong><\/li>\n<li><a href=\"https:\/\/www.infraestruturameioambiente.sp.gov.br\/institutoflorestal\/wp-content\/uploads\/sites\/234\/2017\/05\/Edital-SeminarioIC_2017.pdf\">Chamada para apresenta\u00e7\u00e3o de trabalhos<\/a> <span style=\"color: #ff0000\">(submiss\u00f5es encerradas)<\/span><\/li>\n<li><a href=\"https:\/\/www.infraestruturameioambiente.sp.gov.br\/institutoflorestal\/wp-content\/uploads\/sites\/234\/2017\/05\/modelo_painelXI_SEMINARIO_2017.ppt\">Modelo de Painel<\/a><\/li>\n<li>Crit\u00e9rios de avalia\u00e7\u00e3o dos trabalhos: (<a href=\"https:\/\/www.infraestruturameioambiente.sp.gov.br\/institutoflorestal\/wp-content\/uploads\/sites\/234\/2017\/06\/Crit\u00e9rios-de-avalia\u00e7\u00e3o-apresenta\u00e7\u00f5es-orais.pdf\">apresenta\u00e7\u00f5es orais<\/a>) (<a href=\"https:\/\/www.infraestruturameioambiente.sp.gov.br\/institutoflorestal\/wp-content\/uploads\/sites\/234\/2017\/06\/Crit\u00e9rios-de-avalia\u00e7\u00e3o-paineis.pdf\">pain\u00e9is)<\/a><\/li>\n<li><a href=\"https:\/\/www.infraestruturameioambiente.sp.gov.br\/institutoflorestal\/wp-content\/uploads\/sites\/234\/2017\/06\/Programac\u0327a\u0303o_Seminario-IC_2017_atualizado.pdf\">Programa\u00e7\u00e3o<\/a><\/li>\n<li><a href=\"https:\/\/www.infraestruturameioambiente.sp.gov.br\/institutoflorestal\/o-instituto\/estagios-e-bolsas\/seminario-de-iniciacao-cientifica\/11o-seminario-de-iniciacao-cientifica-do-instituto-florestal-2017\/organizacao-seminario-de-iniciacao-cientifica-2017\/\">Organiza\u00e7\u00e3o<\/a><\/li>\n<li><a href=\"https:\/\/www.infraestruturameioambiente.sp.gov.br\/institutoflorestal\/anais-do-11o-seminario-de-iniciacao-cientifica-do-instituto-florestal-2017\">Anais do Semin\u00e1rio<\/a><\/li>\n<\/ul>\n<p>&nbsp;<\/p>\n<p style=\"text-align: center\">D\u00daVIDAS E INFORMA\u00c7\u00d5ES:\u00a0<a href=\"mailto:seminarioic@if.sp.gov.br\">seminarioic@if.sp.gov.br<\/a><\/p>\n<p>&nbsp;<\/p>\n","protected":false},"excerpt":{"rendered":"<p>01\u00a0a 03 de agosto de 2017 Audit\u00f3rio do Instituto Florestal Acesso pela Rua Lu\u00eds Carlos Gentile de Laet, 553 Horto Florestal &#8211; CEP 02378-000 &#8211; S\u00e3o Paulo &#8211; SP &nbsp; Inscri\u00e7\u00f5es (INSCREVA-SE J\u00c1 \u00a0PARA PARTICIPAR) Chamada para apresenta\u00e7\u00e3o de trabalhos (submiss\u00f5es encerradas) Modelo de Painel Crit\u00e9rios de avalia\u00e7\u00e3o dos trabalhos: (apresenta\u00e7\u00f5es orais) (pain\u00e9is) Programa\u00e7\u00e3o Organiza\u00e7\u00e3o [&hellip;]<\/p>\n","protected":false},"author":102,"featured_media":0,"parent":8576,"menu_order":0,"comment_status":"closed","ping_status":"closed","template":"","meta":[],"_links":{"self":[{"href":"https:\/\/www.infraestruturameioambiente.sp.gov.br\/institutoflorestal\/wp-json\/wp\/v2\/pages\/13136"}],"collection":[{"href":"https:\/\/www.infraestruturameioambiente.sp.gov.br\/institutoflorestal\/wp-json\/wp\/v2\/pages"}],"about":[{"href":"https:\/\/www.infraestruturameioambiente.sp.gov.br\/institutoflorestal\/wp-json\/wp\/v2\/types\/page"}],"author":[{"embeddable":true,"href":"https:\/\/www.infraestruturameioambiente.sp.gov.br\/institutoflorestal\/wp-json\/wp\/v2\/users\/102"}],"replies":[{"embeddable":true,"href":"https:\/\/www.infraestruturameioambiente.sp.gov.br\/institutoflorestal\/wp-json\/wp\/v2\/comments?post=13136"}],"version-history":[{"count":16,"href":"https:\/\/www.infraestruturameioambiente.sp.gov.br\/institutoflorestal\/wp-json\/wp\/v2\/pages\/13136\/revisions"}],"predecessor-version":[{"id":13505,"href":"https:\/\/www.infraestruturameioambiente.sp.gov.br\/institutoflorestal\/wp-json\/wp\/v2\/pages\/13136\/revisions\/13505"}],"up":[{"embeddable":true,"href":"https:\/\/www.infraestruturameioambiente.sp.gov.br\/institutoflorestal\/wp-json\/wp\/v2\/pages\/8576"}],"wp:attachment":[{"href":"https:\/\/www.infraestruturameioambiente.sp.gov.br\/institutoflorestal\/wp-json\/wp\/v2\/media?parent=13136"}],"curies":[{"name":"wp","href":"https:\/\/api.w.org\/{rel}","templated":true}]}}