{"id":12801,"date":"2017-03-03T09:31:24","date_gmt":"2017-03-03T12:31:24","guid":{"rendered":"https:\/\/www.infraestruturameioambiente.sp.gov.br\/institutoflorestal\/?page_id=12801"},"modified":"2018-02-02T10:06:59","modified_gmt":"2018-02-02T12:06:59","slug":"eventos-de-2017","status":"publish","type":"page","link":"https:\/\/www.infraestruturameioambiente.sp.gov.br\/institutoflorestal\/inicio\/eventos-de-2017\/","title":{"rendered":"Eventos de 2017"},"content":{"rendered":"<ul>\n<li><strong>Janeiro<\/strong><br \/>\n<strong>&#8212;\u00a0<\/strong><\/li>\n<\/ul>\n<div>&#8212;&#8212;&#8212;&#8212;&#8212;&#8212;&#8212;&#8212;&#8212;&#8212;&#8212;&#8212;&#8212;&#8212;&#8212;&#8212;&#8212;&#8212;&#8212;&#8212;&#8212;&#8212;&#8212;&#8212;&#8212;&#8212;&#8212;&#8212;&#8212;&#8212;&#8212;&#8212;&#8212;&#8212;&#8212;&#8212;&#8212;&#8212;&#8212;&#8212;&#8212;&#8212;&#8212;&#8212;&#8212;&#8212;&#8212;&#8212;&#8212;&#8212;&#8211;<\/div>\n<ul>\n<li><strong>Fevereiro<\/strong><br \/>\n<strong>&#8212;\u00a0<\/strong><\/li>\n<\/ul>\n<div>&#8212;&#8212;&#8212;&#8212;&#8212;&#8212;&#8212;&#8212;&#8212;&#8212;&#8212;&#8212;&#8212;&#8212;&#8212;&#8212;&#8212;&#8212;&#8212;&#8212;&#8212;&#8212;&#8212;&#8212;&#8212;&#8212;&#8212;&#8212;&#8212;&#8212;&#8212;&#8212;&#8212;&#8212;&#8212;&#8212;&#8212;&#8212;&#8212;&#8212;&#8212;&#8212;&#8212;&#8212;&#8212;&#8212;&#8212;&#8212;&#8212;&#8212;&#8211;<\/div>\n<ul>\n<li><strong>Mar\u00e7o<br \/>\n<\/strong> <strong>&#8212; 09: <\/strong>Palestra &#8220;A\u00e7\u00e3o integrada para o controle do mosquito Aedes aegypti&#8221; &#8211; Local: Audit\u00f3rio do Instituto Florestal, S\u00e3o Paulo\/SP &#8211; <a href=\"https:\/\/www.infraestruturameioambiente.sp.gov.br\/institutoflorestal\/wp-content\/uploads\/sites\/234\/2017\/03\/SCTC_informa_02_2017.jpg\">ver convite<\/a><strong><br \/>\n&#8212; 26: <\/strong>Circuito dos Bosques Comemorativos do Horto Florestal &#8211; Local: Parque Estadual Alberto L\u00f6fgren, S\u00e3o Paulo\/SP &#8211; <a href=\"https:\/\/www.infraestruturameioambiente.sp.gov.br\/institutoflorestal\/wp-content\/uploads\/sites\/234\/2017\/03\/SCTC_informa_03_2017.jpg\">ver convite<\/a><\/li>\n<\/ul>\n<div>&#8212;&#8212;&#8212;&#8212;&#8212;&#8212;&#8212;&#8212;&#8212;&#8212;&#8212;&#8212;&#8212;&#8212;&#8212;&#8212;&#8212;&#8212;&#8212;&#8212;&#8212;&#8212;&#8212;&#8212;&#8212;&#8212;&#8212;&#8212;&#8212;&#8212;&#8212;&#8212;&#8212;&#8212;&#8212;&#8212;&#8212;&#8212;&#8212;&#8212;&#8212;&#8212;&#8212;&#8212;&#8212;&#8212;&#8212;&#8212;&#8212;&#8212;&#8211;<\/div>\n<ul>\n<li><strong>Abril<br \/>\n&#8212; 30:<\/strong> Comemora\u00e7\u00e3o dos 75 da Fazenda Campininha\u00a0a Servi\u00e7o da Sustentabilidade Ambiental\u00a0&#8211; Local: Esta\u00e7\u00e3o Experimental de \u00a0Mogi-Gua\u00e7\u00fa &#8211; <a href=\"https:\/\/www.infraestruturameioambiente.sp.gov.br\/institutoflorestal\/wp-content\/uploads\/sites\/234\/2017\/05\/SCTC_informa_06_2017.jpg\">ver programa\u00e7\u00e3o<\/a><\/li>\n<\/ul>\n<div>&#8212;&#8212;&#8212;&#8212;&#8212;&#8212;&#8212;&#8212;&#8212;&#8212;&#8212;&#8212;&#8212;&#8212;&#8212;&#8212;&#8212;&#8212;&#8212;&#8212;&#8212;&#8212;&#8212;&#8212;&#8212;&#8212;&#8212;&#8212;&#8212;&#8212;&#8212;&#8212;&#8212;&#8212;&#8212;&#8212;&#8212;&#8212;&#8212;&#8212;&#8212;&#8212;&#8212;&#8212;&#8212;&#8212;&#8212;&#8212;&#8212;&#8212;&#8211;<\/div>\n<ul>\n<li><strong>Maio<br \/>\n<\/strong><strong>&#8212; 09:\u00a0<\/strong>5\u00ba Encontro sobre tecnologia em Silvicultura \u2013 alunos FATEC\/Cap\u00e3o Bonito &#8211; Local: Sede do Instituto Florestal em S\u00e3o Paulo\/SP.<\/li>\n<\/ul>\n<div>&#8212;&#8212;&#8212;&#8212;&#8212;&#8212;&#8212;&#8212;&#8212;&#8212;&#8212;&#8212;&#8212;&#8212;&#8212;&#8212;&#8212;&#8212;&#8212;&#8212;&#8212;&#8212;&#8212;&#8212;&#8212;&#8212;&#8212;&#8212;&#8212;&#8212;&#8212;&#8212;&#8212;&#8212;&#8212;&#8212;&#8212;&#8212;&#8212;&#8212;&#8212;&#8212;&#8212;&#8212;&#8212;&#8212;&#8212;&#8212;&#8212;&#8212;&#8211;<\/div>\n<ul>\n<li><strong>Junho<br \/>\n<\/strong><strong>&#8212; 01: <\/strong>5\u00ba\u00a0Encontro sobre Engenharia Industrial Madeireira &#8211; Alunos da Unesp\/Itapeva &#8211; Local: Sede do Instituto Florestal, S\u00e3o Paulo\/SP &#8211; <a href=\"https:\/\/www.infraestruturameioambiente.sp.gov.br\/institutoflorestal\/wp-content\/uploads\/sites\/234\/2017\/05\/sctc_informa_08_2017.jpg\">ver programa\u00e7\u00e3o<\/a><br \/>\n<strong>&#8212; 03:<\/strong> II F\u00f3ruma Ambiental &#8211; Local: Angatuba\/SP &#8211; <a href=\"https:\/\/www.infraestruturameioambiente.sp.gov.br\/institutoflorestal\/wp-content\/uploads\/sites\/234\/2017\/03\/cartaz-II-Forum.jpg\">ver convite e programa\u00e7\u00e3o<br \/>\n<\/a><strong>&#8212; 05 a 09: <\/strong>Semana do Meio Ambiente &#8211; Floresta Estadual de Avar\u00e9 &#8211; <a href=\"https:\/\/www.infraestruturameioambiente.sp.gov.br\/institutoflorestal\/wp-content\/uploads\/sites\/234\/2017\/06\/SCTC_informa_09_2017.jpg\">ver programa\u00e7\u00e3o<\/a><strong><br \/>\n&#8212; 06 a 09:<\/strong>\u00a05\u00ba Simp\u00f3sio Internacional de Microbacias Hidrogr\u00e1ficas &#8211; Local: Unesp Botucatu &#8211;\u00a0<a href=\"https:\/\/www.infraestruturameioambiente.sp.gov.br\/institutoflorestal\/5o-simposio-internacional-de-microbacias-hidrograficas\/\">programa\u00e7\u00e3o e inscri\u00e7\u00f5es<\/a><br \/>\n<strong>&#8212; 23 e 24:<\/strong> 10\u00ba Col\u00f3quio sobre Engenharia Florestal &#8211; Alunos da Unesp Botucatu\u00a0&#8211; Local: Sede do Instituto Florestal, S\u00e3o Paulo\/SP &#8211; <a href=\"https:\/\/www.infraestruturameioambiente.sp.gov.br\/institutoflorestal\/wp-content\/uploads\/sites\/234\/2017\/06\/SCTC_informa_10_2017.jpg\">ver programa\u00e7\u00e3o<\/a><\/li>\n<\/ul>\n<p>&#8212;&#8212;&#8212;&#8212;&#8212;&#8212;&#8212;&#8212;&#8212;&#8212;&#8212;&#8212;&#8212;&#8212;&#8212;&#8212;&#8212;&#8212;&#8212;&#8212;&#8212;&#8212;&#8212;&#8212;&#8212;&#8212;&#8212;&#8212;&#8212;&#8212;&#8212;&#8212;&#8212;&#8212;&#8212;&#8212;&#8212;&#8212;&#8212;&#8212;&#8212;&#8212;&#8212;&#8212;&#8212;&#8212;&#8212;&#8212;&#8212;&#8212;&#8211;<\/p>\n<ul>\n<li><strong>Julho<br \/>\n<\/strong><strong>&#8212; 25:<\/strong> Palestra &#8220;Febre Amarela no Estado de S\u00e3o Paulo: Medidas de Preven\u00e7\u00e3o&#8221; &#8211; <a href=\"https:\/\/www.infraestruturameioambiente.sp.gov.br\/institutoflorestal\/wp-content\/uploads\/sites\/234\/2017\/07\/SCTC_informa_11_2017.jpg\">ver convite<\/a><\/li>\n<\/ul>\n<p>&#8212;&#8212;&#8212;&#8212;&#8212;&#8212;&#8212;&#8212;&#8212;&#8212;&#8212;&#8212;&#8212;&#8212;&#8212;&#8212;&#8212;&#8212;&#8212;&#8212;&#8212;&#8212;&#8212;&#8212;&#8212;&#8212;&#8212;&#8212;&#8212;&#8212;&#8212;&#8212;&#8212;&#8212;&#8212;&#8212;&#8212;&#8212;&#8212;&#8212;&#8212;&#8212;&#8212;&#8212;&#8212;&#8212;&#8212;&#8212;&#8212;&#8212;&#8211;<\/p>\n<ul>\n<li><strong>Agosto<\/strong><br \/>\n<strong>&#8212; 01 a 03:<\/strong> 11\u00ba Semin\u00e1rio de Inicia\u00e7\u00e3o Cient\u00edfica do Instituto Florestal &#8211; Local: Sede do IF S\u00e3o Paulo\/SP &#8211; <a href=\"https:\/\/www.infraestruturameioambiente.sp.gov.br\/institutoflorestal\/o-instituto\/estagios-e-bolsas\/seminario-de-iniciacao-cientifica\/11o-seminario-de-iniciacao-cientifica-do-instituto-florestal-2017\/\">ver p\u00e1gina do evento<\/a><strong><br \/>\n&#8212; 27\/08 a 01\/09:<\/strong> Confer\u00eancia Mundial sobre Restaura\u00e7\u00e3o Ecol\u00f3gica &#8211; Local:Foz do Igua\u00e7u\/PR- <a href=\"https:\/\/www.infraestruturameioambiente.sp.gov.br\/institutoflorestal\/conferencia-mundial-sobre-restauracao-ecologica\/\">mais informa\u00e7\u00f5es<\/a><\/li>\n<\/ul>\n<p>&#8212;&#8212;&#8212;&#8212;&#8212;&#8212;&#8212;&#8212;&#8212;&#8212;&#8212;&#8212;&#8212;&#8212;&#8212;&#8212;&#8212;&#8212;&#8212;&#8212;&#8212;&#8212;&#8212;&#8212;&#8212;&#8212;&#8212;&#8212;&#8212;&#8212;&#8212;&#8212;&#8212;&#8212;&#8212;&#8212;&#8212;&#8212;&#8212;&#8212;&#8212;&#8212;&#8212;&#8212;&#8212;&#8212;&#8212;&#8212;&#8212;&#8212;&#8211;<\/p>\n<ul>\n<li><strong>Setembro<\/strong><br \/>\n<strong>&#8212; 11 a 13:\u00a0<\/strong>Simp\u00f3sio do Cerrado: Manejo e Conserva\u00e7\u00e3o das Fisionomias de \u00c1reas Abertas &#8211; Local: UFSCar &#8211; S\u00e3o Carlos\/SP &#8211; <a href=\"https:\/\/cerrado2017.faiufscar.com\/\">ver site do evento<br \/>\n<\/a><strong>&#8212; 21: <\/strong>Dia da \u00c1rvore<strong><br \/>\n&#8212; 27\/08 a 01\/09:<\/strong>\u00a0Confer\u00eancia Mundial sobre Restaura\u00e7\u00e3o Ecol\u00f3gica &#8211; Local:Foz do Igua\u00e7u\/PR &#8211; <a href=\"https:\/\/www.infraestruturameioambiente.sp.gov.br\/institutoflorestal\/conferencia-mundial-sobre-restauracao-ecologica\/\">mais informa\u00e7\u00f5es<\/a><strong><br \/>\n<\/strong><\/li>\n<\/ul>\n<p>&#8212;&#8212;&#8212;&#8212;&#8212;&#8212;&#8212;&#8212;&#8212;&#8212;&#8212;&#8212;&#8212;&#8212;&#8212;&#8212;&#8212;&#8212;&#8212;&#8212;&#8212;&#8212;&#8212;&#8212;&#8212;&#8212;&#8212;&#8212;&#8212;&#8212;&#8212;&#8212;&#8212;&#8212;&#8212;&#8212;&#8212;&#8212;&#8212;&#8212;&#8212;&#8212;&#8212;&#8212;&#8212;&#8212;&#8212;&#8212;&#8212;&#8212;&#8211;<\/p>\n<ul>\n<li><strong>Outubro<br \/>\n<\/strong><strong>&#8212; 04: <\/strong>Palestra:<strong>\u00a0<\/strong>PEAL &#8211; Uma unidade de Conserva\u00e7\u00e3o &#8211; Local: S\u00e3o Paulo\/SP &#8211;\u00a0<a href=\"https:\/\/www.infraestruturameioambiente.sp.gov.br\/institutoflorestal\/wp-content\/uploads\/sites\/234\/2017\/10\/convite-palestra-PEAL-conserva\u00e7\u00e3o.pdf\">informa\u00e7\u00f5es e Inscri\u00e7\u00f5es<\/a><strong><br \/>\n&#8212; 23 a 29:<\/strong> Semana Municipal de Ci\u00eancia, Tecnologia &amp; Inova\u00e7\u00e3o &#8211; <a href=\"https:\/\/www.infraestruturameioambiente.sp.gov.br\/institutoflorestal\/2017\/10\/11\/de-23-a-29-de-outubro-sao-paulo-realiza-a-semana-municipal-de-ciencia-tecnologia-e-inovacao\/\">saiba mais<br \/>\n<\/a><strong>&#8212; 25: <\/strong>6\u00ba Semin\u00e1rio Frutos da Mata Atl\u00e2ntica &#8211; Local: Registro\/SP &#8211;\u00a0<a href=\"https:\/\/docs.google.com\/forms\/d\/e\/1FAIpQLScWc6HaC8N9X9xUrdAktHEHAMfMLXymLbZVP7ecDbJWpOjLjQ\/viewform?c=0&amp;w=1\">informa\u00e7\u00f5es e Inscri\u00e7\u00f5es<\/a><\/li>\n<\/ul>\n<p>&#8212;&#8212;&#8212;&#8212;&#8212;&#8212;&#8212;&#8212;&#8212;&#8212;&#8212;&#8212;&#8212;&#8212;&#8212;&#8212;&#8212;&#8212;&#8212;&#8212;&#8212;&#8212;&#8212;&#8212;&#8212;&#8212;&#8212;&#8212;&#8212;&#8212;&#8212;&#8212;&#8212;&#8212;&#8212;&#8212;&#8212;&#8212;&#8212;&#8212;&#8212;&#8212;&#8212;&#8212;&#8212;&#8212;&#8212;&#8212;&#8212;&#8212;&#8211;<\/p>\n<ul>\n<li><strong>Novembro<br \/>\n<\/strong><strong>&#8212;\u00a0<\/strong><\/li>\n<\/ul>\n<p>&#8212;&#8212;&#8212;&#8212;&#8212;&#8212;&#8212;&#8212;&#8212;&#8212;&#8212;&#8212;&#8212;&#8212;&#8212;&#8212;&#8212;&#8212;&#8212;&#8212;&#8212;&#8212;&#8212;&#8212;&#8212;&#8212;&#8212;&#8212;&#8212;&#8212;&#8212;&#8212;&#8212;&#8212;&#8212;&#8212;&#8212;&#8212;&#8212;&#8212;&#8212;&#8212;&#8212;&#8212;&#8212;&#8212;&#8212;&#8212;&#8212;&#8212;&#8211;<\/p>\n<ul>\n<li><strong>Dezembro<br \/>\n&#8212;\u00a005 a 07:<\/strong> 14\u00ba Curso de Hidrologia Florestal &#8211; Local: Cunha\/SP.<strong><br \/>\n<\/strong><\/li>\n<\/ul>\n","protected":false},"excerpt":{"rendered":"<p>Janeiro &#8212;\u00a0 &#8212;&#8212;&#8212;&#8212;&#8212;&#8212;&#8212;&#8212;&#8212;&#8212;&#8212;&#8212;&#8212;&#8212;&#8212;&#8212;&#8212;&#8212;&#8212;&#8212;&#8212;&#8212;&#8212;&#8212;&#8212;&#8212;&#8212;&#8212;&#8212;&#8212;&#8212;&#8212;&#8212;&#8212;&#8212;&#8212;&#8212;&#8212;&#8212;&#8212;&#8212;&#8212;&#8212;&#8212;&#8212;&#8212;&#8212;&#8212;&#8212;&#8212;&#8211; Fevereiro &#8212;\u00a0 &#8212;&#8212;&#8212;&#8212;&#8212;&#8212;&#8212;&#8212;&#8212;&#8212;&#8212;&#8212;&#8212;&#8212;&#8212;&#8212;&#8212;&#8212;&#8212;&#8212;&#8212;&#8212;&#8212;&#8212;&#8212;&#8212;&#8212;&#8212;&#8212;&#8212;&#8212;&#8212;&#8212;&#8212;&#8212;&#8212;&#8212;&#8212;&#8212;&#8212;&#8212;&#8212;&#8212;&#8212;&#8212;&#8212;&#8212;&#8212;&#8212;&#8212;&#8211; Mar\u00e7o &#8212; 09: Palestra &#8220;A\u00e7\u00e3o integrada para o controle do mosquito Aedes aegypti&#8221; &#8211; Local: Audit\u00f3rio do Instituto Florestal, S\u00e3o Paulo\/SP &#8211; ver convite &#8212; 26: Circuito dos Bosques Comemorativos do Horto Florestal &#8211; Local: Parque Estadual Alberto L\u00f6fgren, S\u00e3o Paulo\/SP &#8211; ver convite &#8212;&#8212;&#8212;&#8212;&#8212;&#8212;&#8212;&#8212;&#8212;&#8212;&#8212;&#8212;&#8212;&#8212;&#8212;&#8212;&#8212;&#8212;&#8212;&#8212;&#8212;&#8212;&#8212;&#8212;&#8212;&#8212;&#8212;&#8212;&#8212;&#8212;&#8212;&#8212;&#8212;&#8212;&#8212;&#8212;&#8212;&#8212;&#8212;&#8212;&#8212;&#8212;&#8212;&#8212;&#8212;&#8212;&#8212;&#8212;&#8212;&#8212;&#8211; Abril &#8212; 30: Comemora\u00e7\u00e3o [&hellip;]<\/p>\n","protected":false},"author":102,"featured_media":0,"parent":2236,"menu_order":0,"comment_status":"closed","ping_status":"closed","template":"","meta":[],"_links":{"self":[{"href":"https:\/\/www.infraestruturameioambiente.sp.gov.br\/institutoflorestal\/wp-json\/wp\/v2\/pages\/12801"}],"collection":[{"href":"https:\/\/www.infraestruturameioambiente.sp.gov.br\/institutoflorestal\/wp-json\/wp\/v2\/pages"}],"about":[{"href":"https:\/\/www.infraestruturameioambiente.sp.gov.br\/institutoflorestal\/wp-json\/wp\/v2\/types\/page"}],"author":[{"embeddable":true,"href":"https:\/\/www.infraestruturameioambiente.sp.gov.br\/institutoflorestal\/wp-json\/wp\/v2\/users\/102"}],"replies":[{"embeddable":true,"href":"https:\/\/www.infraestruturameioambiente.sp.gov.br\/institutoflorestal\/wp-json\/wp\/v2\/comments?post=12801"}],"version-history":[{"count":29,"href":"https:\/\/www.infraestruturameioambiente.sp.gov.br\/institutoflorestal\/wp-json\/wp\/v2\/pages\/12801\/revisions"}],"predecessor-version":[{"id":13749,"href":"https:\/\/www.infraestruturameioambiente.sp.gov.br\/institutoflorestal\/wp-json\/wp\/v2\/pages\/12801\/revisions\/13749"}],"up":[{"embeddable":true,"href":"https:\/\/www.infraestruturameioambiente.sp.gov.br\/institutoflorestal\/wp-json\/wp\/v2\/pages\/2236"}],"wp:attachment":[{"href":"https:\/\/www.infraestruturameioambiente.sp.gov.br\/institutoflorestal\/wp-json\/wp\/v2\/media?parent=12801"}],"curies":[{"name":"wp","href":"https:\/\/api.w.org\/{rel}","templated":true}]}}