{"id":11577,"date":"2016-06-14T11:05:26","date_gmt":"2016-06-14T14:05:26","guid":{"rendered":"https:\/\/www.infraestruturameioambiente.sp.gov.br\/institutoflorestal\/?page_id=11577"},"modified":"2016-07-29T17:04:50","modified_gmt":"2016-07-29T20:04:50","slug":"if-serie-registros-no-54","status":"publish","type":"page","link":"https:\/\/www.infraestruturameioambiente.sp.gov.br\/institutoflorestal\/publicacoes-if\/if-serie-registros\/if-serie-registros-no-54\/","title":{"rendered":"IF S\u00e9rie Registros n\u00ba 54"},"content":{"rendered":"<p><strong>S\u00c9RIE REGISTROS N. 54, mai. 2016: <a href=\"https:\/\/www.infraestruturameioambiente.sp.gov.br\/institutoflorestal\/wp-content\/uploads\/sites\/234\/2016\/06\/IFSR54.pdf\">Revista Completa<\/a><\/strong><\/p>\n<p><strong>\u00a0<\/strong><\/p>\n<ul>\n<li>Educa\u00e7\u00e3o ambiental na Esta\u00e7\u00e3o Ecol\u00f3gica de Avar\u00e9, Estado de S\u00e3o Paulo, Brasil. Environmental education in Avar\u00e9 Ecological Station, S\u00e3o Paulo state, Brazil. Sueli HERCULIANI; Marilda Rapp de ESTON; Waldir Joel de ANDRADE; Paulo Henrique dos SANTOS; Fernando DESCIO; Ros\u00e2ngela C\u00e9lia Ribeiro de OLIVEIRA<br \/>\n<a href=\"http:\/\/dx.doi.org\/10.4322\/ifsr.2016.001\">http:\/\/dx.doi.org\/10.4322\/ifsr.2016.001<\/a><\/li>\n<\/ul>\n<p style=\"text-align: right\"><strong><a href=\"https:\/\/www.infraestruturameioambiente.sp.gov.br\/institutoflorestal\/wp-content\/uploads\/sites\/234\/2016\/06\/IFSR54_5-23.pdf\" target=\"_blank\">5-23<\/a><\/strong><\/p>\n<ul>\n<li>Consequ\u00eancias ambientais e geogr\u00e1ficas da altera\u00e7\u00e3o no curso do rio Comprido, Iguape, SP. Geographic and environmental consequences of the change in the course of the Comprido River, Iguape, SP. Claudio de MOURA; Manoel Messias dos SANTOS; Luiz Carlos LIBORIO; Gl\u00e1ucia Cortez Ramos de PAULA<br \/>\n<a href=\"http:\/\/dx.doi.org\/10.4322\/ifsr.2016.002\">http:\/\/dx.doi.org\/10.4322\/ifsr.2016.002<\/a><\/li>\n<\/ul>\n<p style=\"text-align: right\"><strong><a href=\"https:\/\/www.infraestruturameioambiente.sp.gov.br\/institutoflorestal\/wp-content\/uploads\/sites\/234\/2016\/06\/IFSR54_25-33.pdf\">25-33<\/a><\/strong><\/p>\n<ul>\n<li>O Marco Legal da Ci\u00eancia, Tecnologia e Inova\u00e7\u00e3o: a comunidade de pesquisa e a apropria\u00e7\u00e3o privada de recursos p\u00fablicos. The Legal Framework of Science, Technology and Innovation: research community and private ownership of public resources. Rog\u00e9rio Bezerra da SILVA<br \/>\n<a href=\"http:\/\/dx.doi.org\/10.4322\/ifsr.2016.003\">http:\/\/dx.doi.org\/10.4322\/ifsr.2016.003<\/a><\/li>\n<\/ul>\n<p style=\"text-align: right\"><strong><a href=\"https:\/\/www.infraestruturameioambiente.sp.gov.br\/institutoflorestal\/wp-content\/uploads\/sites\/234\/2016\/06\/IFSR54_35-43.pdf\">35-43<\/a><\/strong><\/p>\n<ul>\n<li>Educa\u00e7\u00e3o ambiental na Esta\u00e7\u00e3o Ecol\u00f3gica de Paranapanema, Estado de S\u00e3o Paulo, Brasil. Environmental education in Paranapanema Ecological Station, S\u00e3o Paulo state, Brazil. Sueli HERCULIANI; Marilda Rapp de ESTON; Waldir Joel de ANDRADE; Paulo Henrique dos SANTOS; Ros\u00e2ngela C\u00e9lia Ribeiro de OLIVEIRA; Fernando DESCIO<br \/>\n<a href=\"http:\/\/dx.doi.org\/10.4322\/ifsr.2016.004\">http:\/\/dx.doi.org\/10.4322\/ifsr.2016.004<\/a><\/li>\n<\/ul>\n<p style=\"text-align: right\"><strong><a href=\"https:\/\/www.infraestruturameioambiente.sp.gov.br\/institutoflorestal\/wp-content\/uploads\/sites\/234\/2016\/06\/IFSR54_45-57.pdf\">45-57<\/a><\/strong><\/p>\n<ul>\n<li>Participa\u00e7\u00e3o social e contexto territorial na implanta\u00e7\u00e3o do Mosaico de Unidades Conserva\u00e7\u00e3o do Jacupiranga. Social participation and territorial context in implementation of Jacupiranga Conservation Areas Mosaic. Ocimar Jos\u00e9 Baptista BIM; Marcos B\u00fchrer CAMPOLIM<br \/>\n<a href=\"http:\/\/dx.doi.org\/10.4322\/ifsr.2016.005\">http:\/\/dx.doi.org\/10.4322\/ifsr.2016.005<\/a><\/li>\n<\/ul>\n<p style=\"text-align: right\"><strong><a href=\"https:\/\/www.infraestruturameioambiente.sp.gov.br\/institutoflorestal\/wp-content\/uploads\/sites\/234\/2016\/06\/IFSR54_59-77.pdf\">59-77<\/a><\/strong><\/p>\n","protected":false},"excerpt":{"rendered":"<p>S\u00c9RIE REGISTROS N. 54, mai. 2016: Revista Completa \u00a0 Educa\u00e7\u00e3o ambiental na Esta\u00e7\u00e3o Ecol\u00f3gica de Avar\u00e9, Estado de S\u00e3o Paulo, Brasil. Environmental education in Avar\u00e9 Ecological Station, S\u00e3o Paulo state, Brazil. Sueli HERCULIANI; Marilda Rapp de ESTON; Waldir Joel de ANDRADE; Paulo Henrique dos SANTOS; Fernando DESCIO; Ros\u00e2ngela C\u00e9lia Ribeiro de OLIVEIRA http:\/\/dx.doi.org\/10.4322\/ifsr.2016.001 5-23 Consequ\u00eancias [&hellip;]<\/p>\n","protected":false},"author":102,"featured_media":0,"parent":2992,"menu_order":0,"comment_status":"closed","ping_status":"closed","template":"","meta":[],"_links":{"self":[{"href":"https:\/\/www.infraestruturameioambiente.sp.gov.br\/institutoflorestal\/wp-json\/wp\/v2\/pages\/11577"}],"collection":[{"href":"https:\/\/www.infraestruturameioambiente.sp.gov.br\/institutoflorestal\/wp-json\/wp\/v2\/pages"}],"about":[{"href":"https:\/\/www.infraestruturameioambiente.sp.gov.br\/institutoflorestal\/wp-json\/wp\/v2\/types\/page"}],"author":[{"embeddable":true,"href":"https:\/\/www.infraestruturameioambiente.sp.gov.br\/institutoflorestal\/wp-json\/wp\/v2\/users\/102"}],"replies":[{"embeddable":true,"href":"https:\/\/www.infraestruturameioambiente.sp.gov.br\/institutoflorestal\/wp-json\/wp\/v2\/comments?post=11577"}],"version-history":[{"count":5,"href":"https:\/\/www.infraestruturameioambiente.sp.gov.br\/institutoflorestal\/wp-json\/wp\/v2\/pages\/11577\/revisions"}],"predecessor-version":[{"id":11624,"href":"https:\/\/www.infraestruturameioambiente.sp.gov.br\/institutoflorestal\/wp-json\/wp\/v2\/pages\/11577\/revisions\/11624"}],"up":[{"embeddable":true,"href":"https:\/\/www.infraestruturameioambiente.sp.gov.br\/institutoflorestal\/wp-json\/wp\/v2\/pages\/2992"}],"wp:attachment":[{"href":"https:\/\/www.infraestruturameioambiente.sp.gov.br\/institutoflorestal\/wp-json\/wp\/v2\/media?parent=11577"}],"curies":[{"name":"wp","href":"https:\/\/api.w.org\/{rel}","templated":true}]}}

IF Série Registros nº 54

<p><strong>SÉRIE REGISTROS N. 54, mai. 2016: <a href="https://www.infraestruturameioambiente.sp.gov.br/institutoflorestal/wp-content/uploads/sites/234/2016/06/IFSR54.pdf">Revista Completa</a></strong></p>
<p><strong> </strong></p>
<ul>
<li>Educação ambiental na Estação Ecológica de Avaré, Estado de São Paulo, Brasil. Environmental education in Avaré Ecological Station, São Paulo state, Brazil. Sueli HERCULIANI; Marilda Rapp de ESTON; Waldir Joel de ANDRADE; Paulo Henrique dos SANTOS; Fernando DESCIO; Rosângela Célia Ribeiro de OLIVEIRA<br />
<a href="http://dx.doi.org/10.4322/ifsr.2016.001">http://dx.doi.org/10.4322/ifsr.2016.001</a></li>
</ul>
<p style="text-align: right"><strong><a href="https://www.infraestruturameioambiente.sp.gov.br/institutoflorestal/wp-content/uploads/sites/234/2016/06/IFSR54_5-23.pdf" target="_blank">5-23</a></strong></p>
<ul>
<li>Consequências ambientais e geográficas da alteração no curso do rio Comprido, Iguape, SP. Geographic and environmental consequences of the change in the course of the Comprido River, Iguape, SP. Claudio de MOURA; Manoel Messias dos SANTOS; Luiz Carlos LIBORIO; Gláucia Cortez Ramos de PAULA<br />
<a href="http://dx.doi.org/10.4322/ifsr.2016.002">http://dx.doi.org/10.4322/ifsr.2016.002</a></li>
</ul>
<p style="text-align: right"><strong><a href="https://www.infraestruturameioambiente.sp.gov.br/institutoflorestal/wp-content/uploads/sites/234/2016/06/IFSR54_25-33.pdf">25-33</a></strong></p>
<ul>
<li>O Marco Legal da Ciência, Tecnologia e Inovação: a comunidade de pesquisa e a apropriação privada de recursos públicos. The Legal Framework of Science, Technology and Innovation: research community and private ownership of public resources. Rogério Bezerra da SILVA<br />
<a href="http://dx.doi.org/10.4322/ifsr.2016.003">http://dx.doi.org/10.4322/ifsr.2016.003</a></li>
</ul>
<p style="text-align: right"><strong><a href="https://www.infraestruturameioambiente.sp.gov.br/institutoflorestal/wp-content/uploads/sites/234/2016/06/IFSR54_35-43.pdf">35-43</a></strong></p>
<ul>
<li>Educação ambiental na Estação Ecológica de Paranapanema, Estado de São Paulo, Brasil. Environmental education in Paranapanema Ecological Station, São Paulo state, Brazil. Sueli HERCULIANI; Marilda Rapp de ESTON; Waldir Joel de ANDRADE; Paulo Henrique dos SANTOS; Rosângela Célia Ribeiro de OLIVEIRA; Fernando DESCIO<br />
<a href="http://dx.doi.org/10.4322/ifsr.2016.004">http://dx.doi.org/10.4322/ifsr.2016.004</a></li>
</ul>
<p style="text-align: right"><strong><a href="https://www.infraestruturameioambiente.sp.gov.br/institutoflorestal/wp-content/uploads/sites/234/2016/06/IFSR54_45-57.pdf">45-57</a></strong></p>
<ul>
<li>Participação social e contexto territorial na implantação do Mosaico de Unidades Conservação do Jacupiranga. Social participation and territorial context in implementation of Jacupiranga Conservation Areas Mosaic. Ocimar José Baptista BIM; Marcos Bührer CAMPOLIM<br />
<a href="http://dx.doi.org/10.4322/ifsr.2016.005">http://dx.doi.org/10.4322/ifsr.2016.005</a></li>
</ul>
<p style="text-align: right"><strong><a href="https://www.infraestruturameioambiente.sp.gov.br/institutoflorestal/wp-content/uploads/sites/234/2016/06/IFSR54_59-77.pdf">59-77</a></strong></p>

<p>SÉRIE REGISTROS N. 54, mai. 2016: Revista Completa   Educação ambiental na Estação Ecológica de Avaré, Estado de São Paulo, Brasil. Environmental education in Avaré Ecological Station, São Paulo state, Brazil. Sueli HERCULIANI; Marilda Rapp de ESTON; Waldir Joel de ANDRADE; Paulo Henrique dos SANTOS; Fernando DESCIO; Rosângela Célia Ribeiro de OLIVEIRA http://dx.doi.org/10.4322/ifsr.2016.001 5-23 Consequências [&hellip;]</p>
