{"id":553,"date":"2011-11-23T14:21:49","date_gmt":"2011-11-23T14:21:49","guid":{"rendered":"https:\/\/www.infraestruturameioambiente.sp.gov.br\/institutodebotanica\/?page_id=553"},"modified":"2019-09-27T11:11:58","modified_gmt":"2019-09-27T14:11:58","slug":"flora-fanerogamica-do-estado-de-sao-paulo-volume-6","status":"publish","type":"page","link":"https:\/\/www.infraestruturameioambiente.sp.gov.br\/institutodebotanica\/publicacoes\/livros\/flora-fanerogamica-do-estado-de-sao-paulo-volume-6\/","title":{"rendered":"Flora Fanerog\u00e2mica do Estado de S\u00e3o Paulo &#8211; Volume 6"},"content":{"rendered":"<h1 class=\"tl\">Flora Fanerog\u00e2mica do Estado de S\u00e3o Paulo &#8211; Volume 6<\/h1>\n<h1 class=\"tl\"><a style=\"font-size: 13px\" href=\"https:\/\/www.infraestruturameioambiente.sp.gov.br\/institutodebotanica\/wp-content\/uploads\/sites\/235\/2011\/11\/livro9.jpg\"><img decoding=\"async\" loading=\"lazy\" class=\"size-full wp-image-555 alignleft\" title=\"livro9\" src=\"https:\/\/www.infraestruturameioambiente.sp.gov.br\/institutodebotanica\/wp-content\/uploads\/sites\/235\/2011\/11\/livro9.jpg\" alt=\"\" width=\"163\" height=\"218\" \/><\/a><\/h1>\n<p style=\"text-align: justify\"><strong>Coordenadores:<\/strong><br \/>\nMaria das Gra\u00e7as Lapa Wanderley, George John Shepherd, Therezinha Sant\u00b4Anna Melhem, Ana Maria Giulietti &amp; Suzana Ehlin Martins<br \/>\n<strong>Editores:<\/strong><br \/>\nSuzana Ehlin Martins, Maria das Gra\u00e7as Lapa Wanderley, George John Shepherd, Ana Maria Giulietti &amp; Therezinha Sant\u00b4Anna Melhem<br \/>\n<strong>Pre\u00e7o:<\/strong> R$ 120,00<\/p>\n<h2><\/h2>\n<h2><\/h2>\n<h2 class=\"tl-sub\" style=\"text-align: justify\">APRESENTA\u00c7\u00c3O<\/h2>\n<p style=\"text-align: justify\">O sexto volume da cole\u00e7\u00e3o Flora Fanerog\u00e2mica do Estado de S\u00e3o Paulo apresenta o tratamento de 398 esp\u00e9cies pertencentes a 58 g\u00eaneros e 4 fam\u00edlias: Melastomataceae, Polygonaceae, Sapindaceae e Sterculiaceae.<br \/>\nS\u00e3o tratadas tr\u00eas novas esp\u00e9cies descritas recentemente, uma em 2005 e duas em 2007, e que foram denominadas a partir dos nomes de coordenadores do projeto FFESP. A Leandra hermogenesii homenageia o professor Herm\u00f3genes de Freitas Leit\u00e3o Filho, mentor do projeto, falecido em 1996. A Leandra lapae, que homenageia Maria das Gra\u00e7as Lapa Wanderley, \u00e9 uma nova esp\u00e9cie coletada somente no munic\u00edpio de S\u00e3o Paulo, na regi\u00e3o de Parelheiros. George Shepherd foi homenageado com a Miconia shepherdii, \u201cesp\u00e9cie que ocorre em Minas Gerais, Rio de Janeiro e S\u00e3o Paulo, em forma\u00e7\u00f5es florestais sobre as serras da Boca\u00edna e Mantiqueira\u201d, segundo Suzana Ehlin Martins em entrevista \u00e0 Ag\u00eancia FAPESP.<br \/>\nCom essa publica\u00e7\u00e3o, completou-se o estudo de 37% das 7.500 esp\u00e9cies de faner\u00f3gamas estimadas para o estado de S\u00e3o Paulo, com a descri\u00e7\u00e3o de 2.767 esp\u00e9cies e 118 g\u00eaneros, ao todo.<br \/>\nA edi\u00e7\u00e3o inclui um \u00edndice de todas as fam\u00edlias publicadas at\u00e9 o momento, resumindo o estado atual da obra. \u201cA s\u00e9rie cont\u00e9m preciosas informa\u00e7\u00f5es sobre a diversidade vegetal paulista, reunindo informa\u00e7\u00f5es taxon\u00f4micas, distribui\u00e7\u00e3o geogr\u00e1fica e coment\u00e1rios ecol\u00f3gicos das esp\u00e9cies ocorrentes no estado\u201d, afirmou Maria das Gra\u00e7as Lapa Wanderley em entrevista \u00e0 Ag\u00eancia FAPESP. As ilustra\u00e7\u00f5es bot\u00e2nicas, de alta qualidade, foram feitas por 19 artistas. O sexto volume \u00e9 dedicado \u00e0 artista inglesa Margaret Mee (1909-1988), no centen\u00e1rio de seu nascimento, pelo seu grande entusiasmo e amor pela natureza. \u201cSuas obras s\u00e3o conhecidas no mundo inteiro, refletindo muito da diversidade vegetal brasileira\u201d, destacou Maria das Gra\u00e7as.<\/p>\n<p style=\"text-align: justify\"><strong>INSTITUTO DE BOT\u00c2NICA &#8211; SETOR DE VENDAS<\/strong><br \/>\n<strong>FONE:<\/strong> (0xx11) 5073-6300 &#8211; com F\u00e1tima Frige<br \/>\n<strong>FAX:<\/strong> (0xx11) 5073-3426<br \/>\n<strong>Contato:<\/strong> vendalivros@ibot.sp.gov.br<\/p>\n<p style=\"text-align: justify\">Algumas de nossas publica\u00e7\u00f5es tamb\u00e9m est\u00e3o \u00e0 venda no site <a href=\"http:\/\/www.seade.gov.br\/publishop\">http:\/\/www.seade.gov.br\/publishop<\/a><\/p>\n","protected":false},"excerpt":{"rendered":"<p>Flora Fanerog\u00e2mica do Estado de S\u00e3o Paulo &#8211; Volume 6 Coordenadores: Maria das Gra\u00e7as Lapa Wanderley, George John Shepherd, Therezinha Sant\u00b4Anna Melhem, Ana Maria Giulietti &amp; Suzana Ehlin Martins Editores: Suzana Ehlin Martins, Maria das Gra\u00e7as Lapa Wanderley, George John Shepherd, Ana Maria Giulietti &amp; Therezinha Sant\u00b4Anna Melhem Pre\u00e7o: R$ 120,00 APRESENTA\u00c7\u00c3O O sexto volume [&hellip;]<\/p>\n","protected":false},"author":1,"featured_media":0,"parent":516,"menu_order":9,"comment_status":"open","ping_status":"open","template":"","meta":[],"_links":{"self":[{"href":"https:\/\/www.infraestruturameioambiente.sp.gov.br\/institutodebotanica\/wp-json\/wp\/v2\/pages\/553"}],"collection":[{"href":"https:\/\/www.infraestruturameioambiente.sp.gov.br\/institutodebotanica\/wp-json\/wp\/v2\/pages"}],"about":[{"href":"https:\/\/www.infraestruturameioambiente.sp.gov.br\/institutodebotanica\/wp-json\/wp\/v2\/types\/page"}],"author":[{"embeddable":true,"href":"https:\/\/www.infraestruturameioambiente.sp.gov.br\/institutodebotanica\/wp-json\/wp\/v2\/users\/1"}],"replies":[{"embeddable":true,"href":"https:\/\/www.infraestruturameioambiente.sp.gov.br\/institutodebotanica\/wp-json\/wp\/v2\/comments?post=553"}],"version-history":[{"count":12,"href":"https:\/\/www.infraestruturameioambiente.sp.gov.br\/institutodebotanica\/wp-json\/wp\/v2\/pages\/553\/revisions"}],"predecessor-version":[{"id":23016,"href":"https:\/\/www.infraestruturameioambiente.sp.gov.br\/institutodebotanica\/wp-json\/wp\/v2\/pages\/553\/revisions\/23016"}],"up":[{"embeddable":true,"href":"https:\/\/www.infraestruturameioambiente.sp.gov.br\/institutodebotanica\/wp-json\/wp\/v2\/pages\/516"}],"wp:attachment":[{"href":"https:\/\/www.infraestruturameioambiente.sp.gov.br\/institutodebotanica\/wp-json\/wp\/v2\/media?parent=553"}],"curies":[{"name":"wp","href":"https:\/\/api.w.org\/{rel}","templated":true}]}}