{"id":516,"date":"2011-11-23T13:37:05","date_gmt":"2011-11-23T13:37:05","guid":{"rendered":"https:\/\/www.infraestruturameioambiente.sp.gov.br\/institutodebotanica\/?page_id=516"},"modified":"2022-05-18T13:50:24","modified_gmt":"2022-05-18T16:50:24","slug":"livros","status":"publish","type":"page","link":"https:\/\/www.infraestruturameioambiente.sp.gov.br\/institutodebotanica\/publicacoes\/livros\/","title":{"rendered":"Livros"},"content":{"rendered":"<table style=\"width: 100%;height: 1087px\" border=\"0\">\n<tbody>\n<tr style=\"height: 75px;border: thin solid #a1a1a1\">\n<td style=\"height: 75px\" colspan=\"3\">\n<h2 class=\"tl\" style=\"text-align: center\">Publica\u00e7\u00f5es &#8211; Livros<\/h2>\n<\/td>\n<\/tr>\n<tr style=\"height: 223px\">\n<td style=\"height: 223px\" align=\"middle\"><a href=\"https:\/\/www.infraestruturameioambiente.sp.gov.br\/institutodebotanica\/publicacoes\/livros\/pau-brasil-da-semente-a-madeira-184-p-il\/\"><img decoding=\"async\" loading=\"lazy\" class=\"alignnone size-full wp-image-23818\" src=\"https:\/\/smastr16.blob.core.windows.net\/ibot\/sites\/235\/2021\/05\/livro-pau-brasil.jpg\" alt=\"\" width=\"163\" height=\"216\" srcset=\"https:\/\/smastr16.blob.core.windows.net\/ibot\/sites\/235\/2021\/05\/livro-pau-brasil.jpg 163w, https:\/\/smastr16.blob.core.windows.net\/ibot\/sites\/235\/2021\/05\/livro-pau-brasil-136x180.jpg 136w\" sizes=\"(max-width: 163px) 100vw, 163px\" \/><\/a><\/td>\n<td style=\"height: 223px\" align=\"middle\"><a href=\"https:\/\/www.infraestruturameioambiente.sp.gov.br\/institutodebotanica\/publicacoes\/livros\/flora-fanerogamica-do-estado-de-sao-paulo-volume-5\/\"><img decoding=\"async\" loading=\"lazy\" class=\"alignnone size-full wp-image-23816\" src=\"https:\/\/smastr16.blob.core.windows.net\/ibot\/sites\/235\/2021\/05\/livro-flora-fanerogamica.jpg\" alt=\"\" width=\"163\" height=\"216\" srcset=\"https:\/\/smastr16.blob.core.windows.net\/ibot\/sites\/235\/2021\/05\/livro-flora-fanerogamica.jpg 163w, https:\/\/smastr16.blob.core.windows.net\/ibot\/sites\/235\/2021\/05\/livro-flora-fanerogamica-136x180.jpg 136w\" sizes=\"(max-width: 163px) 100vw, 163px\" \/><\/a><\/td>\n<td style=\"height: 223px\" align=\"middle\"><a href=\"https:\/\/www.infraestruturameioambiente.sp.gov.br\/institutodebotanica\/publicacoes\/livros\/diretrizes-para-conservacao-e-restauracao-da-biodiversidade-no-estado-de-sao-paulo\/\"><img decoding=\"async\" loading=\"lazy\" class=\"alignnone size-full wp-image-23820\" src=\"https:\/\/smastr16.blob.core.windows.net\/ibot\/sites\/235\/2021\/05\/livro-diretrizes.jpg\" alt=\"\" width=\"163\" height=\"216\" srcset=\"https:\/\/smastr16.blob.core.windows.net\/ibot\/sites\/235\/2021\/05\/livro-diretrizes.jpg 163w, https:\/\/smastr16.blob.core.windows.net\/ibot\/sites\/235\/2021\/05\/livro-diretrizes-136x180.jpg 136w\" sizes=\"(max-width: 163px) 100vw, 163px\" \/><\/a><\/td>\n<\/tr>\n<tr style=\"height: 24px\">\n<th style=\"text-align: center;height: 24px\" align=\"middle\">PAU &#8211; BRASIL<\/th>\n<th style=\"text-align: center;height: 24px\" align=\"middle\">Flora Fanerog\u00e2mica &#8211; Vol. 5<\/th>\n<th style=\"text-align: center;height: 24px\" align=\"middle\">Diretrizes para conserva\u00e7\u00e3o<\/th>\n<\/tr>\n<tr style=\"height: 223px\">\n<td style=\"height: 223px\" align=\"middle\"><img decoding=\"async\" loading=\"lazy\" class=\"alignnone size-full wp-image-23821\" src=\"https:\/\/smastr16.blob.core.windows.net\/ibot\/sites\/235\/2021\/05\/livro-patrimonio.jpg\" alt=\"\" width=\"163\" height=\"216\" srcset=\"https:\/\/smastr16.blob.core.windows.net\/ibot\/sites\/235\/2021\/05\/livro-patrimonio.jpg 163w, https:\/\/smastr16.blob.core.windows.net\/ibot\/sites\/235\/2021\/05\/livro-patrimonio-136x180.jpg 136w\" sizes=\"(max-width: 163px) 100vw, 163px\" \/><\/td>\n<td style=\"height: 223px\" align=\"middle\"><a style=\"line-height: 19px\" href=\"https:\/\/www.infraestruturameioambiente.sp.gov.br\/institutodebotanica\/publicacoes\/livros\/iconografia-de-orchidaceas-do-brasil\/\"><img decoding=\"async\" loading=\"lazy\" class=\"alignnone size-full wp-image-23830\" src=\"https:\/\/smastr16.blob.core.windows.net\/ibot\/sites\/235\/2021\/05\/livro-iconografia.jpg\" alt=\"\" width=\"163\" height=\"216\" srcset=\"https:\/\/smastr16.blob.core.windows.net\/ibot\/sites\/235\/2021\/05\/livro-iconografia.jpg 163w, https:\/\/smastr16.blob.core.windows.net\/ibot\/sites\/235\/2021\/05\/livro-iconografia-136x180.jpg 136w\" sizes=\"(max-width: 163px) 100vw, 163px\" \/><\/a><\/td>\n<td style=\"height: 223px\" align=\"middle\"><a style=\"line-height: 19px\" href=\"https:\/\/www.infraestruturameioambiente.sp.gov.br\/institutodebotanica\/publicacoes\/livros\/aguas-do-brasil-analises-estrategicas-222-paginas\/\"><img decoding=\"async\" loading=\"lazy\" class=\"alignnone size-full wp-image-23831\" src=\"https:\/\/smastr16.blob.core.windows.net\/ibot\/sites\/235\/2021\/05\/livro-aguas-do-brasil.jpg\" alt=\"\" width=\"163\" height=\"216\" srcset=\"https:\/\/smastr16.blob.core.windows.net\/ibot\/sites\/235\/2021\/05\/livro-aguas-do-brasil.jpg 163w, https:\/\/smastr16.blob.core.windows.net\/ibot\/sites\/235\/2021\/05\/livro-aguas-do-brasil-136x180.jpg 136w\" sizes=\"(max-width: 163px) 100vw, 163px\" \/><\/a><\/td>\n<\/tr>\n<tr style=\"height: 24px\">\n<th style=\"text-align: center;height: 24px\" align=\"middle\">Patrim\u00f4nio da Reserva<\/th>\n<th style=\"text-align: center;height: 24px\" align=\"middle\">Iconografia (esgotado)<\/th>\n<th style=\"text-align: center;height: 24px\" align=\"middle\">\u00c1guas do Brasil<\/th>\n<\/tr>\n<tr style=\"height: 223px\">\n<td style=\"height: 223px\" align=\"middle\"><img decoding=\"async\" loading=\"lazy\" class=\"alignnone size-medium wp-image-23842\" src=\"https:\/\/smastr16.blob.core.windows.net\/ibot\/sites\/235\/2021\/05\/livro-flora-do-cardoso.jpg\" alt=\"\" width=\"163\" height=\"216\" srcset=\"https:\/\/smastr16.blob.core.windows.net\/ibot\/sites\/235\/2021\/05\/livro-flora-do-cardoso.jpg 163w, https:\/\/smastr16.blob.core.windows.net\/ibot\/sites\/235\/2021\/05\/livro-flora-do-cardoso-136x180.jpg 136w\" sizes=\"(max-width: 163px) 100vw, 163px\" \/><\/td>\n<td style=\"height: 223px\" align=\"middle\"><a href=\"https:\/\/www.infraestruturameioambiente.sp.gov.br\/institutodebotanica\/publicacoes\/livros\/o-jardim-botanico-vai-a-escola-a-experiencia-dos-jardins-botanicos-brasileiros156-p\/\"><img decoding=\"async\" loading=\"lazy\" class=\"alignnone size-full wp-image-23835\" src=\"https:\/\/smastr16.blob.core.windows.net\/ibot\/sites\/235\/2021\/05\/livro-jb-vai-a-escola.jpg\" alt=\"\" width=\"163\" height=\"216\" srcset=\"https:\/\/smastr16.blob.core.windows.net\/ibot\/sites\/235\/2021\/05\/livro-jb-vai-a-escola.jpg 163w, https:\/\/smastr16.blob.core.windows.net\/ibot\/sites\/235\/2021\/05\/livro-jb-vai-a-escola-136x180.jpg 136w\" sizes=\"(max-width: 163px) 100vw, 163px\" \/><\/a><\/td>\n<td style=\"height: 223px\" align=\"middle\"><a href=\"https:\/\/www.infraestruturameioambiente.sp.gov.br\/institutodebotanica\/publicacoes\/livros\/flora-fanerogamica-do-estado-de-sao-paulo-volume-6\/\"><img decoding=\"async\" loading=\"lazy\" class=\"alignnone size-full wp-image-23837\" src=\"https:\/\/smastr16.blob.core.windows.net\/ibot\/sites\/235\/2021\/05\/livro-flora-vol-6.jpg\" alt=\"\" width=\"163\" height=\"216\" srcset=\"https:\/\/smastr16.blob.core.windows.net\/ibot\/sites\/235\/2021\/05\/livro-flora-vol-6.jpg 163w, https:\/\/smastr16.blob.core.windows.net\/ibot\/sites\/235\/2021\/05\/livro-flora-vol-6-136x180.jpg 136w\" sizes=\"(max-width: 163px) 100vw, 163px\" \/><\/a><\/td>\n<\/tr>\n<tr style=\"height: 48px\">\n<th style=\"text-align: center;height: 48px\" align=\"middle\">Flora Fanerog\u00e2mica da Ilha do Cardoso<\/th>\n<th style=\"text-align: center;height: 48px\" align=\"middle\">O Jardim Bot\u00e2nico vai \u00e0 escola<\/th>\n<th style=\"text-align: center;height: 48px\" align=\"middle\">Flora Fanerog\u00e2mica &#8211; Vol. 6<\/th>\n<\/tr>\n<tr style=\"height: 223px\">\n<td style=\"height: 223px\" align=\"middle\"><img decoding=\"async\" loading=\"lazy\" class=\"alignnone size-full wp-image-23838\" src=\"https:\/\/smastr16.blob.core.windows.net\/ibot\/sites\/235\/2021\/05\/livro-jbsp.jpg\" alt=\"\" width=\"163\" height=\"216\" srcset=\"https:\/\/smastr16.blob.core.windows.net\/ibot\/sites\/235\/2021\/05\/livro-jbsp.jpg 163w, https:\/\/smastr16.blob.core.windows.net\/ibot\/sites\/235\/2021\/05\/livro-jbsp-136x180.jpg 136w\" sizes=\"(max-width: 163px) 100vw, 163px\" \/><\/td>\n<td style=\"height: 223px\" align=\"middle\"><img decoding=\"async\" loading=\"lazy\" class=\"alignnone size-full wp-image-23839\" src=\"https:\/\/smastr16.blob.core.windows.net\/ibot\/sites\/235\/2021\/05\/livro-trepadeiras.jpg\" alt=\"\" width=\"163\" height=\"216\" \/><\/td>\n<td style=\"height: 223px\"><\/td>\n<\/tr>\n<tr style=\"height: 24px\">\n<th style=\"text-align: center;height: 24px\" align=\"middle\">Jardim Bot\u00e2nico de S\u00e3o Paulo<\/th>\n<th style=\"text-align: center;height: 24px\" align=\"middle\">Diversidade de Trepadeiras<\/th>\n<td style=\"height: 24px\"><\/td>\n<\/tr>\n<\/tbody>\n<\/table>\n<h4 style=\"text-align: justify\"><strong>INSTITUTO DE PESQUISAS AMBIENTAIS<\/strong><\/h4>\n<h5><strong>N\u00daCLEO DE PUBLICA\u00c7\u00d5ES CIENT\u00cdFICAS<br \/>\n<\/strong><\/h5>\n<p>Fone: (011) 5067-6018\/6019<br \/>\nE- mail:<br \/>\n<strong>ipa.npc@sp.gov.br<br \/>\n<\/strong><\/p>\n","protected":false},"excerpt":{"rendered":"<p>Publica\u00e7\u00f5es &#8211; Livros PAU &#8211; BRASIL Flora Fanerog\u00e2mica &#8211; Vol. 5 Diretrizes para conserva\u00e7\u00e3o Patrim\u00f4nio da Reserva Iconografia (esgotado) \u00c1guas do Brasil Flora Fanerog\u00e2mica da Ilha do Cardoso O Jardim Bot\u00e2nico vai \u00e0 escola Flora Fanerog\u00e2mica &#8211; Vol. 6 Jardim Bot\u00e2nico de S\u00e3o Paulo Diversidade de Trepadeiras INSTITUTO DE PESQUISAS AMBIENTAIS N\u00daCLEO DE PUBLICA\u00c7\u00d5ES CIENT\u00cdFICAS [&hellip;]<\/p>\n","protected":false},"author":1,"featured_media":0,"parent":2403,"menu_order":5,"comment_status":"open","ping_status":"open","template":"","meta":[],"_links":{"self":[{"href":"https:\/\/www.infraestruturameioambiente.sp.gov.br\/institutodebotanica\/wp-json\/wp\/v2\/pages\/516"}],"collection":[{"href":"https:\/\/www.infraestruturameioambiente.sp.gov.br\/institutodebotanica\/wp-json\/wp\/v2\/pages"}],"about":[{"href":"https:\/\/www.infraestruturameioambiente.sp.gov.br\/institutodebotanica\/wp-json\/wp\/v2\/types\/page"}],"author":[{"embeddable":true,"href":"https:\/\/www.infraestruturameioambiente.sp.gov.br\/institutodebotanica\/wp-json\/wp\/v2\/users\/1"}],"replies":[{"embeddable":true,"href":"https:\/\/www.infraestruturameioambiente.sp.gov.br\/institutodebotanica\/wp-json\/wp\/v2\/comments?post=516"}],"version-history":[{"count":78,"href":"https:\/\/www.infraestruturameioambiente.sp.gov.br\/institutodebotanica\/wp-json\/wp\/v2\/pages\/516\/revisions"}],"predecessor-version":[{"id":24009,"href":"https:\/\/www.infraestruturameioambiente.sp.gov.br\/institutodebotanica\/wp-json\/wp\/v2\/pages\/516\/revisions\/24009"}],"up":[{"embeddable":true,"href":"https:\/\/www.infraestruturameioambiente.sp.gov.br\/institutodebotanica\/wp-json\/wp\/v2\/pages\/2403"}],"wp:attachment":[{"href":"https:\/\/www.infraestruturameioambiente.sp.gov.br\/institutodebotanica\/wp-json\/wp\/v2\/media?parent=516"}],"curies":[{"name":"wp","href":"https:\/\/api.w.org\/{rel}","templated":true}]}}