{"id":291,"date":"2011-11-18T18:12:57","date_gmt":"2011-11-18T18:12:57","guid":{"rendered":"https:\/\/www.infraestruturameioambiente.sp.gov.br\/institutodebotanica\/?page_id=291"},"modified":"2013-09-13T15:44:52","modified_gmt":"2013-09-13T18:44:52","slug":"concursos","status":"publish","type":"page","link":"https:\/\/www.infraestruturameioambiente.sp.gov.br\/institutodebotanica\/concursos\/","title":{"rendered":"Concursos"},"content":{"rendered":"<h1 class=\"tl\">Concursos<\/h1>\n<ul>\n<li><a href=\"https:\/\/www.infraestruturameioambiente.sp.gov.br\/institutodebotanica\/wp-content\/uploads\/sites\/235\/2011\/11\/edital-_sma-_instituto_de_botanica-.pdf\" target=\"blank\">Edital &#8211; SMA &#8211; Instituto de Bot\u00e2nica<\/a><\/li>\n<li><a href=\"https:\/\/www.infraestruturameioambiente.sp.gov.br\/institutodebotanica\/wp-content\/uploads\/sites\/235\/2011\/11\/Retifica%E7%E3o%20do%20DOE.%20de%2007%20de%20abril.pdf\" target=\"blank\">Retifica\u00e7\u00e3o Edital n\u00ba 01\/2009 &#8211; P\u00e1g 99 &#8211; Anexo II e P\u00e1g 100 Anexo VI<\/a><\/li>\n<li><a href=\"http:\/\/www.institutocidades.org.br\/templates\/loadpaginas.php?pagina=destaques&amp;id=366\" target=\"blank\">Inscri\u00e7\u00f5es<\/a><\/li>\n<li><a href=\"https:\/\/www.infraestruturameioambiente.sp.gov.br\/institutodebotanica\/wp-content\/uploads\/sites\/235\/2011\/11\/edital%202.pdf\" target=\"blank\">Edital 2- SMA &#8211; Instituto de Bot\u00e2nica (Prorroga\u00e7\u00f5es das Inscri\u00e7\u00f5es)<\/a><\/li>\n<li><a href=\"https:\/\/www.infraestruturameioambiente.sp.gov.br\/institutodebotanica\/wp-content\/uploads\/sites\/235\/2011\/11\/retifica%c7%c3o2.pdf\" target=\"blank\">Retifica\u00e7\u00e3o Edital n\u00ba 01\/2009 &#8211; P\u00e1g. 99 &#8211; Cap\u00edtulo II Item 2.3<\/a><\/li>\n<li><a href=\"https:\/\/www.infraestruturameioambiente.sp.gov.br\/institutodebotanica\/wp-content\/uploads\/sites\/235\/2011\/11\/retifica%e7%e3o%20edital%2001-2009%20-%20anexo%20ii%20vagas.pdf\" target=\"blank\">Retifica\u00e7\u00e3o Edital 01-2009 &#8211; Anexo II<\/a><\/li>\n<li><a href=\"https:\/\/www.infraestruturameioambiente.sp.gov.br\/institutodebotanica\/wp-content\/uploads\/sites\/235\/2011\/11\/edital_convoca%e7%e3o_de_provas_-_ibt-2009.pdf\" target=\"blank\">Edital 3 &#8211; SMA &#8211; Instituto de Bot\u00e2nica ( Convoca\u00e7\u00e3o p\/ as provas objetivas)<\/a><\/li>\n<li><a href=\"https:\/\/www.infraestruturameioambiente.sp.gov.br\/institutodebotanica\/wp-content\/uploads\/sites\/235\/2011\/11\/locais_de_provas_-_periodo_da_manh_-_auxiliar_a.p.c.t._e_oficial_a.p.c.t..pdf\" target=\"blank\">Locais das provas &#8211; Manh\u00e3<\/a><\/li>\n<li><a href=\"https:\/\/www.infraestruturameioambiente.sp.gov.br\/institutodebotanica\/wp-content\/uploads\/sites\/235\/2011\/11\/locais.pdf\" target=\"blank\">Locais das provas &#8211; Tarde<\/a><\/li>\n<li><a href=\"https:\/\/www.infraestruturameioambiente.sp.gov.br\/institutodebotanica\/wp-content\/uploads\/sites\/235\/2011\/11\/ibt_-_edital_divulga%e7%e3o_do_gabarito_das_provas_objetivas_ap%f3s_an%e1lise_de_recursos.pdf\" target=\"blank\">Edital n\u00ba 04\/2009 &#8211; Gabaritos das Provas Objetivas ap\u00f3s an\u00e1lise de recursos &#8211; DOE. 05\/08\/2009<\/a><\/li>\n<li><a href=\"https:\/\/www.infraestruturameioambiente.sp.gov.br\/institutodebotanica\/wp-content\/uploads\/sites\/235\/2011\/11\/resultado_ibt_-_edital_divulgao_do_resultado-.pdf\" target=\"blank\">Edital n\u00ba 05\/2009 &#8211; Divulga\u00e7\u00e3o dos Resultados das Provas Objetivas &#8211; DOE. 18\/08\/2009<\/a><\/li>\n<li><a href=\"https:\/\/www.infraestruturameioambiente.sp.gov.br\/institutodebotanica\/wp-content\/uploads\/sites\/235\/2011\/11\/edital_n_06_-_convocao_-_percia_mdica_portador_de_deficincia.pdf\" target=\"blank\">Edital n\u00ba 06\/2009 &#8211; Convoca\u00e7\u00e3o Per\u00edcia M\u00e9dica &#8211; Portador de Defici\u00eancia &#8211; DOE. 10\/09\/2009<\/a><\/li>\n<li><a href=\"https:\/\/www.infraestruturameioambiente.sp.gov.br\/institutodebotanica\/wp-content\/uploads\/sites\/235\/2011\/11\/edital_n_07_-_divulgao_da_percia_mdica_-_portador_de_deficincia%5b1%5d.pdf\" target=\"blank\">Edital n\u00ba. 07\/2009 Divulga\u00e7\u00e3o do Resultado da Pericia M\u00e9dicas<\/a><\/li>\n<li><a href=\"https:\/\/www.infraestruturameioambiente.sp.gov.br\/institutodebotanica\/wp-content\/uploads\/sites\/235\/2011\/11\/edital%20n%2008%20-%20classificao%20final%20especial%20e%20geral.pdf\" target=\"blank\">Edital n\u00ba. 08\/2009 Divulga\u00e7\u00e3o da Classifica\u00e7\u00e3o Final<\/a><\/li>\n<li><a href=\"https:\/\/www.infraestruturameioambiente.sp.gov.br\/institutodebotanica\/wp-content\/uploads\/sites\/235\/2011\/11\/edital%20n%2009-2009%20-%20retificao%20edital%20n%2008-2009%20-%20divulgao%20da%20classificao%20final.pdf\" target=\"blank\">Edital n\u00ba. 09\/2009 Retifica\u00e7\u00e3o da Divulga\u00e7\u00e3o da Classifica\u00e7\u00e3o Final<\/a><\/li>\n<li><a href=\"https:\/\/www.infraestruturameioambiente.sp.gov.br\/institutodebotanica\/wp-content\/uploads\/sites\/235\/2011\/11\/homologao%20concurso.pdf\" target=\"blank\">Homologa\u00e7\u00e3o de Concurso<\/a><\/li>\n<li><a href=\"https:\/\/www.infraestruturameioambiente.sp.gov.br\/institutodebotanica\/wp-content\/uploads\/sites\/235\/2011\/11\/edital%20n%2010-2009%20-%20convocao%20para%20anuncia.pdf\" target=\"blank\">Edital n\u00ba. 10\/2009 Convoca\u00e7\u00e3o para Anu\u00eancia<\/a><\/li>\n<li><a href=\"https:\/\/www.infraestruturameioambiente.sp.gov.br\/institutodebotanica\/wp-content\/uploads\/sites\/235\/2011\/11\/edital%20n%2011-2009%20-%20convocao%20para%20anuncia.pdf\" target=\"blank\">Edital n\u00ba. 11\/2009 Convoca\u00e7\u00e3o para Anu\u00eancia<\/a><\/li>\n<li><a href=\"https:\/\/www.infraestruturameioambiente.sp.gov.br\/institutodebotanica\/wp-content\/uploads\/sites\/235\/2011\/11\/nomeao_-_decreto_de_19,_publicado_em_20-01-2010.pdf\" target=\"blank\">NOMEA\u00c7\u00c3O &#8211; Decreto de 19, publicado em 20-01-2010<\/a><\/li>\n<\/ul>\n","protected":false},"excerpt":{"rendered":"<p>Concursos Edital &#8211; SMA &#8211; Instituto de Bot\u00e2nica Retifica\u00e7\u00e3o Edital n\u00ba 01\/2009 &#8211; P\u00e1g 99 &#8211; Anexo II e P\u00e1g 100 Anexo VI Inscri\u00e7\u00f5es Edital 2- SMA &#8211; Instituto de Bot\u00e2nica (Prorroga\u00e7\u00f5es das Inscri\u00e7\u00f5es) Retifica\u00e7\u00e3o Edital n\u00ba 01\/2009 &#8211; P\u00e1g. 99 &#8211; Cap\u00edtulo II Item 2.3 Retifica\u00e7\u00e3o Edital 01-2009 &#8211; Anexo II Edital 3 &#8211; [&hellip;]<\/p>\n","protected":false},"author":1,"featured_media":0,"parent":0,"menu_order":1,"comment_status":"open","ping_status":"open","template":"","meta":[],"_links":{"self":[{"href":"https:\/\/www.infraestruturameioambiente.sp.gov.br\/institutodebotanica\/wp-json\/wp\/v2\/pages\/291"}],"collection":[{"href":"https:\/\/www.infraestruturameioambiente.sp.gov.br\/institutodebotanica\/wp-json\/wp\/v2\/pages"}],"about":[{"href":"https:\/\/www.infraestruturameioambiente.sp.gov.br\/institutodebotanica\/wp-json\/wp\/v2\/types\/page"}],"author":[{"embeddable":true,"href":"https:\/\/www.infraestruturameioambiente.sp.gov.br\/institutodebotanica\/wp-json\/wp\/v2\/users\/1"}],"replies":[{"embeddable":true,"href":"https:\/\/www.infraestruturameioambiente.sp.gov.br\/institutodebotanica\/wp-json\/wp\/v2\/comments?post=291"}],"version-history":[{"count":5,"href":"https:\/\/www.infraestruturameioambiente.sp.gov.br\/institutodebotanica\/wp-json\/wp\/v2\/pages\/291\/revisions"}],"predecessor-version":[{"id":15366,"href":"https:\/\/www.infraestruturameioambiente.sp.gov.br\/institutodebotanica\/wp-json\/wp\/v2\/pages\/291\/revisions\/15366"}],"wp:attachment":[{"href":"https:\/\/www.infraestruturameioambiente.sp.gov.br\/institutodebotanica\/wp-json\/wp\/v2\/media?parent=291"}],"curies":[{"name":"wp","href":"https:\/\/api.w.org\/{rel}","templated":true}]}}