{"id":265,"date":"2011-11-18T15:47:18","date_gmt":"2011-11-18T15:47:18","guid":{"rendered":"https:\/\/www.infraestruturameioambiente.sp.gov.br\/institutodebotanica\/?page_id=265"},"modified":"2018-09-17T11:49:42","modified_gmt":"2018-09-17T14:49:42","slug":"editais-2011","status":"publish","type":"page","link":"https:\/\/www.infraestruturameioambiente.sp.gov.br\/institutodebotanica\/editais-2011\/","title":{"rendered":"Editais 2011"},"content":{"rendered":"<h1 class=\"tl\">Editais 2011<\/h1>\n<table border=\"0\">\n<tbody>\n<tr>\n<th style=\"text-align: left\" align=\"middle\"><strong><a href=\"https:\/\/www.infraestruturameioambiente.sp.gov.br\/institutodebotanica\/wp-content\/uploads\/sites\/235\/2011\/11\/edital tomada de pre\u00e7os TALUDE 2011.pdf\" target=\"_blank\" rel=\"noopener\">EDITAL<\/a> DE TOMADA DE PRE\u00c7OS N\u00ba 01\/2011<\/strong><\/th>\n<\/tr>\n<tr>\n<td style=\"text-align: left\" align=\"middle\"><strong>OBJETIVANDO CONTRATA\u00c7AO DE SERVI\u00c7O DE REPARA\u00c7\u00c3O DE TALUDE ROMPIDO SOB A ADMINISTRA\u00c7\u00c3O DO INSTITUTO DE BOT\u00c2NICA.<\/strong><br \/>\nDATA E HORA DA SESS\u00c3O DE ABERTURA:<br \/>\n13\/06\/2011 \u00e0s 10:00 horas.<br \/>\n<strong>Anexos:<\/strong><br \/>\n<a href=\"https:\/\/www.infraestruturameioambiente.sp.gov.br\/institutodebotanica\/wp-content\/uploads\/sites\/235\/2011\/11\/Anexos IV e V - Planilha de Custos e Cronograma-Rev 03.pdf\">Anexos IV e V &#8211; Planilha de Custos e Cronograma-Rev 03<\/a><br \/>\n<a href=\"https:\/\/www.infraestruturameioambiente.sp.gov.br\/institutodebotanica\/wp-content\/uploads\/sites\/235\/2011\/11\/Plantas de projeto.pdf\">Plantas do Projeto<\/a><br \/>\n<a href=\"https:\/\/www.infraestruturameioambiente.sp.gov.br\/institutodebotanica\/wp-content\/uploads\/sites\/235\/2011\/11\/Relat\u00f3rio do projeto.pdf\">Relat\u00f3rio do Projeto<\/a><\/td>\n<\/tr>\n<tr>\n<th style=\"text-align: left\" align=\"middle\"><strong><a href=\"https:\/\/www.infraestruturameioambiente.sp.gov.br\/institutodebotanica\/wp-content\/uploads\/sites\/235\/2011\/11\/Edital loca\u00e7\u00e3o de equip.para Bilheteria do IBT 2010 1801211 PEDRO 03022011.pdf\" target=\"_blank\" rel=\"noopener\">EDITAL<\/a> DE PREG\u00c3O ELETR\u00d4NICO N\u00ba 01\/2011<\/strong><\/th>\n<\/tr>\n<tr>\n<td style=\"text-align: left\" align=\"middle\"><strong> OBJETIVANDO A PRESTA\u00c7\u00c3O DE SERVI\u00c7OS DE INSTALA\u00c7\u00c3O E GERENCIAMENTO DE SISTEMA DE CONTROLE DE ACESSO NA BILHETERIA DO JARDIM BOT\u00c2NICO DE S\u00c3O PAULO INCLUINDO MATERIAIS LOCADOS, TREINAMENTO, ACOMPANHAMENTO T\u00c9CNICO, CONFEC\u00c7\u00c3O E FORNECIMENTO DE BILHETES DE ACESSO DE VISITANTES.<\/strong><br \/>\nDATA E HORA DA SESS\u00c3O DE ABERTURA:<br \/>\n17\/02\/2011 \u00e0s 09:30 horas.<a href=\"https:\/\/www.infraestruturameioambiente.sp.gov.br\/institutodebotanica\/wp-content\/uploads\/sites\/235\/2011\/11\/Edital loca\u00e7\u00e3o de equip.para Bilheteria do IBT 2010 1801211 PEDRO 03022011.pdf\"><br \/>\n<\/a><\/td>\n<\/tr>\n<tr>\n<th style=\"text-align: left\" align=\"middle\"><strong><a href=\"https:\/\/www.infraestruturameioambiente.sp.gov.br\/institutodebotanica\/wp-content\/uploads\/sites\/235\/2011\/11\/edital preg\u00e3o eletr\u00f4nico Seguros veiculos 2010 08022011.pdf\" target=\"_blank\" rel=\"noopener\">EDITAL<\/a> DE PREG\u00c3O ELETR\u00d4NICO N\u00ba 02\/2011<\/strong><\/th>\n<\/tr>\n<tr>\n<td style=\"text-align: left\" align=\"middle\"><strong>OBJETIVANDO A CONTRATA\u00c7\u00c3O DE SERVI\u00c7OS SEGURO TOTAL DE 17 (DEZESSETE) VEICULOS AUTOMOTIVOS PERTENCENTES AO N\u00daCLEO DE ADMINISTRA\u00c7\u00c3O DE SUBFROTA DO INSTITUTO DE BOT\u00c2NICA.<\/strong><br \/>\nDATA E HORA DA SESS\u00c3O DE ABERTURA:<br \/>\n22 \/02\/2011 \u00e0s 09:30 horas.<\/td>\n<\/tr>\n<tr>\n<th style=\"text-align: left\" align=\"middle\"><strong><a href=\"https:\/\/www.infraestruturameioambiente.sp.gov.br\/institutodebotanica\/wp-content\/uploads\/sites\/235\/2011\/11\/Edital EXPANS\u00c3O DO SISTEMA DE IRRIGA\u00c7\u00c3O ORQUID\u00c1RIO.pdf\">EDITAL<\/a> DE PREG\u00c3O ELETR\u00d4NICO N\u00ba 03\/2011<\/strong><\/th>\n<\/tr>\n<tr>\n<td style=\"text-align: left\" align=\"middle\"><strong>OBJETIVANDO A CONTRATA\u00c7\u00c3O DE EMPRESA PARA SERVI\u00c7OS DE EXPANS\u00c3O DO SISTEMA DE IRRIGA\u00c7\u00c3O DOS TELADOS E ESTUFA DO N\u00daCLEO DE PESQUISA DO ORQUID\u00c1RIO DO ESTADO E N\u00daCLEO DE MANUTEN\u00c7\u00c3O DE PARQUES E JARDINS DO INSTITUTO DE BOT\u00c2NICA.<\/strong><br \/>\nDATA E HORA DA SESS\u00c3O DE ABERTURA:<br \/>\n02\/05\/2011 \u00e0s 09:30 horas.<\/td>\n<\/tr>\n<tr>\n<th style=\"text-align: left\" align=\"middle\"><strong><a href=\"https:\/\/www.infraestruturameioambiente.sp.gov.br\/institutodebotanica\/wp-content\/uploads\/sites\/235\/2011\/11\/Edital EXPANS\u00c3O DO SISTEMA DE IRRIGA\u00c7\u00c3O 2.pdf\">EDITAL<\/a> DE PREG\u00c3O ELETR\u00d4NICO N\u00ba 04\/2011<\/strong><\/th>\n<\/tr>\n<tr>\n<td style=\"text-align: left\" align=\"middle\"><strong> OBJETIVANDO SERVI\u00c7OS DE EXPANS\u00c3O DO SISTEMA DE IRRIGA\u00c7\u00c3O DOS TELADOS E ESTUFA DO N\u00daCLEO DE PESQUISA DO ORQUID\u00c1RIO DO ESTADO E N\u00daCLEO DE MANUTEN\u00c7\u00c3O DE PARQUES E JARDINS DO INSTITUTO DE BOT\u00c2NICA.<\/strong><br \/>\nDATA E HORA DA SESS\u00c3O DE ABERTURA:<br \/>\n16 \/05\/2011 \u00e0s 09:30 horas.<\/td>\n<\/tr>\n<tr>\n<th style=\"text-align: left\" align=\"middle\"><strong><a href=\"https:\/\/www.infraestruturameioambiente.sp.gov.br\/institutodebotanica\/wp-content\/uploads\/sites\/235\/2011\/11\/edital loca\u00e7\u00e3o m\u00e1quina de caf\u00e9 2011.pdf\">EDITAL<\/a> DE PREG\u00c3O ELETR\u00d4NICO N\u00ba 05\/2011<\/strong><\/th>\n<\/tr>\n<tr>\n<td style=\"text-align: left\" align=\"middle\"><strong> OBJETIVANDO SERVI\u00c7OS DE LOCA\u00c7\u00c3O DE EQUIPAMENTO (NOVO) DE AUTOSERVI\u00c7O DE FORNECIMENTO DE CAF\u00c9 E BEBIDAS QUENTES MEDIANTE A INSTALA\u00c7\u00c3O DE M\u00c1QUINA SEMI-AUTOM\u00c1TICAS E O FORNECIMENTO DE TODOS OS INSUMOS, DESTINADOS AO INSTITUTO DE BOT\u00c2NICA.<\/strong><br \/>\nDATA E HORA DA SESS\u00c3O DE ABERTURA:<br \/>\n23\/05\/2011 \u00e0s 09:30 horas.<\/td>\n<\/tr>\n<tr>\n<th style=\"text-align: left\" align=\"middle\"><strong><a href=\"https:\/\/www.infraestruturameioambiente.sp.gov.br\/institutodebotanica\/wp-content\/uploads\/sites\/235\/2011\/11\/Pregao Eletronico REFEICOES 2011.pdf\">EDITAL<\/a> DE PREG\u00c3O ELETR\u00d4NICO N\u00ba 06\/2011<\/strong><\/th>\n<\/tr>\n<tr>\n<td style=\"text-align: left\" align=\"middle\"><strong> OBJETIVANDO A PRESTA\u00c7\u00c3O DE SERVI\u00c7OS DE NUTRI\u00c7\u00c3O E ALIMENTA\u00c7\u00c3O.<\/strong><br \/>\nDATA E HORA DA SESS\u00c3O DE ABERTURA:<br \/>\n09 \/06\/2011 \u00e0s 09:30 horas.<\/td>\n<\/tr>\n<tr>\n<th style=\"text-align: left\" align=\"middle\"><strong><a href=\"https:\/\/www.infraestruturameioambiente.sp.gov.br\/institutodebotanica\/wp-content\/uploads\/sites\/235\/2011\/11\/edital loca\u00e7\u00e3o m\u00e1quina de caf\u00e9 2.pdf\">EDITAL<\/a> DE PREG\u00c3O ELETR\u00d4NICO N\u00ba 07\/2011<\/strong><\/th>\n<\/tr>\n<tr>\n<td style=\"text-align: left\" align=\"middle\"><strong> OBJETIVANDO A PRESTA\u00c7\u00c3O DE SERVI\u00c7OS DE LOCA\u00c7\u00c3O DE EQUIPAMENTO (NOVO) DE AUTOSERVI\u00c7O DE FORNECIMENTO DE CAF\u00c9 E BEBIDAS QUENTES MEDIANTE A INSTALA\u00c7\u00c3O DE M\u00c1QUINA AUTOM\u00c1TICA E O FORNECIMENTO DE TODOS OS INSUMOS, DESTINADOS AO INSTITUTO DE BOT\u00c2NICA.<\/strong><br \/>\nDATA E HORA DA SESS\u00c3O DE ABERTURA:<br \/>\n14\/06\/2011 \u00e0s 09:30 horas.<\/td>\n<\/tr>\n<tr>\n<th style=\"text-align: left\" align=\"middle\"><strong><a href=\"https:\/\/www.infraestruturameioambiente.sp.gov.br\/institutodebotanica\/wp-content\/uploads\/sites\/235\/2011\/11\/Edital 08.pdf\">EDITAL<\/a> DE PREG\u00c3O ELETR\u00d4NICO N\u00ba 08\/2011<\/strong><\/th>\n<\/tr>\n<tr>\n<td style=\"text-align: left\" align=\"middle\"><strong> OBJETIVANDO A CONTRATA\u00c7\u00c3O DE EMPRESA PARA SERVI\u00c7OS DE EXPANS\u00c3O DO SISTEMA DE IRRIGA\u00c7\u00c3O DOS TELADOS E ESTUFA DO N\u00daCLEO DE PESQUISA DO ORQUID\u00c1RIO DO ESTADO E N\u00daCLEO DE MANUTEN\u00c7\u00c3O DE PARQUES E JARDINS DO INSTITUTO DE BOT\u00c2NICA.<\/strong><br \/>\nDATA E HORA DA SESS\u00c3O DE ABERTURA:<br \/>\n21 \/07\/2011 \u00e0s 09:30 horas.<\/td>\n<\/tr>\n<tr>\n<th style=\"text-align: left\" align=\"middle\"><strong><a href=\"https:\/\/www.infraestruturameioambiente.sp.gov.br\/institutodebotanica\/wp-content\/uploads\/sites\/235\/2011\/11\/Edital_IMPRESS\u00c3O_DA_REVISTA_HOEHNEA.pdf\">EDITAL<\/a> PREG\u00c3O ELETR\u00d4NICO N\u00ba 10\/2011<\/strong><\/th>\n<\/tr>\n<tr>\n<td style=\"text-align: left\" align=\"middle\"><strong> OBJETIVANDO PRESTA\u00c7\u00c3O DE SERVI\u00c7OS DE SERVI\u00c7OS DE IMPRESS\u00c3O E MONTAGEM DOS FASCICULOS 1\/4, DA REVISTA HOEHNEA VOLUME 38, ANO DE 2011.<\/strong><br \/>\nDATA E HORA DA SESS\u00c3O DE ABERTURA:<br \/>\n24\/08\/2011 \u00e0s 09:30 horas.<\/td>\n<\/tr>\n<tr>\n<th style=\"text-align: left\" align=\"middle\"><strong><a href=\"https:\/\/www.infraestruturameioambiente.sp.gov.br\/institutodebotanica\/wp-content\/uploads\/sites\/235\/2011\/11\/EditalLimpezaPredial2011.pdf\">EDITAL<\/a> DE PREG\u00c3O ELETR\u00d4NICO N\u00ba 09\/2011<\/strong><\/th>\n<\/tr>\n<tr>\n<td style=\"text-align: left\" align=\"middle\"><strong> OBJETIVANDO PRESTA\u00c7\u00c3O DE SERVI\u00c7OS DE LIMPEZA, ASSEIO E CONSERVA\u00c7\u00c3O PREDIAL, COM O FORNECIMENTO DE M\u00c3O-DE-OBRA, SANEANTES DOMISSANIT\u00c1RIOS, MATERIAIS E EQUIPAMENTOS, VISANDO A OBTEN\u00c7\u00c3O DE ADEQUADAS CONDI\u00c7\u00d5ES DE SALUBRIDADE E HIGIENE, SOB A INTEIRA RESPONSABILIDADE DA CONTRATADA, EM LOCAIS DETERMINADOS NA RELA\u00c7\u00c3O DE ENDERE\u00c7OS CONSTANTE DA TABELA DE LOCAIS E CONFORME ESPECIFICA\u00c7\u00d5ES T\u00c9CNICAS E PLANILHAS\u201d, NO INSTITUTO DE BOT\u00c2NICA.<\/strong><br \/>\nDATA E HORA DA SESS\u00c3O DE ABERTURA:<br \/>\n12\/09\/2011 \u00e0s 09:30 horas.<\/td>\n<\/tr>\n<tr>\n<th style=\"text-align: left\" align=\"middle\"><strong><a href=\"https:\/\/www.infraestruturameioambiente.sp.gov.br\/institutodebotanica\/wp-content\/uploads\/sites\/235\/2011\/11\/Edital_Preg\u00e3o_Presencial_materiais_de_laborat\u00f3rio_2011.pdf\">EDITAL<\/a> DE PREG\u00c3O (PRESENCIAL) n\u00b0 11\/2011<\/strong><\/th>\n<\/tr>\n<tr>\n<td style=\"text-align: left\" align=\"middle\"><strong> COMPRA DE MATERIAIS DE LABORAT\u00d3RIO (reagentes, vidrarias, etc.)DATA DA REALIZA\u00c7\u00c3O: Dia 20\/09\/2011<br \/>\nHOR\u00c1RIO: \u00e0s 10:00 horas.<\/strong><\/td>\n<\/tr>\n<tr>\n<th style=\"text-align: left\" align=\"middle\"><strong><a href=\"https:\/\/www.infraestruturameioambiente.sp.gov.br\/institutodebotanica\/wp-content\/uploads\/sites\/235\/2011\/11\/EDITAL_LOCA\u00c7\u00d5ES_SIMPOSIO_VERS\u00c3O FINAL 2011 080811.pdf\">EDITAL<\/a> DE PREG\u00c3O ELETR\u00d4NICO N\u00ba 012\/2011<\/strong><\/th>\n<\/tr>\n<tr>\n<td style=\"text-align: left\" align=\"middle\"><strong> A LOCA\u00c7\u00c3O DE ESTRUTURA E EQUIPAMENTOS A SEREM UTILIZADOS NO IV SIMP\u00d3SIO DE RESTAURA\u00c7\u00c3O ECOL\u00d3GICA, A SER REALIZADO NO PER\u00cdODO DE 16\/11\/2011 A 18\/11\/2011.<\/strong><br \/>\nDATA E HORA DA SESS\u00c3O DE ABERTURA:<br \/>\n06\/10\/2011 \u00e0s 09:30 horas.<\/td>\n<\/tr>\n<tr>\n<th style=\"text-align: left\" align=\"middle\"><strong><a href=\"https:\/\/www.infraestruturameioambiente.sp.gov.br\/institutodebotanica\/wp-content\/uploads\/sites\/235\/2011\/11\/Preg\u00e3o Eletr\u00f4nico REFEI\u00c7\u00d5ES AGOSTO DE 2011.pdf\">EDITAL<\/a> DE PREG\u00c3O ELETR\u00d4NICO N\u00ba 013\/2011<\/strong><\/th>\n<\/tr>\n<tr>\n<td style=\"text-align: left\" align=\"middle\"><strong> Objetivando a Presta\u00e7\u00e3o de Servi\u00e7os de Nutri\u00e7\u00e3o e Alimenta\u00e7\u00e3o a Servidores do Instituto de Bot\u00e2nica.<\/strong><br \/>\nDATA E HORA DA SESS\u00c3O DE ABERTURA:<br \/>\n25\/11\/2011 \u00e0s 09:30 horas.<\/td>\n<\/tr>\n<tr>\n<th style=\"text-align: left\" align=\"middle\"><strong><a href=\"https:\/\/www.infraestruturameioambiente.sp.gov.br\/institutodebotanica\/wp-content\/uploads\/sites\/235\/2013\/09\/edital2011_14_11piso-jardim-botanico.pdf\">EDITAL<\/a> DE PREG\u00c3O ELETR\u00d4NICO N\u00ba 14\/2011<\/strong><\/th>\n<\/tr>\n<tr>\n<td style=\"text-align: left\" align=\"middle\"><strong> A EXECU\u00c7\u00c3O DE SERVI\u00c7OS DE ENGENHARIA PARA SUBSTITUI\u00c7\u00c3O DE PISO E MANUTEN\u00c7\u00c2O DE DRENAGEM DE \u00c1GUAS PLUVIAIS EM PARTE \u00c1REA DO JARDIM BOT\u00c2NICO DE S\u00c3O PAULO.<\/strong><br \/>\nDATA E HORA DA SESS\u00c3O DE ABERTURA:<br \/>\n01\/12\/2011 \u00e0s 10:00 horas.<\/td>\n<\/tr>\n<\/tbody>\n<\/table>\n","protected":false},"excerpt":{"rendered":"<p>Editais 2011 EDITAL DE TOMADA DE PRE\u00c7OS N\u00ba 01\/2011 OBJETIVANDO CONTRATA\u00c7AO DE SERVI\u00c7O DE REPARA\u00c7\u00c3O DE TALUDE ROMPIDO SOB A ADMINISTRA\u00c7\u00c3O DO INSTITUTO DE BOT\u00c2NICA. DATA E HORA DA SESS\u00c3O DE ABERTURA: 13\/06\/2011 \u00e0s 10:00 horas. Anexos: Anexos IV e V &#8211; Planilha de Custos e Cronograma-Rev 03 Plantas do Projeto Relat\u00f3rio do Projeto EDITAL [&hellip;]<\/p>\n","protected":false},"author":1,"featured_media":0,"parent":0,"menu_order":1,"comment_status":"open","ping_status":"open","template":"","meta":[],"_links":{"self":[{"href":"https:\/\/www.infraestruturameioambiente.sp.gov.br\/institutodebotanica\/wp-json\/wp\/v2\/pages\/265"}],"collection":[{"href":"https:\/\/www.infraestruturameioambiente.sp.gov.br\/institutodebotanica\/wp-json\/wp\/v2\/pages"}],"about":[{"href":"https:\/\/www.infraestruturameioambiente.sp.gov.br\/institutodebotanica\/wp-json\/wp\/v2\/types\/page"}],"author":[{"embeddable":true,"href":"https:\/\/www.infraestruturameioambiente.sp.gov.br\/institutodebotanica\/wp-json\/wp\/v2\/users\/1"}],"replies":[{"embeddable":true,"href":"https:\/\/www.infraestruturameioambiente.sp.gov.br\/institutodebotanica\/wp-json\/wp\/v2\/comments?post=265"}],"version-history":[{"count":51,"href":"https:\/\/www.infraestruturameioambiente.sp.gov.br\/institutodebotanica\/wp-json\/wp\/v2\/pages\/265\/revisions"}],"predecessor-version":[{"id":22264,"href":"https:\/\/www.infraestruturameioambiente.sp.gov.br\/institutodebotanica\/wp-json\/wp\/v2\/pages\/265\/revisions\/22264"}],"wp:attachment":[{"href":"https:\/\/www.infraestruturameioambiente.sp.gov.br\/institutodebotanica\/wp-json\/wp\/v2\/media?parent=265"}],"curies":[{"name":"wp","href":"https:\/\/api.w.org\/{rel}","templated":true}]}}