{"id":2645,"date":"2012-01-26T17:17:26","date_gmt":"2012-01-26T19:17:26","guid":{"rendered":"https:\/\/www.infraestruturameioambiente.sp.gov.br\/institutodebotanica\/?page_id=2645"},"modified":"2023-08-17T10:51:06","modified_gmt":"2023-08-17T13:51:06","slug":"biblioteca-cientifica","status":"publish","type":"page","link":"https:\/\/www.infraestruturameioambiente.sp.gov.br\/institutodebotanica\/biblioteca-cientifica\/","title":{"rendered":"Biblioteca Cient\u00edfica"},"content":{"rendered":"<h1><\/h1>\n<p style=\"text-align: justify\">A Biblioteca criada em 1938, juntamente com o Instituto de Bot\u00e2nica, esta vinculada ao\u00a0<strong>CENTRO DE COMUNICA\u00c7\u00d5ES T\u00c9CNICO \u2013 CIENTIFICAS<\/strong>. Re\u00fane um acervo altamente especializado em\u00a0<strong>BOT\u00c2NICA<\/strong>, especialmente em taxonomia vegetal e meio ambiente. Seu acervo \u00e9 formado e mantido atrav\u00e9s de permuta, doa\u00e7\u00f5es e compra. A\u00a0<strong>BIBLIOTECA<\/strong>\u00a0mant\u00e9m interc\u00e2mbio de publica\u00e7\u00f5es editadas pelo IBt (Hoehnea, Boletim do Instituto de Bot\u00e2nica, etc..) com outras Bibliotecas do Brasil e do exterior. \u00c9 considerada uma das mais completas na \u00e1rea, possui uma excelente cole\u00e7\u00e3o de t\u00edtulos raros e antigos. Seu acervo \u00e9 informatizado e pode ser consultado online. \u00c9 permitida a consulta local para o p\u00fablico em geral somente com <strong>agendamento<\/strong> atrav\u00e9s do e-mail ou telefone. Oferece empr\u00e9stimo somente a funcion\u00e1rios e alunos do IBt.<\/p>\n<p style=\"text-align: justify\"><strong>Hor\u00e1rio de funcionamento:<\/strong>\u00a0das 9:00 \u00e0s 17:00 de 2\u00aa a 6\u00aa feira.<br \/>\n<strong>(<a href=\"mailto:biblioteca.ipa.jb@sp.gov.br\">biblioteca.ipa.jb@sp.gov.br<\/a>)<\/strong> Fone:<\/strong>\u00a011 5067-6042 ou 5067-6043<\/p>\n","protected":false},"excerpt":{"rendered":"<p>A Biblioteca criada em 1938, juntamente com o Instituto de Bot\u00e2nica, esta vinculada ao\u00a0CENTRO DE COMUNICA\u00c7\u00d5ES T\u00c9CNICO \u2013 CIENTIFICAS. Re\u00fane um acervo altamente especializado em\u00a0BOT\u00c2NICA, especialmente em taxonomia vegetal e meio ambiente. Seu acervo \u00e9 formado e mantido atrav\u00e9s de permuta, doa\u00e7\u00f5es e compra. A\u00a0BIBLIOTECA\u00a0mant\u00e9m interc\u00e2mbio de publica\u00e7\u00f5es editadas pelo IBt (Hoehnea, Boletim do Instituto [&hellip;]<\/p>\n","protected":false},"author":1,"featured_media":0,"parent":0,"menu_order":0,"comment_status":"open","ping_status":"open","template":"","meta":[],"_links":{"self":[{"href":"https:\/\/www.infraestruturameioambiente.sp.gov.br\/institutodebotanica\/wp-json\/wp\/v2\/pages\/2645"}],"collection":[{"href":"https:\/\/www.infraestruturameioambiente.sp.gov.br\/institutodebotanica\/wp-json\/wp\/v2\/pages"}],"about":[{"href":"https:\/\/www.infraestruturameioambiente.sp.gov.br\/institutodebotanica\/wp-json\/wp\/v2\/types\/page"}],"author":[{"embeddable":true,"href":"https:\/\/www.infraestruturameioambiente.sp.gov.br\/institutodebotanica\/wp-json\/wp\/v2\/users\/1"}],"replies":[{"embeddable":true,"href":"https:\/\/www.infraestruturameioambiente.sp.gov.br\/institutodebotanica\/wp-json\/wp\/v2\/comments?post=2645"}],"version-history":[{"count":10,"href":"https:\/\/www.infraestruturameioambiente.sp.gov.br\/institutodebotanica\/wp-json\/wp\/v2\/pages\/2645\/revisions"}],"predecessor-version":[{"id":24076,"href":"https:\/\/www.infraestruturameioambiente.sp.gov.br\/institutodebotanica\/wp-json\/wp\/v2\/pages\/2645\/revisions\/24076"}],"wp:attachment":[{"href":"https:\/\/www.infraestruturameioambiente.sp.gov.br\/institutodebotanica\/wp-json\/wp\/v2\/media?parent=2645"}],"curies":[{"name":"wp","href":"https:\/\/api.w.org\/{rel}","templated":true}]}}