{"id":2454,"date":"2012-01-25T20:46:36","date_gmt":"2012-01-25T22:46:36","guid":{"rendered":"https:\/\/www.infraestruturameioambiente.sp.gov.br\/institutodebotanica\/?page_id=2454"},"modified":"2016-03-16T17:16:25","modified_gmt":"2016-03-16T20:16:25","slug":"colecao-de-culturas","status":"publish","type":"page","link":"https:\/\/www.infraestruturameioambiente.sp.gov.br\/institutodebotanica\/colecao-de-culturas\/","title":{"rendered":"Cole\u00e7\u00e3o de Culturas"},"content":{"rendered":"<p style=\"text-align: justify\"><strong>CCIBt &#8211; Cole\u00e7\u00e3o de Culturas de Algas, Cianobact\u00e9rias e Fungos do Instituto de Bot\u00e2nica\u00a0<\/strong><\/p>\n<p style=\"text-align: justify\"><strong>Algas<\/strong><\/p>\n<p style=\"text-align: justify\"><strong>\u2022 Curador:<\/strong>\u00a0Dra. Nair Sumie Yokoya<br \/>\nnyokoya@pq.cnpq.br<\/p>\n<p style=\"text-align: justify\"><strong>Cianobact\u00e9rias<\/strong><\/p>\n<p style=\"text-align: justify\"><strong>\u2022 Curador:<\/strong>\u00a0Dra. C\u00e9lia Leite Sant`Anna<br \/>\nceliasant@yahoo.com.br<\/p>\n<p style=\"text-align: justify\"><strong>Fungos aqu\u00e1ticos<\/strong><\/p>\n<p style=\"text-align: justify\"><strong>\u2022 Curador:<\/strong>\u00a0Dra. Carmen L\u00eddia Amorim Pires Zottarelli<br \/>\nzottarelli@uol.com.br<\/p>\n<p style=\"text-align: justify\"><strong>Fungos terrestres<\/strong><\/p>\n<p style=\"text-align: justify\"><strong>\u2022 Curador:<\/strong>\u00a0Msc. Marcela Castilho Boro<br \/>\nmarcelaboro@gmail.com<\/p>\n<p style=\"text-align: justify\"><strong>Basidiomicetos<\/strong><\/p>\n<p style=\"text-align: justify\"><strong>\u2022 Curador:<\/strong>\u00a0Dra. Vera Maria Valle Vitali<br \/>\nvvitaliibot@gmail.com<\/p>\n<p style=\"text-align: justify\">.<strong>CCIBt &#8211; Documenta\u00e7\u00e3o:<\/strong><\/p>\n<ul>\n<li style=\"text-align: justify\"><a href=\"https:\/\/www.infraestruturameioambiente.sp.gov.br\/institutodebotanica\/wp-content\/uploads\/sites\/235\/2014\/02\/cole\u00e7\u00e3o_cultura_portaria_IBt-5-2009.pdf\"><strong>REGIMENTO DA CCIBT<\/strong><\/a><\/li>\n<li style=\"text-align: justify\"><a href=\"https:\/\/www.infraestruturameioambiente.sp.gov.br\/institutodebotanica\/wp-content\/uploads\/sites\/235\/2014\/02\/cole\u00e7\u00e3o_cultura_registro_de_entrada.docx\"><strong>REGISTRO DE ENTRADA<\/strong><\/a><\/li>\n<li style=\"text-align: justify\"><a href=\"https:\/\/www.infraestruturameioambiente.sp.gov.br\/institutodebotanica\/wp-content\/uploads\/sites\/235\/2014\/02\/cole\u00e7\u00e3o_cultura_TTM.docx\"><strong>TTM<\/strong><\/a><\/li>\n<li style=\"text-align: justify\"><a href=\"https:\/\/www.infraestruturameioambiente.sp.gov.br\/institutodebotanica\/wp-content\/uploads\/sites\/235\/2014\/02\/cole\u00e7\u00e3o_cultura_TRTM.docx\"><strong>TRTM<\/strong><\/a><\/li>\n<\/ul>\n","protected":false},"excerpt":{"rendered":"<p>CCIBt &#8211; Cole\u00e7\u00e3o de Culturas de Algas, Cianobact\u00e9rias e Fungos do Instituto de Bot\u00e2nica\u00a0 Algas \u2022 Curador:\u00a0Dra. Nair Sumie Yokoya nyokoya@pq.cnpq.br Cianobact\u00e9rias \u2022 Curador:\u00a0Dra. C\u00e9lia Leite Sant`Anna celiasant@yahoo.com.br Fungos aqu\u00e1ticos \u2022 Curador:\u00a0Dra. Carmen L\u00eddia Amorim Pires Zottarelli zottarelli@uol.com.br Fungos terrestres \u2022 Curador:\u00a0Msc. Marcela Castilho Boro marcelaboro@gmail.com Basidiomicetos \u2022 Curador:\u00a0Dra. Vera Maria Valle Vitali vvitaliibot@gmail.com .CCIBt [&hellip;]<\/p>\n","protected":false},"author":1,"featured_media":0,"parent":0,"menu_order":0,"comment_status":"open","ping_status":"open","template":"","meta":[],"_links":{"self":[{"href":"https:\/\/www.infraestruturameioambiente.sp.gov.br\/institutodebotanica\/wp-json\/wp\/v2\/pages\/2454"}],"collection":[{"href":"https:\/\/www.infraestruturameioambiente.sp.gov.br\/institutodebotanica\/wp-json\/wp\/v2\/pages"}],"about":[{"href":"https:\/\/www.infraestruturameioambiente.sp.gov.br\/institutodebotanica\/wp-json\/wp\/v2\/types\/page"}],"author":[{"embeddable":true,"href":"https:\/\/www.infraestruturameioambiente.sp.gov.br\/institutodebotanica\/wp-json\/wp\/v2\/users\/1"}],"replies":[{"embeddable":true,"href":"https:\/\/www.infraestruturameioambiente.sp.gov.br\/institutodebotanica\/wp-json\/wp\/v2\/comments?post=2454"}],"version-history":[{"count":9,"href":"https:\/\/www.infraestruturameioambiente.sp.gov.br\/institutodebotanica\/wp-json\/wp\/v2\/pages\/2454\/revisions"}],"predecessor-version":[{"id":19197,"href":"https:\/\/www.infraestruturameioambiente.sp.gov.br\/institutodebotanica\/wp-json\/wp\/v2\/pages\/2454\/revisions\/19197"}],"wp:attachment":[{"href":"https:\/\/www.infraestruturameioambiente.sp.gov.br\/institutodebotanica\/wp-json\/wp\/v2\/media?parent=2454"}],"curies":[{"name":"wp","href":"https:\/\/api.w.org\/{rel}","templated":true}]}}