{"id":22584,"date":"2019-04-03T15:05:24","date_gmt":"2019-04-03T18:05:24","guid":{"rendered":"https:\/\/www.infraestruturameioambiente.sp.gov.br\/institutodebotanica\/?page_id=22584"},"modified":"2019-10-10T15:20:59","modified_gmt":"2019-10-10T18:20:59","slug":"editais-2019","status":"publish","type":"page","link":"https:\/\/www.infraestruturameioambiente.sp.gov.br\/institutodebotanica\/editais-2019\/","title":{"rendered":"Editais 2019"},"content":{"rendered":"<p>&nbsp;<\/p>\n<table style=\"height: 591px;width: 0px\" border=\"0\">\n<tbody>\n<tr style=\"height: 23px\">\n<th style=\"height: 10px;background-color: #f0eded;text-align: left;width: 464px\" align=\"middle\"><strong><a href=\"https:\/\/www.infraestruturameioambiente.sp.gov.br\/institutodebotanica\/wp-content\/uploads\/sites\/235\/2019\/04\/edital_01_2019.pdf\" target=\"_blank\" rel=\"noopener noreferrer\">EDITAL<\/a> &#8211; PREG\u00c3O ELETR\u00d4NICO N\u00ba 01\/2019<br \/>\n<\/strong><\/th>\n<\/tr>\n<tr style=\"height: 143px\">\n<td style=\"text-align: left;height: 74px;width: 464px\" align=\"middle\"><strong>PRESTA\u00c7\u00c3O DE SERVI\u00c7OS CONTRATA\u00c7\u00c3O DE EMPRESA ESPECIALIZADA PARA HIGIENIZA\u00c7\u00c3O (DESINFEC\u00c7\u00c3O, DESINFESTA\u00c7\u00c3O) EM 80 MIL EXEMPLARES E REALIZA\u00c7\u00c3O DE PEQUENOS REPAROS EM 200 OBRAS DO ACERVO DO N\u00daCLEO DE BIBLIOTECA E MEM\u00d3RIA DO INSTITUTO DE BOT\u00c2NICA,<br \/>\n<\/strong>DATA DE REALIZA\u00c7\u00c3O DA SESS\u00c3O P\u00daBLICA:<br \/>\nDia 16\/04\/2019.<br \/>\nHOR\u00c1RIO: \u00e0s 09:30 horas.<\/td>\n<\/tr>\n<tr style=\"height: 23px\">\n<th style=\"height: 10px;background-color: #f0eded;text-align: left;width: 464px\" align=\"middle\"><strong><a href=\"https:\/\/www.infraestruturameioambiente.sp.gov.br\/institutodebotanica\/wp-content\/uploads\/sites\/235\/2019\/04\/edital_03_2019.pdf\" target=\"_blank\" rel=\"noopener noreferrer\">EDITAL<\/a> &#8211; PREG\u00c3O ELETR\u00d4NICO N\u00ba 03\/2019<br \/>\n<\/strong><\/th>\n<\/tr>\n<tr style=\"height: 143px\">\n<td style=\"text-align: left;height: 74px;width: 464px\" align=\"middle\"><strong>EDITAL DE PREG\u00c3O ELETR\u00d4NICO OBJETIVANDO A PRESTA\u00c7\u00c3O DE SERVI\u00c7OS N\u00c3O CONT\u00cdNUOS \u2013 PARTICIPA\u00c7\u00c3O AMPLA<br \/>\n<\/strong>DATA DE REALIZA\u00c7\u00c3O DA SESS\u00c3O P\u00daBLICA:<br \/>\nDia 26\/04\/2019.<br \/>\nHOR\u00c1RIO: \u00e0s 09:00 horas.<\/td>\n<\/tr>\n<tr style=\"height: 23px\">\n<th style=\"height: 10px;background-color: #f0eded;text-align: left;width: 464px\" align=\"middle\"><strong><a href=\"https:\/\/www.infraestruturameioambiente.sp.gov.br\/institutodebotanica\/wp-content\/uploads\/sites\/235\/2019\/04\/edital_04_2019.pdf\" target=\"_blank\" rel=\"noopener noreferrer\">EDITAL<\/a> &#8211; PREG\u00c3O ELETR\u00d4NICO N\u00ba 04\/2019<br \/>\n<\/strong><\/th>\n<\/tr>\n<tr style=\"height: 143px\">\n<td style=\"text-align: left;height: 59px;width: 464px\" align=\"middle\"><strong>EDITAL DE PREG\u00c3O ELETR\u00d4NICO OBJETIVANDO <\/strong><strong>A PRESTA\u00c7\u00c3O DE SERVI\u00c7OS N\u00c3O CONT\u00cdNUOS, T\u00c9CNICOS ESPECIALIZADOS PARA ADEQUA\u00c7\u00c3O DAS ESTRUTURAS DAS ESTUFAS DO CERRADO E DA MATA ATL\u00c2NTICA<br \/>\n<\/strong>DATA DE REALIZA\u00c7\u00c3O DA SESS\u00c3O P\u00daBLICA:<br \/>\nDia 07\/05\/2019.<br \/>\nHOR\u00c1RIO: \u00e0s 09:00 horas.<\/td>\n<\/tr>\n<tr style=\"height: 23px\">\n<th style=\"height: 10px;background-color: #f0eded;text-align: left;width: 464px\" align=\"middle\"><strong><a href=\"https:\/\/www.infraestruturameioambiente.sp.gov.br\/institutodebotanica\/wp-content\/uploads\/sites\/235\/2019\/04\/edital_05_2019.pdf\" target=\"_blank\" rel=\"noopener noreferrer\">EDITAL<\/a> &#8211; PREG\u00c3O ELETR\u00d4NICO N\u00ba 05\/2019<br \/>\n<\/strong><\/th>\n<\/tr>\n<tr style=\"height: 143px\">\n<td style=\"text-align: left;height: 63px;width: 464px\" align=\"middle\"><strong>EDITAL DE PREG\u00c3O ELETR\u00d4NICO OBJETIVANDO APRESTA\u00c7\u00c3O DE SERVI\u00c7OS CONTRATA\u00c7\u00c3O DE EMPRESA ESPECIALIZADA PARA HIGIENIZA\u00c7\u00c3O (DESINFEC\u00c7\u00c3O, DESINFESTA\u00c7\u00c3O) EM 80 MIL EXEMPLARES E REALIZA\u00c7\u00c3O DE PEQUENOS REPAROS EM 200 OBRAS DO ACERVO DO N\u00daCLEO DE BIBLIOTECA E MEM\u00d3RIA DO INSTITUTO DE BOT\u00c2NICA,<br \/>\n<\/strong>DATA DE REALIZA\u00c7\u00c3O DA SESS\u00c3O P\u00daBLICA:<br \/>\nDia 08\/05\/2019.<br \/>\nHOR\u00c1RIO: \u00e0s 09:00 horas.<\/td>\n<\/tr>\n<tr style=\"height: 23px\">\n<th style=\"height: 10px;background-color: #f0eded;text-align: left;width: 464px\" align=\"middle\"><strong><a href=\"https:\/\/www.infraestruturameioambiente.sp.gov.br\/institutodebotanica\/wp-content\/uploads\/sites\/235\/2019\/07\/edital_06_2019.pdf\" target=\"_blank\" rel=\"noopener noreferrer\">EDITAL<\/a> &#8211; PREG\u00c3O ELETR\u00d4NICO N\u00ba 06\/2019<br \/>\n<\/strong><\/th>\n<\/tr>\n<tr style=\"height: 143px\">\n<td style=\"text-align: left;height: 63px;width: 464px\" align=\"middle\"><strong>EDITAL DE PREG\u00c3O ELETR\u00d4NICO OBJETIVANDO A PRESTA\u00c7\u00c3O DE SERVI\u00c7OS DE CONSERVA\u00c7\u00c3O DO PISO E MANUTEN\u00c7\u00c3O GERAL DO MUSEU BOT\u00c2NICO \u201cDR. JO\u00c3O BARBOSA RODRIGUES\u201d DO JARDIM BOT\u00c2NICO DE S\u00c3O PAULO.<br \/>\n<\/strong>DATA DE REALIZA\u00c7\u00c3O DA SESS\u00c3O P\u00daBLICA:<br \/>\nDia 01\/07\/2019<br \/>\nHOR\u00c1RIO: \u00e0s 09:00 horas.<\/td>\n<\/tr>\n<tr style=\"height: 23px\">\n<th style=\"height: 10px;background-color: #f0eded;text-align: left;width: 464px\" align=\"middle\"><strong><a href=\"https:\/\/www.infraestruturameioambiente.sp.gov.br\/institutodebotanica\/wp-content\/uploads\/sites\/235\/2019\/07\/edital_07_2019.pdf\" target=\"_blank\" rel=\"noopener noreferrer\">EDITAL<\/a> &#8211; PREG\u00c3O ELETR\u00d4NICO N\u00ba 07\/2019<br \/>\n<\/strong><\/th>\n<\/tr>\n<tr style=\"height: 143px\">\n<td style=\"text-align: left;height: 63px;width: 464px\" align=\"middle\"><strong>EDITAL DE PREG\u00c3O ELETR\u00d4NICO OBJETIVANDO A PRESTA\u00c7\u00c3O DE SERVI\u00c7OS PARA REALIZA\u00c7\u00c3O DE PRODU\u00c7\u00c3O E IMPLANTA\u00c7\u00c3O DE EXPOSI\u00c7\u00c3O, COM CENOGRAFIA, INTERATIVIDADE, MONTAGEM E DESMONTAGEM, PARA O MUSEU BOT\u00c2NICO DE S\u00c3O PAULO.<br \/>\n<\/strong>DATA DE REALIZA\u00c7\u00c3O DA SESS\u00c3O P\u00daBLICA:<br \/>\nDia 25\/07\/2019<br \/>\nHOR\u00c1RIO: \u00e0s 09:00 horas.<\/td>\n<\/tr>\n<tr style=\"height: 23px\">\n<th style=\"height: 10px;background-color: #f0eded;text-align: left;width: 464px\" align=\"middle\"><strong><a href=\"https:\/\/www.infraestruturameioambiente.sp.gov.br\/institutodebotanica\/wp-content\/uploads\/sites\/235\/2019\/07\/edital_08_2019.pdf\" target=\"_blank\" rel=\"noopener noreferrer\">EDITAL<\/a> &#8211; PREG\u00c3O ELETR\u00d4NICO N\u00ba 08\/2019<br \/>\n<\/strong><\/th>\n<\/tr>\n<tr style=\"height: 143px\">\n<td style=\"text-align: left;height: 63px;width: 464px\" align=\"middle\"><strong>EDITAL DE PREG\u00c3O ELETR\u00d4NICO OBJETIVANDO A PRESTA\u00c7\u00c3O DE SERVI\u00c7OS DE MANUTEN\u00c7\u00c3O E CONSERVA\u00c7\u00c3O DE JARDINS.<br \/>\n<\/strong>DATA DE REALIZA\u00c7\u00c3O DA SESS\u00c3O P\u00daBLICA:<br \/>\nDia 05\/08\/2019<br \/>\nHOR\u00c1RIO: \u00e0s 09:00 horas.<\/td>\n<\/tr>\n<tr style=\"height: 23px\">\n<th style=\"height: 10px;background-color: #f0eded;text-align: left;width: 464px\" align=\"middle\"><strong><a href=\"https:\/\/www.infraestruturameioambiente.sp.gov.br\/institutodebotanica\/wp-content\/uploads\/sites\/235\/2019\/08\/edital_09_2019.pdf\" target=\"_blank\" rel=\"noopener noreferrer\">EDITAL<\/a> &#8211; PREG\u00c3O ELETR\u00d4NICO N\u00ba 09\/2019<br \/>\n<\/strong><\/th>\n<\/tr>\n<tr style=\"height: 143px\">\n<td style=\"text-align: left;height: 52px;width: 464px\" align=\"middle\"><strong>EDITAL DE PREG\u00c3O ELETR\u00d4NICO OBJETIVANDO A PRESTA\u00c7\u00c3O DE SERVI\u00c7OS DE VIGIL\u00c2NCIA E SEGURAN\u00c7A PATRIMONIAL.<br \/>\n<\/strong>DATA DE REALIZA\u00c7\u00c3O DA SESS\u00c3O P\u00daBLICA:<br \/>\nDia 20\/08\/2019<br \/>\nHOR\u00c1RIO: \u00e0s 09:00 horas.<\/td>\n<\/tr>\n<tr style=\"height: 23px\">\n<th style=\"height: 10px;background-color: #f0eded;text-align: left;width: 464px\" align=\"middle\"><strong><a href=\"https:\/\/www.infraestruturameioambiente.sp.gov.br\/institutodebotanica\/wp-content\/uploads\/sites\/235\/2019\/08\/edital_10_2019.pdf\" target=\"_blank\" rel=\"noopener noreferrer\">EDITAL<\/a> &#8211; PREG\u00c3O ELETR\u00d4NICO N\u00ba 10\/2019<br \/>\n<\/strong><\/th>\n<\/tr>\n<tr style=\"height: 143px\">\n<td style=\"text-align: left;height: 52px;width: 464px\" align=\"middle\"><strong>EDITAL DE PREG\u00c3O ELETR\u00d4NICO OBJETIVANDO A PRESTA\u00c7\u00c3O DE SERVI\u00c7OS DE MANUTEN\u00c7\u00c3O E CONSERVA\u00c7\u00c3O DE JARDINS<br \/>\n<\/strong>DATA DE REALIZA\u00c7\u00c3O DA SESS\u00c3O P\u00daBLICA:<br \/>\nDia 04\/09\/2019<br \/>\nHOR\u00c1RIO: \u00e0s 09:00 horas.<\/td>\n<\/tr>\n<tr style=\"height: 23px\">\n<th style=\"height: 10px;background-color: #f0eded;text-align: left;width: 464px\" align=\"middle\"><strong><a href=\"https:\/\/www.infraestruturameioambiente.sp.gov.br\/institutodebotanica\/wp-content\/uploads\/sites\/235\/2019\/09\/edital_11_2019.pdf\" target=\"_blank\" rel=\"noopener noreferrer\">EDITAL<\/a> &#8211; PREG\u00c3O ELETR\u00d4NICO N\u00ba 11\/2019<br \/>\n<\/strong><\/th>\n<\/tr>\n<tr style=\"height: 143px\">\n<td style=\"text-align: left;height: 52px;width: 464px\" align=\"middle\"><strong>EDITAL DE PREG\u00c3O ELETR\u00d4NICO OBJETIVANDO A PRESTA\u00c7\u00c3O DE SERVI\u00c7OS DE NUTRI\u00c7\u00c3O E ALIMENTA\u00c7\u00c3O A SERVIDORES E EMPREGADOS<br \/>\n<\/strong>DATA DE REALIZA\u00c7\u00c3O DA SESS\u00c3O P\u00daBLICA:<br \/>\nDia 26\/09\/2019<br \/>\nHOR\u00c1RIO: \u00e0s 09:00 horas.<\/td>\n<\/tr>\n<tr style=\"height: 23px\">\n<th style=\"height: 10px;background-color: #f0eded;text-align: left;width: 464px\" align=\"middle\"><strong><a href=\"https:\/\/www.infraestruturameioambiente.sp.gov.br\/institutodebotanica\/wp-content\/uploads\/sites\/235\/2019\/10\/edital_12_2019.pdf\" target=\"_blank\" rel=\"noopener noreferrer\">EDITAL<\/a> &#8211; PREG\u00c3O ELETR\u00d4NICO N\u00ba 12\/2019<br \/>\n<\/strong><\/th>\n<\/tr>\n<tr style=\"height: 143px\">\n<td><strong>EDITAL DE PREG\u00c3O ELETR\u00d4NICO<br \/>\nOBJETIVANDO A AQUISI\u00c7\u00c3O DE UM GERADOR,<br \/>\n<\/strong>DATA DE REALIZA\u00c7\u00c3O DA SESS\u00c3O P\u00daBLICA:<br \/>\nDia 24\/10\/2019<br \/>\nHOR\u00c1RIO: \u00e0s 09:00 horas.<\/td>\n<\/tr>\n<\/tbody>\n<\/table>\n<p>&nbsp;<\/p>\n","protected":false},"excerpt":{"rendered":"<p>&nbsp; EDITAL &#8211; PREG\u00c3O ELETR\u00d4NICO N\u00ba 01\/2019 PRESTA\u00c7\u00c3O DE SERVI\u00c7OS CONTRATA\u00c7\u00c3O DE EMPRESA ESPECIALIZADA PARA HIGIENIZA\u00c7\u00c3O (DESINFEC\u00c7\u00c3O, DESINFESTA\u00c7\u00c3O) EM 80 MIL EXEMPLARES E REALIZA\u00c7\u00c3O DE PEQUENOS REPAROS EM 200 OBRAS DO ACERVO DO N\u00daCLEO DE BIBLIOTECA E MEM\u00d3RIA DO INSTITUTO DE BOT\u00c2NICA, DATA DE REALIZA\u00c7\u00c3O DA SESS\u00c3O P\u00daBLICA: Dia 16\/04\/2019. HOR\u00c1RIO: \u00e0s 09:30 horas. EDITAL [&hellip;]<\/p>\n","protected":false},"author":95,"featured_media":0,"parent":0,"menu_order":0,"comment_status":"closed","ping_status":"closed","template":"","meta":[],"_links":{"self":[{"href":"https:\/\/www.infraestruturameioambiente.sp.gov.br\/institutodebotanica\/wp-json\/wp\/v2\/pages\/22584"}],"collection":[{"href":"https:\/\/www.infraestruturameioambiente.sp.gov.br\/institutodebotanica\/wp-json\/wp\/v2\/pages"}],"about":[{"href":"https:\/\/www.infraestruturameioambiente.sp.gov.br\/institutodebotanica\/wp-json\/wp\/v2\/types\/page"}],"author":[{"embeddable":true,"href":"https:\/\/www.infraestruturameioambiente.sp.gov.br\/institutodebotanica\/wp-json\/wp\/v2\/users\/95"}],"replies":[{"embeddable":true,"href":"https:\/\/www.infraestruturameioambiente.sp.gov.br\/institutodebotanica\/wp-json\/wp\/v2\/comments?post=22584"}],"version-history":[{"count":20,"href":"https:\/\/www.infraestruturameioambiente.sp.gov.br\/institutodebotanica\/wp-json\/wp\/v2\/pages\/22584\/revisions"}],"predecessor-version":[{"id":23046,"href":"https:\/\/www.infraestruturameioambiente.sp.gov.br\/institutodebotanica\/wp-json\/wp\/v2\/pages\/22584\/revisions\/23046"}],"wp:attachment":[{"href":"https:\/\/www.infraestruturameioambiente.sp.gov.br\/institutodebotanica\/wp-json\/wp\/v2\/media?parent=22584"}],"curies":[{"name":"wp","href":"https:\/\/api.w.org\/{rel}","templated":true}]}}