{"id":18717,"date":"2016-02-01T12:11:36","date_gmt":"2016-02-01T14:11:36","guid":{"rendered":"https:\/\/www.infraestruturameioambiente.sp.gov.br\/institutodebotanica\/?page_id=18717"},"modified":"2016-02-04T11:33:22","modified_gmt":"2016-02-04T13:33:22","slug":"vi-simposio-de-restauracao-ecologica","status":"publish","type":"page","link":"https:\/\/www.infraestruturameioambiente.sp.gov.br\/institutodebotanica\/vi-simposio-de-restauracao-ecologica\/","title":{"rendered":"Palestras e Anais do VI Simp\u00f3sio de Restaura\u00e7\u00e3o Ecol\u00f3gica &#8211; 2015"},"content":{"rendered":"<p><strong><span style=\"font-size: medium\"><a href=\"https:\/\/www.infraestruturameioambiente.sp.gov.br\/institutodebotanica\/wp-content\/uploads\/sites\/235\/2016\/02\/Anais_do_VI_simposio_de_restauracao_ecologica.pdf\">Anais do VI Simp\u00f3sio de Restaura\u00e7\u00e3o Ecol\u00f3gica<\/a><\/span><\/strong><\/p>\n<p><strong>MINICURSOS<\/strong><br \/>\n<strong> Dias 09 e 10 de novembro de 2015<\/strong><\/p>\n<p><span style=\"font-size: small\"><strong>1.<\/strong><strong><\/strong><\/span><span style=\"font-size: small\"><strong> Restaura\u00e7\u00e3o ecol\u00f3gica de florestas tropicais: est\u00e1gio atual<\/strong><\/span><br \/>\nDr. Luiz Mauro Barbosa\u00a0 (IBt)<br \/>\n<a href=\"https:\/\/www.infraestruturameioambiente.sp.gov.br\/institutodebotanica\/wp-content\/uploads\/sites\/235\/2016\/02\/Aula_Ricardo_Ribeiro_Rodrigues_2015.pdf\" target=\"_blank\">Dr. Ricardo Ribeiro Rodrigues (USP)<\/a><br \/>\n<a href=\"https:\/\/www.infraestruturameioambiente.sp.gov.br\/institutodebotanica\/wp-content\/uploads\/sites\/235\/2016\/02\/Aula_Sergius_Gandolfi_A\u00e7oes_de_Restauracao_2015.pdf\" target=\"_blank\">Dr. Sergius Gandolfi (USP) &#8211; Restaura\u00e7\u00e3o<br \/>\n<\/a><a href=\"https:\/\/www.infraestruturameioambiente.sp.gov.br\/institutodebotanica\/wp-content\/uploads\/sites\/235\/2016\/02\/Aula_Sergius_Gandolfi_IBT-Sucessao_Ecologica_20151.pdf\" target=\"_blank\">Dr. Sergius Gandolfi (USP) &#8211; Sucess\u00e3o<br \/>\n<\/a><a href=\"https:\/\/www.infraestruturameioambiente.sp.gov.br\/institutodebotanica\/wp-content\/uploads\/sites\/235\/2016\/02\/Aula_Sergius_Gandolfi_IBT_Processos_Ecologicos_20151.pdf\" target=\"_blank\">Dr. Sergius Gandolfi (USP) &#8211; Processos Ecol\u00f3gicos<br \/>\n<\/a><a href=\"https:\/\/www.infraestruturameioambiente.sp.gov.br\/institutodebotanica\/wp-content\/uploads\/sites\/235\/2016\/02\/Aula_Karina_Cavalheiro_Barbosa_2015.pdf\" target=\"_blank\">Me. Karina Cavalheiro Barbosa<\/a><br \/>\n<a href=\"https:\/\/www.infraestruturameioambiente.sp.gov.br\/institutodebotanica\/wp-content\/uploads\/sites\/235\/2016\/02\/Aula_Ricardo_Viani_monitoramento_restaura\u00e7\u00e3o_2015.pdf\" target=\"_blank\">Dr. Ricardo Viani (UFSCar)<\/a><\/p>\n<p><strong><span style=\"font-size: small\"><strong>2. <\/strong>Restaura\u00e7\u00e3o em manguezal<br \/>\n<\/span><\/strong>Dr. Clemente Coelho Junior (UPE)<\/p>\n<p><strong><span style=\"font-size: small\">3. Caracteriza\u00e7\u00e3o das fisionomias florestais no Estado de S\u00e3o Paulo: <\/span><br \/>\n<span style=\"font-size: small\">principais fam\u00edlias e esp\u00e9cies indicadoras<\/span><br \/>\n<\/strong>Me. S\u00f4nia Aragaki (IBt)<br \/>\n<span style=\"line-height: 1.5em\">Dra. Renata J. de Almeida-Scabbia (UMC)<br \/>\n<\/span>Dr. Marcos E. L. Lima (IBt)<\/p>\n<p><strong><span style=\"font-size: small\">4.\u00a0Elabora\u00e7\u00e3o de projetos de restaura\u00e7\u00e3o ecol\u00f3gica: aspectos t\u00e9cnicos e legais<\/span><br \/>\n<\/strong>Dr. Maur\u00edcio A. Rodrigues\u00a0 (FIC)<br \/>\nDr. Jos\u00e9 Carlos Casagrande (UFSCar)<br \/>\nBi\u00f3l. Paulo Roberto Torres Ortiz (IBt)<\/p>\n<p><strong><span style=\"font-size: small\">5.\u00a0\u00c1rea de preserva\u00e7\u00e3o permanente e vegeta\u00e7\u00e3o nativa: autoriza\u00e7\u00e3o<\/span><br \/>\n<span style=\"font-size: small\"> e compensa\u00e7\u00e3o ambiental no Estado de S\u00e3o Paulo \u00a0<\/span><br \/>\n<\/strong>Me. Adriana Maira R. Goulart (CETESB)<br \/>\nEng\u00ba Antonio Luiz Lima de Queiroz (CETESB)<\/p>\n<p><span style=\"font-size: small\"><strong>6. Elabora\u00e7\u00e3o de projetos de restaura\u00e7\u00e3o ecol\u00f3gica para o FEHIDRO\u00a0\u00a0\u00a0\u00a0\u00a0<\/strong><\/span><b><span style=\"font-size: small\">\u00a0 \u00a0<\/span><br \/>\n<\/b>Me. Carolina Born Toffoli (CBRN\/SMA)<br \/>\nDr. Andre Dias de Souza (FEHIDRO)<\/p>\n<p><span style=\"font-size: small\"><strong>7. Adequa\u00e7\u00e3o ambiental: CAR, SARE e PRA<\/strong><\/span><br \/>\nMe. Isabel Barcelos (CBRN\/SMA),<br \/>\nMe. Caroline Vigo Cogueto (CBRN\/SMA) e<br \/>\nEc\u00f3logo Rafael Chaves (CBRN\/SMA)<\/p>\n<p style=\"text-align: left\" align=\"center\"><b>\u00a0<\/b><\/p>\n<p><b>11 de novembro<\/b><\/p>\n<p><b>Palestra de abertura<br \/>\nDra. Margaret Palmer (Universidade de Maryland, USA)<br \/>\n<\/b>Restoration for Water Ecosystem Services<\/p>\n<p>&nbsp;<\/p>\n<p><b>MESA 1<\/b><\/p>\n<p><b>LEGISLA\u00c7\u00c3O PARA RESTAURA\u00c7\u00c3O<br \/>\nMediador: Dr. Sergius Gandolfi (ESALQ)<\/b><\/p>\n<p><b>Dr. Britaldo Silveira Soares Filho (UFMG)<br \/>\n<\/b>Oportunidades do mercado de cotas de reserva ambiental<\/p>\n<p><b>Dra. Maria Jos\u00e9 Z\u00e1kia (IPEF)<br \/>\n<\/b>Aplica\u00e7\u00e3o e funcionamento do novo c\u00f3digo florestal<\/p>\n<p><b>Me. Karina Cavalheiro Barbosa (DERSA)<br \/>\n<\/b>Plantios compensat\u00f3rios realizados pela Dersa no Estado de SP<\/p>\n<p><b>\u00a0<\/b><\/p>\n<p><b>12 de novembro<\/b><\/p>\n<p><b>MESA 2<\/b><\/p>\n<p><b>RESTAURA\u00c7\u00c3O EM MANANCIAIS<br \/>\nMediador: Dr. Pedro Henrique Santin Brancalion (ESALQ)<\/b><\/p>\n<p><b>Dra. Zefa Valdivina Pereira (UFGD)<\/b><\/p>\n<p>Experi\u00eancias de restaura\u00e7\u00e3o ecol\u00f3gica em \u00e1reas de preserva\u00e7\u00e3o permanente no Mato Grosso do Sul<\/p>\n<p><b>Dr. Rob\u00e9rio Ferreira (UFSE)<br \/>\n<\/b>Situa\u00e7\u00e3o atual e perspectivas futuras na recupera\u00e7\u00e3o de mananciais no Estado de Sergipe<\/p>\n<p><b>Me. Isabel Barcelos (CBRN\/SMA)<br \/>\n<\/b>Programa Nascentes<\/p>\n<p>&nbsp;<\/p>\n<p><b>MESA 3<\/b><\/p>\n<p><b>VALORA\u00c7\u00c3O DE ECOSSISTEMAS E SERVI\u00c7OS AMBIENTAIS<br \/>\nMediador: Dr. Ricardo Ribeiro Rodrigues (ESALQ)<\/b><\/p>\n<p><b>Dr. Alexandre Gori Maia (UNICAMP)<br \/>\n<\/b>Custos e benef\u00edcios da recomposi\u00e7\u00e3o florestal em bacias hidrogr\u00e1ficas<\/p>\n<p><b>Dr. Hilton Thadeu Zarate do Couto (ESALQ)<br \/>\n<\/b>Quantifica\u00e7\u00e3o de Carbono <sub>\u00a0<\/sub>e biomassa em \u00e1reas com florestas nativas<\/p>\n<p><b>Eng. Agr\u00f4noma Helena Carrascosa (SMA)<br \/>\n<\/b>Pagamento por servi\u00e7os ambientais como ferramenta para restaura\u00e7\u00e3o ecol\u00f3gica<\/p>\n<p>&nbsp;<\/p>\n<p><b>13 de novembro<\/b><\/p>\n<p><b>MESA 4<\/b><\/p>\n<p><b>MONITORAMENTO E QUALIDADE DA \u00c1GUA<br \/>\nMediador: Dr. Carlos Bicudo (IBt)<\/b><\/p>\n<p><b>Dr. Robinson Ant\u00f4nio Pitelli (ECOSAFE)<br \/>\n<\/b>Manejo de macr\u00f3fitas e\u00a0 qualidade de \u00e1guas<\/p>\n<p><b>Dra. Denise Bicudo (IBT)<br \/>\n<\/b>Paleolimnologia e seu uso no gerenciamento da qualidade da \u00e1gua<\/p>\n<p><b>Dra. Marta Cond\u00e9 Lamparelli (CETESB)<br \/>\n<\/b>Bioindicadores na Rede de Monitoramento da Qualidade das \u00c1guas\u00a0 &#8211;\u00a0 Aplica\u00e7\u00e3o e Novos Desafios<\/p>\n<p><b>\u00a0<\/b><\/p>\n<p><b>PALESTRAS<\/b><b><\/b><\/p>\n<p><b>Dra. Solange Filoso (Universidade de Maryland, USA)<br \/>\n<\/b>Restaura\u00e7\u00e3o de riachos e qualidade da \u00e1gua<\/p>\n<p><b>Dr. Wesley Silva (Unicamp)<br \/>\n<\/b>A fauna de vertebrados como um aliado da restaura\u00e7\u00e3o<\/p>\n<p>&nbsp;<\/p>\n<p>&nbsp;<\/p>\n","protected":false},"excerpt":{"rendered":"<p>Anais do VI Simp\u00f3sio de Restaura\u00e7\u00e3o Ecol\u00f3gica MINICURSOS Dias 09 e 10 de novembro de 2015 1. Restaura\u00e7\u00e3o ecol\u00f3gica de florestas tropicais: est\u00e1gio atual Dr. Luiz Mauro Barbosa\u00a0 (IBt) Dr. Ricardo Ribeiro Rodrigues (USP) Dr. Sergius Gandolfi (USP) &#8211; Restaura\u00e7\u00e3o Dr. Sergius Gandolfi (USP) &#8211; Sucess\u00e3o Dr. Sergius Gandolfi (USP) &#8211; Processos Ecol\u00f3gicos Me. Karina [&hellip;]<\/p>\n","protected":false},"author":68,"featured_media":0,"parent":0,"menu_order":0,"comment_status":"closed","ping_status":"closed","template":"","meta":[],"_links":{"self":[{"href":"https:\/\/www.infraestruturameioambiente.sp.gov.br\/institutodebotanica\/wp-json\/wp\/v2\/pages\/18717"}],"collection":[{"href":"https:\/\/www.infraestruturameioambiente.sp.gov.br\/institutodebotanica\/wp-json\/wp\/v2\/pages"}],"about":[{"href":"https:\/\/www.infraestruturameioambiente.sp.gov.br\/institutodebotanica\/wp-json\/wp\/v2\/types\/page"}],"author":[{"embeddable":true,"href":"https:\/\/www.infraestruturameioambiente.sp.gov.br\/institutodebotanica\/wp-json\/wp\/v2\/users\/68"}],"replies":[{"embeddable":true,"href":"https:\/\/www.infraestruturameioambiente.sp.gov.br\/institutodebotanica\/wp-json\/wp\/v2\/comments?post=18717"}],"version-history":[{"count":26,"href":"https:\/\/www.infraestruturameioambiente.sp.gov.br\/institutodebotanica\/wp-json\/wp\/v2\/pages\/18717\/revisions"}],"predecessor-version":[{"id":18780,"href":"https:\/\/www.infraestruturameioambiente.sp.gov.br\/institutodebotanica\/wp-json\/wp\/v2\/pages\/18717\/revisions\/18780"}],"wp:attachment":[{"href":"https:\/\/www.infraestruturameioambiente.sp.gov.br\/institutodebotanica\/wp-json\/wp\/v2\/media?parent=18717"}],"curies":[{"name":"wp","href":"https:\/\/api.w.org\/{rel}","templated":true}]}}