{"id":176,"date":"2011-11-10T19:03:06","date_gmt":"2011-11-10T19:03:06","guid":{"rendered":"https:\/\/www.infraestruturameioambiente.sp.gov.br\/institutodebotanica\/?page_id=176"},"modified":"2023-08-17T12:00:59","modified_gmt":"2023-08-17T15:00:59","slug":"ficologia","status":"publish","type":"page","link":"https:\/\/www.infraestruturameioambiente.sp.gov.br\/institutodebotanica\/ficologia\/","title":{"rendered":"Ficologia"},"content":{"rendered":"<div class=\"wc-gallery\"><div id='gallery-1' data-gutter-width='5' data-columns='1' class='gallery wc-gallery-captions-onhover gallery-link-file gallery-masonry galleryid-176 gallery-columns-1 gallery-size-thumbnail wc-gallery-bottomspace-default wc-gallery-clear'><div class='gallery-item gallery-item-position-1 gallery-item-attachment-178'>\n\t\t\t\t<div class='gallery-icon landscape'>\n\t\t\t\t\t<a href='https:\/\/www.infraestruturameioambiente.sp.gov.br\/institutodebotanica\/wp-content\/uploads\/sites\/235\/2011\/11\/macroalgas_durante_mar\u00e9_baixa.jpg' title='' target='_self'><img width=\"200\" height=\"200\" src=\"https:\/\/www.infraestruturameioambiente.sp.gov.br\/institutodebotanica\/wp-content\/uploads\/sites\/235\/2011\/11\/macroalgas_durante_mar\u00e9_baixa.jpg\" class=\"attachment-thumbnail size-thumbnail\" alt=\"\" decoding=\"async\" loading=\"lazy\" \/><\/a>\n\t\t\t\t<\/div>\n\t\t\t\t\t<div class='wp-caption-text gallery-caption'>\n\t\t\t\t\t\t<p>\n\t\t\t\t\t\tMacroalgas durante a mar\u00e9 baixa\n\t\t\t\t\t\t<\/p>\n\t\t\t\t\t<\/div><\/div><div class='gallery-item gallery-item-position-2 gallery-item-attachment-177'>\n\t\t\t\t<div class='gallery-icon landscape'>\n\t\t\t\t\t<a href='https:\/\/www.infraestruturameioambiente.sp.gov.br\/institutodebotanica\/wp-content\/uploads\/sites\/235\/2011\/11\/algas-marinhas.jpg' title='' target='_self'><img width=\"200\" height=\"200\" src=\"https:\/\/www.infraestruturameioambiente.sp.gov.br\/institutodebotanica\/wp-content\/uploads\/sites\/235\/2011\/11\/algas-marinhas.jpg\" class=\"attachment-thumbnail size-thumbnail\" alt=\"\" decoding=\"async\" loading=\"lazy\" \/><\/a>\n\t\t\t\t<\/div>\n\t\t\t\t\t<div class='wp-caption-text gallery-caption'>\n\t\t\t\t\t\t<p>\n\t\t\t\t\t\tVista Subaqu\u00e1tica das Algas Marinhas\n\t\t\t\t\t\t<\/p>\n\t\t\t\t\t<\/div><\/div><\/div>\n<\/div>\n<p style=\"text-align: justify\">A Se\u00e7\u00e3o de Ficologia surgiu extra-oficialmente em 1960, como um n\u00facleo dentro da Se\u00e7\u00e3o de Cript\u00f3gamos do Instituto de Bot\u00e2nica, para dar in\u00edcio aos estudos das algas continentais e marinhas. Somente em 1969, foi criada oficialmente a Se\u00e7\u00e3o de Ficologia, vinculada \u00e0 Divis\u00e3o de Fitotaxonomia deste Instituto, atualmente denominada N\u00facleo de Pesquisa em Ficologia, pertencente ao Centro de Pesquisas em Plantas Avasculares e Fungos.<\/p>\n<p style=\"text-align: justify\">\u00a0\u00a0\u00a0\u00a0\u00a0\u00a0\u00a0\u00a0\u00a0\u00a0\u00a0 Dada a absoluta car\u00eancia de pesquisa ficol\u00f3gica em nosso pa\u00eds, na \u00e9poca, e como n\u00e3o poderia deixar de ser, taxonomia foi a primeira linha de pesquisa a ser desenvolvida. Entretanto, como decorr\u00eancia natural do crescente ac\u00famulo de conhecimento da ficoflora brasileira, passou-se a desenvolver novas abordagens de pesquisa envolvendo principalmente biologia reprodutiva, citogen\u00e9tica, ecologia, fisiologia, quimiotaxonomia e, recentemente, biologia molecular e filogenia.<strong>\u00a0<\/strong><\/p>\n<p style=\"text-align: justify\"><strong>Miss\u00e3o<\/strong>: realizar pesquisas, em Ficologia, de algas continentais e marinhas e de cianobact\u00e9rias.<\/p>\n<p style=\"text-align: justify\">O corpo t\u00e9cnico do N\u00facleo de Pesquisa em Ficologia contribui ativamente na forma\u00e7\u00e3o de recursos humanos, orientando e supervisionando estudantes e profissionais em todos os n\u00edveis, formando fic\u00f3logos atuantes em praticamente todos os Estados do Brasil e tamb\u00e9m em pa\u00edses como o Chile, a Col\u00f4mbia, Cuba e o M\u00e9xico. Os pesquisadores participam de diversos programas de p\u00f3s-gradua\u00e7\u00e3o, e principalmente do Programa de P\u00f3s-gradua\u00e7\u00e3o em Biodiversidade Vegetal e Meio Ambiente, deste Instituto.<\/p>\n<p style=\"text-align: justify\">Todos os pesquisadores da N\u00facleo fazem parte do Grupo de Pesquisa certificado pelo CNPq:<\/p>\n<p style=\"text-align: justify\">\u201c<strong>Diversidade biol\u00f3gica e qu\u00edmica de algas marinhas<\/strong>, <strong>continentais e cianobact\u00e9rias<\/strong>\u201d.<\/p>\n<p>Infraestrutura &#8211; <\/strong>o N\u00facleo de Pesquisa em Ficologia ocupa dois andares (t\u00e9rreo e segundo piso) do Pr\u00e9dio 3, que abrigam, os seguintes laborat\u00f3rios, al\u00e9m das salas de pesquisadores e o Herb\u00e1rio de Algas: Laborat\u00f3rio de Cultura de Algas e Cianobact\u00e9rias, Laborat\u00f3rio de Biologia Molecular, Laborat\u00f3rios de Microscopia, Laborat\u00f3rio de Fitoqu\u00edmica, Sala de Computa\u00e7\u00e3o e Sala de Herboriza\u00e7\u00e3o e Prepara\u00e7\u00e3o de Material Ficol\u00f3gico e Almoxarifado de Reagentes e Subst\u00e2ncias Qu\u00edmicas.<strong>\u00a0<\/strong><\/p>\n<p style=\"text-align: justify\"><strong>No primeiro andar do Pr\u00e9dio 3 est\u00e1 localizado o Herb\u00e1rio Seccional de Algas (SP)<\/strong><\/p>\n","protected":false},"excerpt":{"rendered":"<p>A Se\u00e7\u00e3o de Ficologia surgiu extra-oficialmente em 1960, como um n\u00facleo dentro da Se\u00e7\u00e3o de Cript\u00f3gamos do Instituto de Bot\u00e2nica, para dar in\u00edcio aos estudos das algas continentais e marinhas. Somente em 1969, foi criada oficialmente a Se\u00e7\u00e3o de Ficologia, vinculada \u00e0 Divis\u00e3o de Fitotaxonomia deste Instituto, atualmente denominada N\u00facleo de Pesquisa em Ficologia, pertencente [&hellip;]<\/p>\n","protected":false},"author":1,"featured_media":0,"parent":0,"menu_order":0,"comment_status":"open","ping_status":"open","template":"","meta":[],"_links":{"self":[{"href":"https:\/\/www.infraestruturameioambiente.sp.gov.br\/institutodebotanica\/wp-json\/wp\/v2\/pages\/176"}],"collection":[{"href":"https:\/\/www.infraestruturameioambiente.sp.gov.br\/institutodebotanica\/wp-json\/wp\/v2\/pages"}],"about":[{"href":"https:\/\/www.infraestruturameioambiente.sp.gov.br\/institutodebotanica\/wp-json\/wp\/v2\/types\/page"}],"author":[{"embeddable":true,"href":"https:\/\/www.infraestruturameioambiente.sp.gov.br\/institutodebotanica\/wp-json\/wp\/v2\/users\/1"}],"replies":[{"embeddable":true,"href":"https:\/\/www.infraestruturameioambiente.sp.gov.br\/institutodebotanica\/wp-json\/wp\/v2\/comments?post=176"}],"version-history":[{"count":17,"href":"https:\/\/www.infraestruturameioambiente.sp.gov.br\/institutodebotanica\/wp-json\/wp\/v2\/pages\/176\/revisions"}],"predecessor-version":[{"id":24084,"href":"https:\/\/www.infraestruturameioambiente.sp.gov.br\/institutodebotanica\/wp-json\/wp\/v2\/pages\/176\/revisions\/24084"}],"wp:attachment":[{"href":"https:\/\/www.infraestruturameioambiente.sp.gov.br\/institutodebotanica\/wp-json\/wp\/v2\/media?parent=176"}],"curies":[{"name":"wp","href":"https:\/\/api.w.org\/{rel}","templated":true}]}}

<div class="wc-gallery"><div id='gallery-1' data-gutter-width='5' data-columns='1' class='gallery wc-gallery-captions-onhover gallery-link-file gallery-masonry galleryid-176 gallery-columns-1 gallery-size-thumbnail wc-gallery-bottomspace-default wc-gallery-clear'><div class='gallery-item gallery-item-position-1 gallery-item-attachment-178'>
				<div class='gallery-icon landscape'>
					<a href='https://www.infraestruturameioambiente.sp.gov.br/institutodebotanica/wp-content/uploads/sites/235/2011/11/macroalgas_durante_maré_baixa.jpg' title='' target='_self'><img width="200" height="200" src="https://www.infraestruturameioambiente.sp.gov.br/institutodebotanica/wp-content/uploads/sites/235/2011/11/macroalgas_durante_maré_baixa.jpg" class="attachment-thumbnail size-thumbnail" alt="" decoding="async" loading="lazy" /></a>
				</div>
					<div class='wp-caption-text gallery-caption'>
						<p>
						Macroalgas durante a maré baixa
						</p>
					</div></div><div class='gallery-item gallery-item-position-2 gallery-item-attachment-177'>
				<div class='gallery-icon landscape'>
					<a href='https://www.infraestruturameioambiente.sp.gov.br/institutodebotanica/wp-content/uploads/sites/235/2011/11/algas-marinhas.jpg' title='' target='_self'><img width="200" height="200" src="https://www.infraestruturameioambiente.sp.gov.br/institutodebotanica/wp-content/uploads/sites/235/2011/11/algas-marinhas.jpg" class="attachment-thumbnail size-thumbnail" alt="" decoding="async" loading="lazy" /></a>
				</div>
					<div class='wp-caption-text gallery-caption'>
						<p>
						Vista Subaquática das Algas Marinhas
						</p>
					</div></div></div>
</div>
<p style="text-align: justify">A Seção de Ficologia surgiu extra-oficialmente em 1960, como um núcleo dentro da Seção de Criptógamos do Instituto de Botânica, para dar início aos estudos das algas continentais e marinhas. Somente em 1969, foi criada oficialmente a Seção de Ficologia, vinculada à Divisão de Fitotaxonomia deste Instituto, atualmente denominada Núcleo de Pesquisa em Ficologia, pertencente ao Centro de Pesquisas em Plantas Avasculares e Fungos.</p>
<p style="text-align: justify">            Dada a absoluta carência de pesquisa ficológica em nosso país, na época, e como não poderia deixar de ser, taxonomia foi a primeira linha de pesquisa a ser desenvolvida. Entretanto, como decorrência natural do crescente acúmulo de conhecimento da ficoflora brasileira, passou-se a desenvolver novas abordagens de pesquisa envolvendo principalmente biologia reprodutiva, citogenética, ecologia, fisiologia, quimiotaxonomia e, recentemente, biologia molecular e filogenia.<strong> </strong></p>
<p style="text-align: justify"><strong>Missão</strong>: realizar pesquisas, em Ficologia, de algas continentais e marinhas e de cianobactérias.</p>
<p style="text-align: justify">O corpo técnico do Núcleo de Pesquisa em Ficologia contribui ativamente na formação de recursos humanos, orientando e supervisionando estudantes e profissionais em todos os níveis, formando ficólogos atuantes em praticamente todos os Estados do Brasil e também em países como o Chile, a Colômbia, Cuba e o México. Os pesquisadores participam de diversos programas de pós-graduação, e principalmente do Programa de Pós-graduação em Biodiversidade Vegetal e Meio Ambiente, deste Instituto.</p>
<p style="text-align: justify">Todos os pesquisadores da Núcleo fazem parte do Grupo de Pesquisa certificado pelo CNPq:</p>
<p style="text-align: justify">“<strong>Diversidade biológica e química de algas marinhas</strong>, <strong>continentais e cianobactérias</strong>”.</p>
<p>Infraestrutura &#8211; </strong>o Núcleo de Pesquisa em Ficologia ocupa dois andares (térreo e segundo piso) do Prédio 3, que abrigam, os seguintes laboratórios, além das salas de pesquisadores e o Herbário de Algas: Laboratório de Cultura de Algas e Cianobactérias, Laboratório de Biologia Molecular, Laboratórios de Microscopia, Laboratório de Fitoquímica, Sala de Computação e Sala de Herborização e Preparação de Material Ficológico e Almoxarifado de Reagentes e Substâncias Químicas.<strong> </strong></p>
<p style="text-align: justify"><strong>No primeiro andar do Prédio 3 está localizado o Herbário Seccional de Algas (SP)</strong></p>

<p>A Seção de Ficologia surgiu extra-oficialmente em 1960, como um núcleo dentro da Seção de Criptógamos do Instituto de Botânica, para dar início aos estudos das algas continentais e marinhas. Somente em 1969, foi criada oficialmente a Seção de Ficologia, vinculada à Divisão de Fitotaxonomia deste Instituto, atualmente denominada Núcleo de Pesquisa em Ficologia, pertencente [&hellip;]</p>
