{"id":17221,"date":"2014-06-13T11:44:07","date_gmt":"2014-06-13T14:44:07","guid":{"rendered":"https:\/\/www.infraestruturameioambiente.sp.gov.br\/institutodebotanica\/?page_id=17221"},"modified":"2014-06-13T11:50:20","modified_gmt":"2014-06-13T14:50:20","slug":"laboratorio-de-fitoquimica","status":"publish","type":"page","link":"https:\/\/www.infraestruturameioambiente.sp.gov.br\/institutodebotanica\/fisiologia\/laboratorio-de-fitoquimica\/","title":{"rendered":"Fisiologia &#8211; Laborat\u00f3rio de Fitoqu\u00edmica"},"content":{"rendered":"<div class=\"wc-gallery\"><div id='gallery-1' data-gutter-width='5' data-columns='1' class='gallery wc-gallery-captions-onhover gallery-link-file gallery-masonry galleryid-17221 gallery-columns-1 gallery-size-thumbnail wc-gallery-bottomspace-default wc-gallery-clear'><div class='gallery-item gallery-item-position-1 gallery-item-attachment-17222'>\n\t\t\t\t<div class='gallery-icon landscape'>\n\t\t\t\t\t<a href='https:\/\/www.infraestruturameioambiente.sp.gov.br\/institutodebotanica\/wp-content\/uploads\/sites\/235\/2014\/06\/fisiologia_img16.jpg' title='fisiologia_img16' target='_self'><img width=\"150\" height=\"150\" src=\"https:\/\/www.infraestruturameioambiente.sp.gov.br\/institutodebotanica\/wp-content\/uploads\/sites\/235\/2014\/06\/fisiologia_img16-150x150.jpg\" class=\"attachment-thumbnail size-thumbnail\" alt=\"\" decoding=\"async\" loading=\"lazy\" \/><\/a>\n\t\t\t\t<\/div><\/div><div class='gallery-item gallery-item-position-2 gallery-item-attachment-17223'>\n\t\t\t\t<div class='gallery-icon portrait'>\n\t\t\t\t\t<a href='https:\/\/www.infraestruturameioambiente.sp.gov.br\/institutodebotanica\/wp-content\/uploads\/sites\/235\/2014\/06\/fisiologia_img17.jpg' title='fisiologia_img17' target='_self'><img width=\"150\" height=\"150\" src=\"https:\/\/www.infraestruturameioambiente.sp.gov.br\/institutodebotanica\/wp-content\/uploads\/sites\/235\/2014\/06\/fisiologia_img17-150x150.jpg\" class=\"attachment-thumbnail size-thumbnail\" alt=\"\" decoding=\"async\" loading=\"lazy\" \/><\/a>\n\t\t\t\t<\/div><\/div><div class='gallery-item gallery-item-position-3 gallery-item-attachment-17224'>\n\t\t\t\t<div class='gallery-icon portrait'>\n\t\t\t\t\t<a href='https:\/\/www.infraestruturameioambiente.sp.gov.br\/institutodebotanica\/wp-content\/uploads\/sites\/235\/2014\/06\/fisiologia_img18.jpg' title='fisiologia_img18' target='_self'><img width=\"150\" height=\"150\" src=\"https:\/\/www.infraestruturameioambiente.sp.gov.br\/institutodebotanica\/wp-content\/uploads\/sites\/235\/2014\/06\/fisiologia_img18-150x150.jpg\" class=\"attachment-thumbnail size-thumbnail\" alt=\"\" decoding=\"async\" loading=\"lazy\" \/><\/a>\n\t\t\t\t<\/div><\/div><div class='gallery-item gallery-item-position-4 gallery-item-attachment-17225'>\n\t\t\t\t<div class='gallery-icon portrait'>\n\t\t\t\t\t<a href='https:\/\/www.infraestruturameioambiente.sp.gov.br\/institutodebotanica\/wp-content\/uploads\/sites\/235\/2014\/06\/fisiologia_img19.jpg' title='fisiologia_img19' target='_self'><img width=\"150\" height=\"150\" src=\"https:\/\/www.infraestruturameioambiente.sp.gov.br\/institutodebotanica\/wp-content\/uploads\/sites\/235\/2014\/06\/fisiologia_img19-150x150.jpg\" class=\"attachment-thumbnail size-thumbnail\" alt=\"\" decoding=\"async\" loading=\"lazy\" \/><\/a>\n\t\t\t\t<\/div><\/div><div class='gallery-item gallery-item-position-5 gallery-item-attachment-17226'>\n\t\t\t\t<div class='gallery-icon landscape'>\n\t\t\t\t\t<a href='https:\/\/www.infraestruturameioambiente.sp.gov.br\/institutodebotanica\/wp-content\/uploads\/sites\/235\/2014\/06\/fisiologia_img20-600x417.jpg' title='fisiologia_img20' target='_self'><img width=\"150\" height=\"150\" src=\"https:\/\/www.infraestruturameioambiente.sp.gov.br\/institutodebotanica\/wp-content\/uploads\/sites\/235\/2014\/06\/fisiologia_img20-150x150.jpg\" class=\"attachment-thumbnail size-thumbnail\" alt=\"\" decoding=\"async\" loading=\"lazy\" \/><\/a>\n\t\t\t\t<\/div><\/div><\/div>\n<\/div>\n<p style=\"text-align: justify\">O Laborat\u00f3rio de Fitoqu\u00edmica conta com infraestrutura que permite preparar extratos de folhas, caules e ra\u00edzes de plantas coletadas em reservas de Mata Atl\u00e2ntica e Cerrado do Estado de S\u00e3o Paulo, usando tecnologia de extra\u00e7\u00e3o autom\u00e1tica. Os extratos obtidos comp\u00f5em a cole\u00e7\u00e3o denominada de \u201cExtratoteca\u201d (cole\u00e7\u00e3o de extratos) e s\u00e3o avaliados atrav\u00e9s de bioensaios de bancada quanto \u00e0 sua atividade biol\u00f3gica.<\/p>\n<p style=\"text-align: justify\">No Laborat\u00f3rio de Fitoqu\u00edmica tamb\u00e9m s\u00e3o extra\u00eddos \u00f3leos vol\u00e1teis da flora arom\u00e1tica do Cerrado e Mata Atl\u00e2ntica, e sua composi\u00e7\u00e3o e perfil qu\u00edmico s\u00e3o analisados por cromatografia l\u00edquida e gasosa, visando \u00e0 identifica\u00e7\u00e3o e o isolamento de compostos com potencial biotecnol\u00f3gico.<\/p>\n","protected":false},"excerpt":{"rendered":"<p>O Laborat\u00f3rio de Fitoqu\u00edmica conta com infraestrutura que permite preparar extratos de folhas, caules e ra\u00edzes de plantas coletadas em reservas de Mata Atl\u00e2ntica e Cerrado do Estado de S\u00e3o Paulo, usando tecnologia de extra\u00e7\u00e3o autom\u00e1tica. Os extratos obtidos comp\u00f5em a cole\u00e7\u00e3o denominada de \u201cExtratoteca\u201d (cole\u00e7\u00e3o de extratos) e s\u00e3o avaliados atrav\u00e9s de bioensaios de [&hellip;]<\/p>\n","protected":false},"author":39,"featured_media":0,"parent":198,"menu_order":0,"comment_status":"closed","ping_status":"closed","template":"","meta":[],"_links":{"self":[{"href":"https:\/\/www.infraestruturameioambiente.sp.gov.br\/institutodebotanica\/wp-json\/wp\/v2\/pages\/17221"}],"collection":[{"href":"https:\/\/www.infraestruturameioambiente.sp.gov.br\/institutodebotanica\/wp-json\/wp\/v2\/pages"}],"about":[{"href":"https:\/\/www.infraestruturameioambiente.sp.gov.br\/institutodebotanica\/wp-json\/wp\/v2\/types\/page"}],"author":[{"embeddable":true,"href":"https:\/\/www.infraestruturameioambiente.sp.gov.br\/institutodebotanica\/wp-json\/wp\/v2\/users\/39"}],"replies":[{"embeddable":true,"href":"https:\/\/www.infraestruturameioambiente.sp.gov.br\/institutodebotanica\/wp-json\/wp\/v2\/comments?post=17221"}],"version-history":[{"count":4,"href":"https:\/\/www.infraestruturameioambiente.sp.gov.br\/institutodebotanica\/wp-json\/wp\/v2\/pages\/17221\/revisions"}],"predecessor-version":[{"id":17233,"href":"https:\/\/www.infraestruturameioambiente.sp.gov.br\/institutodebotanica\/wp-json\/wp\/v2\/pages\/17221\/revisions\/17233"}],"up":[{"embeddable":true,"href":"https:\/\/www.infraestruturameioambiente.sp.gov.br\/institutodebotanica\/wp-json\/wp\/v2\/pages\/198"}],"wp:attachment":[{"href":"https:\/\/www.infraestruturameioambiente.sp.gov.br\/institutodebotanica\/wp-json\/wp\/v2\/media?parent=17221"}],"curies":[{"name":"wp","href":"https:\/\/api.w.org\/{rel}","templated":true}]}}