{"id":17205,"date":"2014-06-13T11:15:26","date_gmt":"2014-06-13T14:15:26","guid":{"rendered":"https:\/\/www.infraestruturameioambiente.sp.gov.br\/institutodebotanica\/?page_id=17205"},"modified":"2014-06-13T11:17:18","modified_gmt":"2014-06-13T14:17:18","slug":"fisiologia-laboratorios-de-bioquimica-e-biologia-molecular","status":"publish","type":"page","link":"https:\/\/www.infraestruturameioambiente.sp.gov.br\/institutodebotanica\/fisiologia\/fisiologia-laboratorios-de-bioquimica-e-biologia-molecular\/","title":{"rendered":"Fisiologia &#8211; Laborat\u00f3rios de Bioqu\u00edmica e Biologia Molecular"},"content":{"rendered":"<div class=\"wc-gallery\"><div id='gallery-1' data-gutter-width='5' data-columns='1' class='gallery wc-gallery-captions-onhover gallery-link-file gallery-masonry galleryid-17205 gallery-columns-1 gallery-size-thumbnail wc-gallery-bottomspace-default wc-gallery-clear'><div class='gallery-item gallery-item-position-1 gallery-item-attachment-17206'>\n\t\t\t\t<div class='gallery-icon landscape'>\n\t\t\t\t\t<a href='https:\/\/www.infraestruturameioambiente.sp.gov.br\/institutodebotanica\/wp-content\/uploads\/sites\/235\/2014\/06\/fisiologia_img6-600x468.jpg' title='fisiologia_img6' target='_self'><img width=\"150\" height=\"150\" src=\"https:\/\/www.infraestruturameioambiente.sp.gov.br\/institutodebotanica\/wp-content\/uploads\/sites\/235\/2014\/06\/fisiologia_img6-150x150.jpg\" class=\"attachment-thumbnail size-thumbnail\" alt=\"\" decoding=\"async\" loading=\"lazy\" \/><\/a>\n\t\t\t\t<\/div><\/div><div class='gallery-item gallery-item-position-2 gallery-item-attachment-17207'>\n\t\t\t\t<div class='gallery-icon landscape'>\n\t\t\t\t\t<a href='https:\/\/www.infraestruturameioambiente.sp.gov.br\/institutodebotanica\/wp-content\/uploads\/sites\/235\/2014\/06\/fisiologia_img7-600x416.jpg' title='fisiologia_img7' target='_self'><img width=\"150\" height=\"150\" src=\"https:\/\/www.infraestruturameioambiente.sp.gov.br\/institutodebotanica\/wp-content\/uploads\/sites\/235\/2014\/06\/fisiologia_img7-150x150.jpg\" class=\"attachment-thumbnail size-thumbnail\" alt=\"\" decoding=\"async\" loading=\"lazy\" \/><\/a>\n\t\t\t\t<\/div><\/div><div class='gallery-item gallery-item-position-3 gallery-item-attachment-17208'>\n\t\t\t\t<div class='gallery-icon landscape'>\n\t\t\t\t\t<a href='https:\/\/www.infraestruturameioambiente.sp.gov.br\/institutodebotanica\/wp-content\/uploads\/sites\/235\/2014\/06\/fisiologia_img8-600x416.jpg' title='fisiologia_img8' target='_self'><img width=\"150\" height=\"150\" src=\"https:\/\/www.infraestruturameioambiente.sp.gov.br\/institutodebotanica\/wp-content\/uploads\/sites\/235\/2014\/06\/fisiologia_img8-150x150.jpg\" class=\"attachment-thumbnail size-thumbnail\" alt=\"\" decoding=\"async\" loading=\"lazy\" \/><\/a>\n\t\t\t\t<\/div><\/div><div class='gallery-item gallery-item-position-4 gallery-item-attachment-17209'>\n\t\t\t\t<div class='gallery-icon landscape'>\n\t\t\t\t\t<a href='https:\/\/www.infraestruturameioambiente.sp.gov.br\/institutodebotanica\/wp-content\/uploads\/sites\/235\/2014\/06\/fisiologia_img9-600x416.jpg' title='fisiologia_img9' target='_self'><img width=\"150\" height=\"150\" src=\"https:\/\/www.infraestruturameioambiente.sp.gov.br\/institutodebotanica\/wp-content\/uploads\/sites\/235\/2014\/06\/fisiologia_img9-150x150.jpg\" class=\"attachment-thumbnail size-thumbnail\" alt=\"\" decoding=\"async\" loading=\"lazy\" \/><\/a>\n\t\t\t\t<\/div><\/div><div class='gallery-item gallery-item-position-5 gallery-item-attachment-17210'>\n\t\t\t\t<div class='gallery-icon landscape'>\n\t\t\t\t\t<a href='https:\/\/www.infraestruturameioambiente.sp.gov.br\/institutodebotanica\/wp-content\/uploads\/sites\/235\/2014\/06\/fisiologia_img10-600x416.jpg' title='fisiologia_img10' target='_self'><img width=\"150\" height=\"150\" src=\"https:\/\/www.infraestruturameioambiente.sp.gov.br\/institutodebotanica\/wp-content\/uploads\/sites\/235\/2014\/06\/fisiologia_img10-150x150.jpg\" class=\"attachment-thumbnail size-thumbnail\" alt=\"\" decoding=\"async\" loading=\"lazy\" \/><\/a>\n\t\t\t\t<\/div><\/div><\/div>\n<\/div>\n<p style=\"text-align: justify\">O N\u00facleo de Fisiologia e Bioqu\u00edmica conta com um grande laborat\u00f3rio central, o Laborat\u00f3rio de Bioqu\u00edmica de Carboidratos \u201cS\u00f4nia Machado de Campo Dietrich\u201d, cujo nome homenageia uma brilhante cientista, fundadora das diversas linhas de pesquisa nele desenvolvidas.<\/p>\n<p style=\"text-align: justify\">Este laborat\u00f3rio principal conta com equipamentos anal\u00edticos de ponta, como cromat\u00f3grafo l\u00edquido para an\u00e1lise de carboidratos e amino\u00e1cidos, cromat\u00f3grafo a g\u00e1s para an\u00e1lises de perfil metab\u00f3lico, al\u00e9m dos equipamentos rotineiros de laborat\u00f3rios de bioqu\u00edmica, como liofilizadores, concentradores a v\u00e1cuo, pHmetros, espectrofot\u00f4metros, centr\u00edfugas, capelas, autoclaves, etc. Neste laborat\u00f3rio s\u00e3o analisadas as respostas bioqu\u00edmicas de plantas nativas frente \u00e0s altera\u00e7\u00f5es ambientais, com foco nas altera\u00e7\u00f5es quantitativas e qualitativas de carboidratos sol\u00faveis e de parede celular.<\/p>\n<p style=\"text-align: justify\">O Laborat\u00f3rio de Biologia Molecular, instalado no mesmo pr\u00e9dio, conta com termociclador tradicional e em tempo real, cubas de eletroforese, fotodocumentador, etc. Esta infraestrutura \u00e9 utilizada em an\u00e1lises de express\u00e3o g\u00eanica e estudos de diversidade gen\u00e9tica de popula\u00e7\u00f5es.<\/p>\n","protected":false},"excerpt":{"rendered":"<p>O N\u00facleo de Fisiologia e Bioqu\u00edmica conta com um grande laborat\u00f3rio central, o Laborat\u00f3rio de Bioqu\u00edmica de Carboidratos \u201cS\u00f4nia Machado de Campo Dietrich\u201d, cujo nome homenageia uma brilhante cientista, fundadora das diversas linhas de pesquisa nele desenvolvidas. Este laborat\u00f3rio principal conta com equipamentos anal\u00edticos de ponta, como cromat\u00f3grafo l\u00edquido para an\u00e1lise de carboidratos e amino\u00e1cidos, [&hellip;]<\/p>\n","protected":false},"author":39,"featured_media":0,"parent":198,"menu_order":0,"comment_status":"closed","ping_status":"closed","template":"","meta":[],"_links":{"self":[{"href":"https:\/\/www.infraestruturameioambiente.sp.gov.br\/institutodebotanica\/wp-json\/wp\/v2\/pages\/17205"}],"collection":[{"href":"https:\/\/www.infraestruturameioambiente.sp.gov.br\/institutodebotanica\/wp-json\/wp\/v2\/pages"}],"about":[{"href":"https:\/\/www.infraestruturameioambiente.sp.gov.br\/institutodebotanica\/wp-json\/wp\/v2\/types\/page"}],"author":[{"embeddable":true,"href":"https:\/\/www.infraestruturameioambiente.sp.gov.br\/institutodebotanica\/wp-json\/wp\/v2\/users\/39"}],"replies":[{"embeddable":true,"href":"https:\/\/www.infraestruturameioambiente.sp.gov.br\/institutodebotanica\/wp-json\/wp\/v2\/comments?post=17205"}],"version-history":[{"count":2,"href":"https:\/\/www.infraestruturameioambiente.sp.gov.br\/institutodebotanica\/wp-json\/wp\/v2\/pages\/17205\/revisions"}],"predecessor-version":[{"id":17212,"href":"https:\/\/www.infraestruturameioambiente.sp.gov.br\/institutodebotanica\/wp-json\/wp\/v2\/pages\/17205\/revisions\/17212"}],"up":[{"embeddable":true,"href":"https:\/\/www.infraestruturameioambiente.sp.gov.br\/institutodebotanica\/wp-json\/wp\/v2\/pages\/198"}],"wp:attachment":[{"href":"https:\/\/www.infraestruturameioambiente.sp.gov.br\/institutodebotanica\/wp-json\/wp\/v2\/media?parent=17205"}],"curies":[{"name":"wp","href":"https:\/\/api.w.org\/{rel}","templated":true}]}}