{"id":164,"date":"2011-11-10T18:37:49","date_gmt":"2011-11-10T18:37:49","guid":{"rendered":"https:\/\/www.infraestruturameioambiente.sp.gov.br\/institutodebotanica\/?page_id=164"},"modified":"2016-10-05T09:57:54","modified_gmt":"2016-10-05T12:57:54","slug":"jardim-escola","status":"publish","type":"page","link":"https:\/\/www.infraestruturameioambiente.sp.gov.br\/institutodebotanica\/instituto-2\/cursos\/jardim-escola\/","title":{"rendered":"Jardim Escola"},"content":{"rendered":"<p style=\"text-align: justify\">O Curso de Capacita\u00e7\u00e3o em T\u00e9cnicas Profissionais de Jardinagem &#8211; Programa Jardim Escola tem por objetivo a capacita\u00e7\u00e3o profissional em Jardinagem e Horticultura de cidad\u00e3os de baixa renda e desempregados, moradores da regi\u00e3o metropolitana de S\u00e3o Paulo e, em especial, do entorno do Parque Estadual das Fontes do Ipiranga (PEFI), onde est\u00e1 localizado o Instituto de Bot\u00e2nica e o Jardim Bot\u00e2nico de S\u00e3o Paulo.<\/p>\n<p style=\"text-align: justify\">A parceria com o Fundo Social de Solidariedade viabilizou as cinco primeiras turmas de alunos (2004-2006). A parceria com a Associa\u00e7\u00e3o para Valoriza\u00e7\u00e3o de Pessoas com Defici\u00eancia &#8211; AVAPE possibilitou os cursos posteriores (6\u00ba ao 13\u00ba curso, 2007-2011). Desde 2012, passamos a ter turmas mistas, formadas por alunos com defici\u00eancia, selecionados pela AVAPE e por alunos sem defici\u00eancia, selecionados pelo Centro de Esporte, Cultura e Lazer (CECL) Parque Estadual das Fontes do Ipiranga (PEFI), ent\u00e3o da Secretaria de Desenvolvimento Social (14\u00ba e 15\u00ba cursos) e pelo Instituto de Bot\u00e2nica (a partir do 16\u00ba curso). At\u00e9 o momento, o Programa j\u00e1 formou 372 jardineiros (133 com defici\u00eancia e 239 sem defici\u00eancia), em 22 cursos.<\/p>\n<p style=\"text-align: justify\">O Curso \u00e9 ministrado por t\u00e9cnicos e pesquisadores do Instituto de Bot\u00e2nica e outros profissionais convidados que, por meio de aulas te\u00f3ricas e pr\u00e1ticas, formam profissionais capazes de atuar no mercado de trabalho, como jardineiros. As aulas s\u00e3o realizadas no N\u00facleo de Pesquisa &#8211; Orquid\u00e1rio do Estado, em outros N\u00facleos e nos locais com vegeta\u00e7\u00e3o do Instituto de Bot\u00e2nica de S\u00e3o Paulo, de segunda \u00e0 sexta-feira, durante cerca de cinco semanas.<\/p>\n<p style=\"text-align: center\"><strong>Mais informa\u00e7\u00f5es:<\/strong><br \/>\nInstituto de Bot\u00e2nica de S\u00e3o Paulo<br \/>\n<strong>Fone:<\/strong>\u00a0(0xx11) 5067-6016 (Dinorah), 5067-6116 (Sandra)<\/p>\n<p>&nbsp;<\/p>\n","protected":false},"excerpt":{"rendered":"<p>O Curso de Capacita\u00e7\u00e3o em T\u00e9cnicas Profissionais de Jardinagem &#8211; Programa Jardim Escola tem por objetivo a capacita\u00e7\u00e3o profissional em Jardinagem e Horticultura de cidad\u00e3os de baixa renda e desempregados, moradores da regi\u00e3o metropolitana de S\u00e3o Paulo e, em especial, do entorno do Parque Estadual das Fontes do Ipiranga (PEFI), onde est\u00e1 localizado o Instituto [&hellip;]<\/p>\n","protected":false},"author":1,"featured_media":0,"parent":2344,"menu_order":0,"comment_status":"open","ping_status":"open","template":"","meta":[],"_links":{"self":[{"href":"https:\/\/www.infraestruturameioambiente.sp.gov.br\/institutodebotanica\/wp-json\/wp\/v2\/pages\/164"}],"collection":[{"href":"https:\/\/www.infraestruturameioambiente.sp.gov.br\/institutodebotanica\/wp-json\/wp\/v2\/pages"}],"about":[{"href":"https:\/\/www.infraestruturameioambiente.sp.gov.br\/institutodebotanica\/wp-json\/wp\/v2\/types\/page"}],"author":[{"embeddable":true,"href":"https:\/\/www.infraestruturameioambiente.sp.gov.br\/institutodebotanica\/wp-json\/wp\/v2\/users\/1"}],"replies":[{"embeddable":true,"href":"https:\/\/www.infraestruturameioambiente.sp.gov.br\/institutodebotanica\/wp-json\/wp\/v2\/comments?post=164"}],"version-history":[{"count":34,"href":"https:\/\/www.infraestruturameioambiente.sp.gov.br\/institutodebotanica\/wp-json\/wp\/v2\/pages\/164\/revisions"}],"predecessor-version":[{"id":20186,"href":"https:\/\/www.infraestruturameioambiente.sp.gov.br\/institutodebotanica\/wp-json\/wp\/v2\/pages\/164\/revisions\/20186"}],"up":[{"embeddable":true,"href":"https:\/\/www.infraestruturameioambiente.sp.gov.br\/institutodebotanica\/wp-json\/wp\/v2\/pages\/2344"}],"wp:attachment":[{"href":"https:\/\/www.infraestruturameioambiente.sp.gov.br\/institutodebotanica\/wp-json\/wp\/v2\/media?parent=164"}],"curies":[{"name":"wp","href":"https:\/\/api.w.org\/{rel}","templated":true}]}}