{"id":15992,"date":"2014-02-24T16:50:19","date_gmt":"2014-02-24T19:50:19","guid":{"rendered":"https:\/\/www.infraestruturameioambiente.sp.gov.br\/institutodebotanica\/?page_id=15992"},"modified":"2017-12-07T13:48:14","modified_gmt":"2017-12-07T15:48:14","slug":"pesquisadores-nucle-anatomia","status":"publish","type":"page","link":"https:\/\/www.infraestruturameioambiente.sp.gov.br\/institutodebotanica\/pesquisadores-nucle-anatomia\/","title":{"rendered":"Pesquisadores &#8211; N\u00facleo de Pesquisa em Anatomia"},"content":{"rendered":"<p>&nbsp;<\/p>\n<p style=\"text-align: justify\"><img decoding=\"async\" loading=\"lazy\" class=\"alignleft wp-image-15908 size-full\" src=\"https:\/\/www.infraestruturameioambiente.sp.gov.br\/institutodebotanica\/wp-content\/uploads\/sites\/235\/2013\/10\/semfoto.jpg\" alt=\"\" width=\"95\" height=\"99\" srcset=\"https:\/\/www.infraestruturameioambiente.sp.gov.br\/institutodebotanica\/wp-content\/uploads\/sites\/235\/2013\/10\/semfoto.jpg 95w, https:\/\/www.infraestruturameioambiente.sp.gov.br\/institutodebotanica\/wp-content\/uploads\/sites\/235\/2013\/10\/semfoto-93x97.jpg 93w, https:\/\/www.infraestruturameioambiente.sp.gov.br\/institutodebotanica\/wp-content\/uploads\/sites\/235\/2013\/10\/semfoto-65x68.jpg 65w, https:\/\/www.infraestruturameioambiente.sp.gov.br\/institutodebotanica\/wp-content\/uploads\/sites\/235\/2013\/10\/semfoto-67x70.jpg 67w\" sizes=\"(max-width: 95px) 100vw, 95px\" \/><strong>Dra. Adriana Hissae Hayashi<\/strong><\/p>\n<p style=\"text-align: justify\">Bacharel em Ci\u00eancias Biol\u00f3gicas pela Universidade Estadual Paulista &#8220;J\u00falio de Mesquita Filho&#8221; (1994), Mestre em Ci\u00eancias (Fisiologia e Bioqu\u00edmica de Plantas) pela Universidade de S\u00e3o Paulo (1998), Doutor em Biologia Vegetal pela Universidade Estadual de Campinas (2003) e est\u00e1gio de p\u00f3s-doutorado em Morfologia Vegetal pela Universidade de S\u00e3o Paulo (2006). Atualmente, \u00e9 Pesquisador Cient\u00edfico VI do N\u00facleo de Pesquisa em Anatomia do Instituto de Bot\u00e2nica (S\u00e3o Paulo) e Diretora do referido N\u00facleo desde 2012. Tem experi\u00eancia na \u00e1rea de Bot\u00e2nica, com \u00eanfase em Anatomia Vegetal, atuando principalmente nos seguintes temas: anatomia de \u00f3rg\u00e3os vegetativos, anatomia de \u00f3rg\u00e3os subterr\u00e2neos (xilop\u00f3dio, riz\u00f3foro, raiz tuberosa e raiz gem\u00edfera), histoqu\u00edmica, frutanos, Asteraceae e Cerrado.<span class=\"texto\">\u00a0<strong>(Texto informado pelo autor)<\/strong><\/span><\/p>\n<ul>\n<li style=\"text-align: justify\"><strong>E-mail:\u00a0<\/strong><a href=\"mailto:drishayashi@yahoo.com.br\">drishayashi@yahoo.com.br<\/a><\/li>\n<li><a href=\"http:\/\/lattes.cnpq.br\/9120259450784602\" target=\"_blank\" rel=\"noopener\">Curr\u00edculo Lattes<\/a><\/li>\n<\/ul>\n","protected":false},"excerpt":{"rendered":"<p>&nbsp; Dra. Adriana Hissae Hayashi Bacharel em Ci\u00eancias Biol\u00f3gicas pela Universidade Estadual Paulista &#8220;J\u00falio de Mesquita Filho&#8221; (1994), Mestre em Ci\u00eancias (Fisiologia e Bioqu\u00edmica de Plantas) pela Universidade de S\u00e3o Paulo (1998), Doutor em Biologia Vegetal pela Universidade Estadual de Campinas (2003) e est\u00e1gio de p\u00f3s-doutorado em Morfologia Vegetal pela Universidade de S\u00e3o Paulo (2006). [&hellip;]<\/p>\n","protected":false},"author":59,"featured_media":0,"parent":0,"menu_order":0,"comment_status":"closed","ping_status":"closed","template":"","meta":[],"_links":{"self":[{"href":"https:\/\/www.infraestruturameioambiente.sp.gov.br\/institutodebotanica\/wp-json\/wp\/v2\/pages\/15992"}],"collection":[{"href":"https:\/\/www.infraestruturameioambiente.sp.gov.br\/institutodebotanica\/wp-json\/wp\/v2\/pages"}],"about":[{"href":"https:\/\/www.infraestruturameioambiente.sp.gov.br\/institutodebotanica\/wp-json\/wp\/v2\/types\/page"}],"author":[{"embeddable":true,"href":"https:\/\/www.infraestruturameioambiente.sp.gov.br\/institutodebotanica\/wp-json\/wp\/v2\/users\/59"}],"replies":[{"embeddable":true,"href":"https:\/\/www.infraestruturameioambiente.sp.gov.br\/institutodebotanica\/wp-json\/wp\/v2\/comments?post=15992"}],"version-history":[{"count":13,"href":"https:\/\/www.infraestruturameioambiente.sp.gov.br\/institutodebotanica\/wp-json\/wp\/v2\/pages\/15992\/revisions"}],"predecessor-version":[{"id":21623,"href":"https:\/\/www.infraestruturameioambiente.sp.gov.br\/institutodebotanica\/wp-json\/wp\/v2\/pages\/15992\/revisions\/21623"}],"wp:attachment":[{"href":"https:\/\/www.infraestruturameioambiente.sp.gov.br\/institutodebotanica\/wp-json\/wp\/v2\/media?parent=15992"}],"curies":[{"name":"wp","href":"https:\/\/api.w.org\/{rel}","templated":true}]}}