{"id":28,"date":"2013-04-23T16:15:22","date_gmt":"2013-04-23T19:15:22","guid":{"rendered":"http:\/\/www.ambiente.sp.gov.br\/hoehnea\/?page_id=28"},"modified":"2023-07-10T09:06:49","modified_gmt":"2023-07-10T12:06:49","slug":"hoehnea","status":"publish","type":"page","link":"https:\/\/www.infraestruturameioambiente.sp.gov.br\/hoehnea\/","title":{"rendered":"Publica\u00e7\u00f5es &#8211; Hoehnea"},"content":{"rendered":"<p style=\"text-align: justify\">Hoehnea atualmente \u00e9 uma das revistas cient\u00edficas gerenciadas pelo N\u00facleo de Publica\u00e7\u00f5es Cient\u00edficas do Centro de Difus\u00e3o e Divulga\u00e7\u00e3o do Conhecimento, subordinado ao Departamento de Gest\u00e3o do Conhecimento do Instituto de Pesquisas Ambientais em S\u00e3o Paulo, SP.<\/p>\n<p style=\"text-align: justify\">Originalmente a revista foi criada pelo Instituto de Bot\u00e2nica em 1971, em substitui\u00e7\u00e3o aos Arquivos de Bot\u00e2nica do Estado de S\u00e3o Paulo. O nome Hoehnea \u00e9 uma homenagem ao bot\u00e2nico Frederico Carlos Hoehne, fundador e primeiro Diretor do Instituto de Bot\u00e2nica.<\/p>\n<p style=\"text-align: justify\">A revista Hoehnea apresenta um escopo amplo, publicando artigos cient\u00edficos originais, revis\u00f5es e notas cient\u00edficas em todas as \u00e1reas da Biologia Vegetal, tais como anatomia, biologia celular, biologia molecular, bioqu\u00edmica, ecologia, filogenia, fisiologia, gen\u00e9tica, morfologia, palinologia, taxonomia e etnobot\u00e2nica, em Portugu\u00eas, Espanhol ou Ingl\u00eas, contribuindo para ampliar os conhecimentos cient\u00edficos sobre o meio ambiente sob ponto de vista da Bot\u00e2nica e da Micologia, incluindo a transversalidade com as \u00e1reas de Biotecnologia e Inova\u00e7\u00e3o Tecnol\u00f3gica.<\/p>\n<p style=\"text-align: justify\">Trabalhos de revis\u00e3o s\u00e3o aceitos, a convite do Corpo Editorial, n\u00e3o devendo se restringir a compila\u00e7\u00f5es bibliogr\u00e1ficas, mas conter an\u00e1lise cr\u00edtica sobre determinado tema. As notas cient\u00edficas devem apresentar avan\u00e7os t\u00e9cnicos e\/ou cient\u00edficos relevantes.<\/p>\n<p style=\"text-align: justify\">Hoehnea \u00e9 publicada sob o modelo de Acesso Aberto (\u201cOpen Access\u201d), n\u00e3o havendo cobran\u00e7a de qualquer tipo de taxa para o processamento dos artigos. A tramita\u00e7\u00e3o dos manuscritos \u00e9 basicamente realizada em duas etapas: a) atrav\u00e9s do sistema ScholarOne, de forma totalmente digital e b) os artigos s\u00e3o publicados de forma cont\u00ednua durante o ano e divulgados no Portal de preprints do SciELO Brasil (<a href=\"https:\/\/preprints.scielo.org\/index.php\/scielo\">https:\/\/preprints.scielo.org\/index.php\/scielo<\/a>). ISSN da publica\u00e7\u00e3o online 2236-8906.<\/p>\n<p style=\"text-align: justify\">A Revista Hoehnea mant\u00e9m um programa associado \u00e0 plataforma editorial, que detecta pl\u00e1gio nos textos dos manuscritos, garantindo a originalidade e conduta \u00e9tica dos autores que publicam no peri\u00f3dico. Manuscritos com indica\u00e7\u00e3o de pl\u00e1gio s\u00e3o imediatamente retirados dos tr\u00e2mites para averigua\u00e7\u00e3o dos fatos.<\/p>\n<p style=\"text-align: justify\">Ao encaminhar um manuscrito, os autores devem estar cientes de que, se aprovado para publica\u00e7\u00e3o, os direitos autorais (\u201cC<em>opyright\u201d) <\/em>do artigo, incluindo os direitos de reprodu\u00e7\u00e3o em todas as m\u00eddias e formatos, dever\u00e3o ser concedidos exclusivamente para a revista Hoehnea. Todo o conte\u00fado do peri\u00f3dico, exceto onde est\u00e1 identificado, est\u00e1 licenciado sob uma <a href=\"http:\/\/creativecommons.org\/licenses\/by\/4.0\/deed.pt\">Licen\u00e7a Creative Commons<\/a>.<\/p>\n<p style=\"text-align: justify\">A revista Hoehnea est\u00e1 indexada no DOAJ- Directory of Open Access Journals (<a href=\"http:\/\/www.doaj.org\/\">http:\/\/www.doaj.org<\/a>), LATINDEX- Sistema Regional de Informaci\u00f3n em L\u00ednea para Revistas Cient\u00edficas de Am\u00e9rica Latina, el Caribe, Espa\u00f1a y Portugal (<a href=\"http:\/\/www.latindex.unam.mx\/\">www.latindex.unam.mx<\/a>) e no Web of Science\/Clarivate Analytics (<a href=\"https:\/\/clarivate.com\/webofsciencegroup\">https:\/\/clarivate.com\/webofsciencegroup<\/a>) e alcan\u00e7ou classifica\u00e7\u00e3o B1 no Qualis da CAPES no in\u00edcio de 2023.<\/p>\n<p style=\"text-align: justify\">O peri\u00f3dico est\u00e1 dispon\u00edvel online, em acesso aberto, desde o volume 29, no endere\u00e7o: <a href=\"https:\/\/www.infraestruturameioambiente.sp.gov.br\/hoehnea\/fasciculos\/\">https:\/\/www.infraestruturameioambiente.sp.gov.br\/hoehnea\/fasciculos\/<\/a>.<\/p>\n<p><strong>\u00a0<\/strong><\/p>\n<p>&nbsp;<\/p>\n<h5 style=\"text-align: center\"><\/h5>\n<h5 style=\"text-align: center\"><span style=\"color: #ff9900\"><a href=\"https:\/\/mc04.manuscriptcentral.com\/hoehnea-scielo\"><img decoding=\"async\" loading=\"lazy\" class=\"wp-image-2396 aligncenter\" src=\"https:\/\/smastr16.blob.core.windows.net\/hoehnea\/2019\/09\/download-320x124.png\" alt=\"\" width=\"351\" height=\"136\" srcset=\"https:\/\/smastr16.blob.core.windows.net\/hoehnea\/2019\/09\/download-320x124.png 320w, https:\/\/smastr16.blob.core.windows.net\/hoehnea\/2019\/09\/download-250x97.png 250w, https:\/\/smastr16.blob.core.windows.net\/hoehnea\/2019\/09\/download.png 360w\" sizes=\"(max-width: 351px) 100vw, 351px\" \/><\/a><\/span><span style=\"color: #ff9900\"><a style=\"color: #ff9900\" href=\"https:\/\/mc04.manuscriptcentral.com\/hoehnea-scielo\"><strong>ENTRE NO SITE DO SCHOLARONE<\/strong><\/a><\/span><\/h5>\n<p>&nbsp;<\/p>\n<p>&nbsp;<\/p>\n<p><strong>Acesse Hoehnea por outros canais:<\/strong><\/p>\n<p><a href=\"http:\/\/www.scielo.br\/scielo.php?script=sci_issues&amp;pid=2236-8906&amp;lng=pt&amp;nrm=iso\"><img decoding=\"async\" loading=\"lazy\" class=\"alignnone wp-image-2104\" src=\"https:\/\/smastr16.blob.core.windows.net\/hoehnea\/2013\/04\/scielo_hoehnea.png\" width=\"172\" height=\"60\" srcset=\"https:\/\/smastr16.blob.core.windows.net\/hoehnea\/2013\/04\/scielo_hoehnea.png 228w, https:\/\/smastr16.blob.core.windows.net\/hoehnea\/2013\/04\/scielo_hoehnea-768x269.png 768w\" sizes=\"(max-width: 172px) 100vw, 172px\" \/><\/a>\u00a0 \u00a0 \u00a0 \u00a0 \u00a0 \u00a0 \u00a0 \u00a0<a href=\"https:\/\/doaj.org\/\"><img decoding=\"async\" loading=\"lazy\" class=\"alignnone wp-image-2103\" src=\"https:\/\/smastr16.blob.core.windows.net\/hoehnea\/2013\/04\/doaj.png\" alt=\"\" width=\"172\" height=\"26\" \/><\/a><\/p>\n<p style=\"text-align: left\">\u00a0 \u00a0 \u00a0<a href=\"http:\/\/apps-webofknowledge.ez233.periodicos.capes.gov.br\/UA_GeneralSearch_input.do?product=UA&amp;SID=2FMRE5i2Xh74hDKgZzX&amp;search_mode=GeneralSearch\"><img decoding=\"async\" loading=\"lazy\" class=\"alignnone wp-image-2111\" src=\"https:\/\/smastr16.blob.core.windows.net\/hoehnea\/2013\/04\/wos-logo-320x192.png\" width=\"142\" height=\"57\" \/><\/a>\u00a0 \u00a0 \u00a0 \u00a0 \u00a0 \u00a0 \u00a0 \u00a0 \u00a0<a href=\"https:\/\/www.latindex.org\/latindex\/inicio\" target=\"_blank\" rel=\"noopener noreferrer\"><img decoding=\"async\" loading=\"lazy\" class=\"alignnone wp-image-2108\" src=\"https:\/\/smastr16.blob.core.windows.net\/hoehnea\/2013\/04\/latindex.png\" alt=\"\" width=\"188\" height=\"60\" \/><\/a><\/p>\n","protected":false},"excerpt":{"rendered":"<p>Hoehnea atualmente \u00e9 uma das revistas cient\u00edficas gerenciadas pelo N\u00facleo de Publica\u00e7\u00f5es Cient\u00edficas do Centro de Difus\u00e3o e Divulga\u00e7\u00e3o do Conhecimento, subordinado ao Departamento de Gest\u00e3o do Conhecimento do Instituto de Pesquisas Ambientais em S\u00e3o Paulo, SP. Originalmente a revista foi criada pelo Instituto de Bot\u00e2nica em 1971, em substitui\u00e7\u00e3o aos Arquivos de Bot\u00e2nica do [&hellip;]<\/p>\n","protected":false},"author":1,"featured_media":0,"parent":0,"menu_order":1,"comment_status":"closed","ping_status":"open","template":"","meta":[],"_links":{"self":[{"href":"https:\/\/www.infraestruturameioambiente.sp.gov.br\/hoehnea\/wp-json\/wp\/v2\/pages\/28"}],"collection":[{"href":"https:\/\/www.infraestruturameioambiente.sp.gov.br\/hoehnea\/wp-json\/wp\/v2\/pages"}],"about":[{"href":"https:\/\/www.infraestruturameioambiente.sp.gov.br\/hoehnea\/wp-json\/wp\/v2\/types\/page"}],"author":[{"embeddable":true,"href":"https:\/\/www.infraestruturameioambiente.sp.gov.br\/hoehnea\/wp-json\/wp\/v2\/users\/1"}],"replies":[{"embeddable":true,"href":"https:\/\/www.infraestruturameioambiente.sp.gov.br\/hoehnea\/wp-json\/wp\/v2\/comments?post=28"}],"version-history":[{"count":6,"href":"https:\/\/www.infraestruturameioambiente.sp.gov.br\/hoehnea\/wp-json\/wp\/v2\/pages\/28\/revisions"}],"predecessor-version":[{"id":2419,"href":"https:\/\/www.infraestruturameioambiente.sp.gov.br\/hoehnea\/wp-json\/wp\/v2\/pages\/28\/revisions\/2419"}],"wp:attachment":[{"href":"https:\/\/www.infraestruturameioambiente.sp.gov.br\/hoehnea\/wp-json\/wp\/v2\/media?parent=28"}],"curies":[{"name":"wp","href":"https:\/\/api.w.org\/{rel}","templated":true}]}}