{"id":34855,"date":"2022-05-04T18:36:54","date_gmt":"2022-05-04T21:36:54","guid":{"rendered":"https:\/\/www.infraestruturameioambiente.sp.gov.br\/editais\/?page_id=34855"},"modified":"2023-08-15T11:01:04","modified_gmt":"2023-08-15T14:01:04","slug":"papel-higienico-e-toalha-de-papel","status":"publish","type":"page","link":"https:\/\/www.infraestruturameioambiente.sp.gov.br\/editais\/documentos-de-instrucao\/papel-higienico-e-toalha-de-papel\/","title":{"rendered":"Papel Higi\u00eanico e Toalha de Papel"},"content":{"rendered":"<p><strong>Edital<\/strong><\/p>\n<ul>\n<li><a href=\"https:\/\/smastr16.blob.core.windows.net\/editais\/sites\/41\/2023\/06\/edital.pdf\"><span class=\"x_x_ContentPasted0 x_ContentPasted0\">06\/2023\/CACC-RP\u00a0<\/span><span class=\"x_ContentPasted0\">\u00a0<\/span><\/a><\/li>\n<\/ul>\n<p><strong>Parecer Jur\u00eddico<\/strong><\/p>\n<ul>\n<li><a href=\"https:\/\/smastr16.blob.core.windows.net\/editais\/sites\/41\/2023\/06\/parecer-cj.pdf\">Parecer CJ<\/a><\/li>\n<\/ul>\n<p><strong>Homologa\u00e7\u00e3o<\/strong><\/p>\n<ul>\n<li><a href=\"https:\/\/smastr16.blob.core.windows.net\/editais\/sites\/41\/2023\/06\/homologacao-e-doe.pdf\">Homologa\u00e7\u00e3o e DOE<\/a><\/li>\n<\/ul>\n<p><strong>Atas<\/strong><\/p>\n<ul>\n<li class=\"x_x_MsoNormal\"><a href=\"https:\/\/smastr16.blob.core.windows.net\/editais\/sites\/41\/2023\/06\/arp-16-2023-e-doe.pdf\"><span class=\"x_x_ContentPasted0 x_ContentPasted0\">ARP 16\/2023 e Extrato DOE<\/span><span class=\"x_ContentPasted0\">\u00a0<\/span><\/a><\/li>\n<li class=\"x_x_MsoNormal\"><a href=\"https:\/\/smastr16.blob.core.windows.net\/editais\/sites\/41\/2023\/06\/arp-18-2023-e-doe.pdf\"><span class=\"x_x_ContentPasted0 x_ContentPasted0\">ARP 18\/2023 e Extrato DOE<\/span><\/a><\/li>\n<\/ul>\n","protected":false},"excerpt":{"rendered":"<p>Edital 06\/2023\/CACC-RP\u00a0\u00a0 Parecer Jur\u00eddico Parecer CJ Homologa\u00e7\u00e3o Homologa\u00e7\u00e3o e DOE Atas ARP 16\/2023 e Extrato DOE\u00a0 ARP 18\/2023 e Extrato DOE<\/p>\n","protected":false},"author":4,"featured_media":0,"parent":26017,"menu_order":0,"comment_status":"closed","ping_status":"closed","template":"","meta":[],"_links":{"self":[{"href":"https:\/\/www.infraestruturameioambiente.sp.gov.br\/editais\/wp-json\/wp\/v2\/pages\/34855"}],"collection":[{"href":"https:\/\/www.infraestruturameioambiente.sp.gov.br\/editais\/wp-json\/wp\/v2\/pages"}],"about":[{"href":"https:\/\/www.infraestruturameioambiente.sp.gov.br\/editais\/wp-json\/wp\/v2\/types\/page"}],"author":[{"embeddable":true,"href":"https:\/\/www.infraestruturameioambiente.sp.gov.br\/editais\/wp-json\/wp\/v2\/users\/4"}],"replies":[{"embeddable":true,"href":"https:\/\/www.infraestruturameioambiente.sp.gov.br\/editais\/wp-json\/wp\/v2\/comments?post=34855"}],"version-history":[{"count":10,"href":"https:\/\/www.infraestruturameioambiente.sp.gov.br\/editais\/wp-json\/wp\/v2\/pages\/34855\/revisions"}],"predecessor-version":[{"id":37579,"href":"https:\/\/www.infraestruturameioambiente.sp.gov.br\/editais\/wp-json\/wp\/v2\/pages\/34855\/revisions\/37579"}],"up":[{"embeddable":true,"href":"https:\/\/www.infraestruturameioambiente.sp.gov.br\/editais\/wp-json\/wp\/v2\/pages\/26017"}],"wp:attachment":[{"href":"https:\/\/www.infraestruturameioambiente.sp.gov.br\/editais\/wp-json\/wp\/v2\/media?parent=34855"}],"curies":[{"name":"wp","href":"https:\/\/api.w.org\/{rel}","templated":true}]}}