{"id":34181,"date":"2021-10-21T18:19:09","date_gmt":"2021-10-21T21:19:09","guid":{"rendered":"https:\/\/www.infraestruturameioambiente.sp.gov.br\/editais\/?page_id=34181"},"modified":"2023-07-27T17:40:49","modified_gmt":"2023-07-27T20:40:49","slug":"artigos-de-escritorio","status":"publish","type":"page","link":"https:\/\/www.infraestruturameioambiente.sp.gov.br\/editais\/documentos-de-instrucao\/artigos-de-escritorio\/","title":{"rendered":"Artigos de Escrit\u00f3rio"},"content":{"rendered":"<p><strong>Edital<\/strong><\/p>\n<ul>\n<li><a href=\"https:\/\/smastr16.blob.core.windows.net\/editais\/sites\/41\/2023\/01\/edital-262022cacc-rp.pdf\">Edital 26\/2022\/CACC-RP<\/a><\/li>\n<\/ul>\n<p class=\"x_elementToProof\"><strong>Parecer Jur\u00eddico<\/strong><\/p>\n<ul>\n<li><a href=\"https:\/\/smastr16.blob.core.windows.net\/editais\/sites\/41\/2023\/01\/parecer-cj-262022cacc-rp.pdf\">Parecer CJ<\/a><\/li>\n<\/ul>\n<p><strong>Homologa\u00e7\u00e3o<\/strong><\/p>\n<div><\/div>\n<ul>\n<li><a href=\"https:\/\/smastr16.blob.core.windows.net\/editais\/sites\/41\/2023\/01\/homologacao-e-doe-262022cacc-rp.pdf\">Homologa\u00e7\u00e3o e DOE<\/a><\/li>\n<\/ul>\n<p><strong>Atas<\/strong><\/p>\n<ul>\n<li><a href=\"https:\/\/smastr16.blob.core.windows.net\/editais\/sites\/41\/2023\/01\/arp-53-2022-e-doe.pdf\">ARP 53\/2022 e Extrato<\/a>\n<ul>\n<li><a href=\"https:\/\/smastr16.blob.core.windows.net\/editais\/sites\/41\/2023\/05\/1a-pesquisa-trimestral-doe-53-2022.pdf\">1\u00aa Pesquisa Trimestral \u2013 DOE<\/a><\/li>\n<li><a href=\"https:\/\/smastr16.blob.core.windows.net\/editais\/sites\/41\/2023\/07\/2a-pesquisa-trimestral-doe-53-2022.pdf\">2\u00aa Pesquisa Trimestral \u2013 DOE<\/a><\/li>\n<\/ul>\n<\/li>\n<li><a href=\"https:\/\/smastr16.blob.core.windows.net\/editais\/sites\/41\/2023\/01\/arp-54-2022-e-doe.pdf\">ARP 54\/2022 e Extrato<\/a>\n<ul>\n<li><a href=\"https:\/\/smastr16.blob.core.windows.net\/editais\/sites\/41\/2023\/05\/1a-pesquisa-trimestral-doe-54-2022.pdf\">1\u00aa Pesquisa Trimestral \u2013 DOE<\/a><\/li>\n<li><a href=\"https:\/\/smastr16.blob.core.windows.net\/editais\/sites\/41\/2023\/07\/2a-pesquisa-trimestral-doe-54-2022.pdf\">2\u00aa Pesquisa Trimestral \u2013 DOE<\/a><\/li>\n<\/ul>\n<\/li>\n<li><span class=\"x_ContentPasted1\"><span class=\"x_ContentPasted2\"><a href=\"https:\/\/smastr16.blob.core.windows.net\/editais\/sites\/41\/2023\/01\/arp-55-2022-e-doe.pdf\">ARP 55\/2022 e Extrato<\/a><\/span><\/span>\n<ul>\n<li><a href=\"https:\/\/smastr16.blob.core.windows.net\/editais\/sites\/41\/2023\/05\/1a-pesquisa-trimestral-doe-55-2022.pdf\">1\u00aa Pesquisa Trimestral \u2013 DOE<\/a><\/li>\n<li><a href=\"https:\/\/smastr16.blob.core.windows.net\/editais\/sites\/41\/2023\/07\/2a-pesquisa-trimestral-doe-55-2022.pdf\">2\u00aa Pesquisa Trimestral \u2013 DOE<\/a><\/li>\n<\/ul>\n<\/li>\n<li><a href=\"https:\/\/smastr16.blob.core.windows.net\/editais\/sites\/41\/2023\/01\/arp-56-2022-e-doe.pdf\">ARP 56\/2022 e Extrato<\/a>\n<ul>\n<li><a href=\"https:\/\/smastr16.blob.core.windows.net\/editais\/sites\/41\/2023\/05\/1a-pesquisa-trimestral-doe-56-2022.pdf\">1\u00aa Pesquisa Trimestral \u2013 DOE<\/a><\/li>\n<li><a href=\"https:\/\/smastr16.blob.core.windows.net\/editais\/sites\/41\/2023\/07\/2a-pesquisa-trimestral-doe-56-2022.pdf\">2\u00aa Pesquisa Trimestral \u2013 DOE<\/a><\/li>\n<\/ul>\n<\/li>\n<li><a href=\"https:\/\/smastr16.blob.core.windows.net\/editais\/sites\/41\/2023\/01\/arp-57-2022-e-doe.pdf\">ARP 57\/2022 e Extrato<\/a>\n<ul>\n<li><a href=\"https:\/\/smastr16.blob.core.windows.net\/editais\/sites\/41\/2023\/05\/1a-pesquisa-trimestral-doe-57-2022.pdf\">1\u00aa Pesquisa Trimestral \u2013 DOE<\/a><\/li>\n<li><a href=\"https:\/\/smastr16.blob.core.windows.net\/editais\/sites\/41\/2023\/07\/2a-pesquisa-trimestral-doe-57-2022.pdf\">2\u00aa Pesquisa Trimestral \u2013 DOE<\/a><\/li>\n<\/ul>\n<\/li>\n<li><a href=\"https:\/\/smastr16.blob.core.windows.net\/editais\/sites\/41\/2023\/01\/arp-58-2022-e-doe.pdf\">ARP 58\/2022 e Extrato<\/a>\n<ul>\n<li><a href=\"https:\/\/smastr16.blob.core.windows.net\/editais\/sites\/41\/2023\/05\/1a-pesquisa-trimestral-doe-58-2022.pdf\">1\u00aa Pesquisa Trimestral \u2013 DOE<\/a><\/li>\n<li><a href=\"https:\/\/smastr16.blob.core.windows.net\/editais\/sites\/41\/2023\/07\/2a-pesquisa-trimestral-doe-58-2022.pdf\">2\u00aa Pesquisa Trimestral \u2013 DOE<\/a><\/li>\n<\/ul>\n<\/li>\n<li class=\"x_elementToProof\"><a href=\"https:\/\/smastr16.blob.core.windows.net\/editais\/sites\/41\/2023\/01\/arp-59-2022-e-doe.pdf\">ARP 59\/2022 e Extrato<\/a>\n<ul>\n<li><a href=\"https:\/\/smastr16.blob.core.windows.net\/editais\/sites\/41\/2023\/05\/1a-pesquisa-trimestral-doe-59-2022.pdf\">1\u00aa Pesquisa Trimestral \u2013 DOE<\/a><\/li>\n<li><a href=\"https:\/\/smastr16.blob.core.windows.net\/editais\/sites\/41\/2023\/07\/2a-pesquisa-trimestral-doe-59-2022.pdf\">2\u00aa Pesquisa Trimestral \u2013 DOE<\/a><\/li>\n<\/ul>\n<\/li>\n<\/ul>\n","protected":false},"excerpt":{"rendered":"<p>Edital Edital 26\/2022\/CACC-RP Parecer Jur\u00eddico Parecer CJ Homologa\u00e7\u00e3o Homologa\u00e7\u00e3o e DOE Atas ARP 53\/2022 e Extrato 1\u00aa Pesquisa Trimestral \u2013 DOE 2\u00aa Pesquisa Trimestral \u2013 DOE ARP 54\/2022 e Extrato 1\u00aa Pesquisa Trimestral \u2013 DOE 2\u00aa Pesquisa Trimestral \u2013 DOE ARP 55\/2022 e Extrato 1\u00aa Pesquisa Trimestral \u2013 DOE 2\u00aa Pesquisa Trimestral \u2013 DOE ARP [&hellip;]<\/p>\n","protected":false},"author":4,"featured_media":0,"parent":26017,"menu_order":0,"comment_status":"closed","ping_status":"closed","template":"","meta":[],"_links":{"self":[{"href":"https:\/\/www.infraestruturameioambiente.sp.gov.br\/editais\/wp-json\/wp\/v2\/pages\/34181"}],"collection":[{"href":"https:\/\/www.infraestruturameioambiente.sp.gov.br\/editais\/wp-json\/wp\/v2\/pages"}],"about":[{"href":"https:\/\/www.infraestruturameioambiente.sp.gov.br\/editais\/wp-json\/wp\/v2\/types\/page"}],"author":[{"embeddable":true,"href":"https:\/\/www.infraestruturameioambiente.sp.gov.br\/editais\/wp-json\/wp\/v2\/users\/4"}],"replies":[{"embeddable":true,"href":"https:\/\/www.infraestruturameioambiente.sp.gov.br\/editais\/wp-json\/wp\/v2\/comments?post=34181"}],"version-history":[{"count":12,"href":"https:\/\/www.infraestruturameioambiente.sp.gov.br\/editais\/wp-json\/wp\/v2\/pages\/34181\/revisions"}],"predecessor-version":[{"id":37519,"href":"https:\/\/www.infraestruturameioambiente.sp.gov.br\/editais\/wp-json\/wp\/v2\/pages\/34181\/revisions\/37519"}],"up":[{"embeddable":true,"href":"https:\/\/www.infraestruturameioambiente.sp.gov.br\/editais\/wp-json\/wp\/v2\/pages\/26017"}],"wp:attachment":[{"href":"https:\/\/www.infraestruturameioambiente.sp.gov.br\/editais\/wp-json\/wp\/v2\/media?parent=34181"}],"curies":[{"name":"wp","href":"https:\/\/api.w.org\/{rel}","templated":true}]}}