{"id":33958,"date":"2021-08-19T12:27:15","date_gmt":"2021-08-19T15:27:15","guid":{"rendered":"https:\/\/www.infraestruturameioambiente.sp.gov.br\/editais\/?page_id=33958"},"modified":"2023-06-28T10:14:31","modified_gmt":"2023-06-28T13:14:31","slug":"copos-de-papel","status":"publish","type":"page","link":"https:\/\/www.infraestruturameioambiente.sp.gov.br\/editais\/copos-de-papel\/","title":{"rendered":"Copos de Papel"},"content":{"rendered":"<p><strong>Edital<\/strong><\/p>\n<ul>\n<li class=\"x_x_MsoNormal x_elementToProof\"><a href=\"https:\/\/smastr16.blob.core.windows.net\/editais\/sites\/41\/2022\/10\/edital-6.pdf\">21\/2022\/CACC-RP\u00a0\u00a0<\/a><\/li>\n<\/ul>\n<p><strong>Parecer Jur\u00eddico<\/strong><\/p>\n<ul>\n<li><a href=\"https:\/\/smastr16.blob.core.windows.net\/editais\/sites\/41\/2022\/10\/parecer-cj-1.pdf\">Parecer CJ <\/a><\/li>\n<\/ul>\n<p><strong>Homologa\u00e7\u00e3o<\/strong><\/p>\n<ul>\n<li><a href=\"https:\/\/smastr16.blob.core.windows.net\/editais\/sites\/41\/2022\/10\/homologacao-e-doe-1.pdf\">Homologa\u00e7\u00e3o e DOE<\/a><\/li>\n<\/ul>\n<p><strong>Ata<\/strong><\/p>\n<ul>\n<li><a href=\"https:\/\/smastr16.blob.core.windows.net\/editais\/sites\/41\/2022\/10\/arp-47-2022-e-doe.pdf\">ARP 47\/2022 e Extrato DOE\u00a0<\/a>\n<ul>\n<li><a href=\"https:\/\/smastr16.blob.core.windows.net\/editais\/sites\/41\/2022\/12\/1a-pesquisa-trimestral-doe-arp-47-2022.pdf\">1\u00aa Pesquisa Trimestral \u2013 DOE<\/a><\/li>\n<li><a href=\"https:\/\/smastr16.blob.core.windows.net\/editais\/sites\/41\/2023\/04\/arp-47-copo-de-papel-2a-pesquisa-doe.pdf\">2\u00aa Pesquisa Trimestral \u2013 DOE<\/a><\/li>\n<li><a href=\"https:\/\/smastr16.blob.core.windows.net\/editais\/sites\/41\/2023\/06\/3a-pesquisa-trimestral-doe-arp-47-2022.pdf\">3\u00aa Pesquisa Trimestral &#8211; DOE\u00a0<\/a><\/li>\n<\/ul>\n<\/li>\n<li class=\"x_x_MsoNormal x_elementToProof\"><a href=\"https:\/\/smastr16.blob.core.windows.net\/editais\/sites\/41\/2022\/10\/arp-48-2022-e-doe.pdf\">ARP 48\/2022 e Extrato DOE<\/a>\n<ul>\n<li class=\"x_x_MsoNormal x_elementToProof\"><a href=\"https:\/\/smastr16.blob.core.windows.net\/editais\/sites\/41\/2022\/12\/1a-pesquisa-trimestral-doe-arp-48-2022.pdf\">1\u00aa Pesquisa Trimestral \u2013 DOE<\/a><\/li>\n<li><a href=\"https:\/\/smastr16.blob.core.windows.net\/editais\/sites\/41\/2023\/04\/arp-48-copo-de-papel-2a-pesquisa-doe.pdf\">2\u00aa Pesquisa Trimestral \u2013 DOE<\/a><\/li>\n<li><a href=\"https:\/\/smastr16.blob.core.windows.net\/editais\/sites\/41\/2023\/06\/3a-pesquisa-trimestral-doe-arp-48-2022.pdf\">3\u00aa Pesquisa Trimestral \u2013 DOE<\/a><\/li>\n<\/ul>\n<\/li>\n<\/ul>\n","protected":false},"excerpt":{"rendered":"<p>Edital 21\/2022\/CACC-RP\u00a0\u00a0 Parecer Jur\u00eddico Parecer CJ Homologa\u00e7\u00e3o Homologa\u00e7\u00e3o e DOE Ata ARP 47\/2022 e Extrato DOE\u00a0 1\u00aa Pesquisa Trimestral \u2013 DOE 2\u00aa Pesquisa Trimestral \u2013 DOE 3\u00aa Pesquisa Trimestral &#8211; DOE\u00a0 ARP 48\/2022 e Extrato DOE 1\u00aa Pesquisa Trimestral \u2013 DOE 2\u00aa Pesquisa Trimestral \u2013 DOE 3\u00aa Pesquisa Trimestral \u2013 DOE<\/p>\n","protected":false},"author":4,"featured_media":0,"parent":0,"menu_order":0,"comment_status":"closed","ping_status":"closed","template":"","meta":[],"_links":{"self":[{"href":"https:\/\/www.infraestruturameioambiente.sp.gov.br\/editais\/wp-json\/wp\/v2\/pages\/33958"}],"collection":[{"href":"https:\/\/www.infraestruturameioambiente.sp.gov.br\/editais\/wp-json\/wp\/v2\/pages"}],"about":[{"href":"https:\/\/www.infraestruturameioambiente.sp.gov.br\/editais\/wp-json\/wp\/v2\/types\/page"}],"author":[{"embeddable":true,"href":"https:\/\/www.infraestruturameioambiente.sp.gov.br\/editais\/wp-json\/wp\/v2\/users\/4"}],"replies":[{"embeddable":true,"href":"https:\/\/www.infraestruturameioambiente.sp.gov.br\/editais\/wp-json\/wp\/v2\/comments?post=33958"}],"version-history":[{"count":12,"href":"https:\/\/www.infraestruturameioambiente.sp.gov.br\/editais\/wp-json\/wp\/v2\/pages\/33958\/revisions"}],"predecessor-version":[{"id":36407,"href":"https:\/\/www.infraestruturameioambiente.sp.gov.br\/editais\/wp-json\/wp\/v2\/pages\/33958\/revisions\/36407"}],"wp:attachment":[{"href":"https:\/\/www.infraestruturameioambiente.sp.gov.br\/editais\/wp-json\/wp\/v2\/media?parent=33958"}],"curies":[{"name":"wp","href":"https:\/\/api.w.org\/{rel}","templated":true}]}}